{"id":1044,"date":"2021-11-29T13:29:42","date_gmt":"2021-11-29T13:29:42","guid":{"rendered":"https:\/\/www.pratikmagazam.com\/?post_type=product&#038;p=1044"},"modified":"2026-01-17T18:55:27","modified_gmt":"2026-01-17T18:55:27","slug":"erkek-bayan-tabanlik-gizli-topuk-dikeni-yastigi-boy-uzatici-silikon-ortopedik","status":"publish","type":"product","link":"https:\/\/www.peraavm.com\/index.php\/urun\/erkek-bayan-tabanlik-gizli-topuk-dikeni-yastigi-boy-uzatici-silikon-ortopedik\/","title":{"rendered":"Erkek, Bayan  Tabanl\u0131k Gizli Topuk Dikeni Yast\u0131\u011f\u0131 Boy Uzat\u0131c\u0131 Silikon Ortopedik"},"content":{"rendered":"<ul class=\"detail-desc-list\">\n<li class=\"detail-desc-item\">\u015eeffaf topuk dikeni yast\u0131\u011f\u0131 tabanl\u0131k Ayak taban\u0131 rahats\u0131zl\u0131klar\u0131nda kullanaca\u011f\u0131n\u0131z silikon yast\u0131k! \u00d6zelikle topuk dikeni rahats\u0131zl\u0131\u011f\u0131 bulunanlar\u0131n kullanmas\u0131 gereken bir \u00fcr\u00fcnd\u00fcr. Elastik yap\u0131ya sahip tabanl\u0131k y\u00fcr\u00fcme ve ayakta durma pozisyonlar\u0131nda temel bas\u0131n\u00e7 noktalar\u0131na sahiptir. Iki farkl\u0131 yo\u011funlu\u011fa sahip tabanl\u0131\u011f\u0131n mavi b\u00f6lgelerinde kullan\u0131lan silikon di\u011fer b\u00f6lgelerden daha yumu\u015fakt\u0131r. Farkl\u0131 yo\u011funlu\u011fu sayesinde bas\u0131nc\u0131 aya\u011f\u0131n anatomisine adapte ederek dengeli bir \u015fekilde da\u011f\u0131t\u0131r. Rahatlat\u0131c\u0131 ve dinlendirici yap\u0131s\u0131yla silikon tabanl\u0131klar bir\u00e7ok rahats\u0131zl\u0131\u011f\u0131n tedavisinde kullan\u0131labilir. Tek bir hasta s\u0131n\u0131rlama olmaks\u0131z\u0131n kullanabilir. Sabun kullanmadan \u0131l\u0131k su ile temizleyebilirsiniz. T\u00fcm ayak tiplerine uyumludur. Not : \u00dcr\u00fcn standart bedendir Paket i\u00e7eri\u011fi: 1 \u00e7ift \u015feffaf topuk dikeni tabanl\u0131k<\/li>\n<\/ul>\n","protected":false},"excerpt":{"rendered":"<ul class=\"detail-desc-list\">\n<li class=\"detail-desc-item\">\u015eeffaf topuk dikeni yast\u0131\u011f\u0131 tabanl\u0131k Ayak taban\u0131 rahats\u0131zl\u0131klar\u0131nda kullanaca\u011f\u0131n\u0131z silikon yast\u0131k! \u00d6zelikle topuk dikeni rahats\u0131zl\u0131\u011f\u0131 bulunanlar\u0131n kullanmas\u0131 gereken bir \u00fcr\u00fcnd\u00fcr. Elastik yap\u0131ya sahip tabanl\u0131k y\u00fcr\u00fcme ve ayakta durma pozisyonlar\u0131nda temel bas\u0131n\u00e7 noktalar\u0131na sahiptir. Iki farkl\u0131 yo\u011funlu\u011fa sahip tabanl\u0131\u011f\u0131n mavi b\u00f6lgelerinde kullan\u0131lan silikon di\u011fer b\u00f6lgelerden daha yumu\u015fakt\u0131r. Farkl\u0131 yo\u011funlu\u011fu sayesinde bas\u0131nc\u0131 aya\u011f\u0131n anatomisine adapte ederek dengeli bir \u015fekilde da\u011f\u0131t\u0131r. Rahatlat\u0131c\u0131 ve dinlendirici yap\u0131s\u0131yla silikon tabanl\u0131klar bir\u00e7ok rahats\u0131zl\u0131\u011f\u0131n tedavisinde kullan\u0131labilir. Tek bir hasta s\u0131n\u0131rlama olmaks\u0131z\u0131n kullanabilir. Sabun kullanmadan \u0131l\u0131k su ile temizleyebilirsiniz. T\u00fcm ayak tiplerine uyumludur. Not : \u00dcr\u00fcn standart bedendir Paket i\u00e7eri\u011fi: 1 \u00e7ift \u015feffaf topuk dikeni tabanl\u0131k<\/li>\n<\/ul>\n","protected":false},"featured_media":1045,"comment_status":"open","ping_status":"closed","template":"","meta":[],"product_brand":[],"product_cat":[40,31,15],"product_tag":[],"class_list":{"0":"post-1044","1":"product","2":"type-product","3":"status-publish","4":"has-post-thumbnail","6":"product_cat-ayak-bakim-urunleri","7":"product_cat-kisisel-bakim-saglik","8":"product_cat-tum-urunler","10":"first","11":"instock","12":"sale","13":"taxable","14":"shipping-taxable","15":"purchasable","16":"product-type-variable","17":"has-default-attributes"},"yoast_head":"<!-- This site is optimized with the Yoast SEO plugin v27.2 - https:\/\/yoast.com\/product\/yoast-seo-wordpress\/ -->\n<title>Erkek, Bayan Tabanl\u0131k Gizli Topuk Dikeni Yast\u0131\u011f\u0131 Boy Uzat\u0131c\u0131 Silikon Ortopedik |<\/title>\n<meta name=\"description\" content=\"\u015eeffaf topuk dikeni yast\u0131\u011f\u0131 tabanl\u0131k Ayak taban\u0131 rahats\u0131zl\u0131klar\u0131nda kullanaca\u011f\u0131n\u0131z silikon yast\u0131k! \u00d6zelikle topuk dikeni rahats\u0131zl\u0131\u011f\u0131 bulunanlar\u0131n kullanmas\u0131 gereken bir \u00fcr\u00fcnd\u00fcr. Elastik yap\u0131ya sahip tabanl\u0131k y\u00fcr\u00fcme ve ayakta durma pozisyonlar\u0131nda temel bas\u0131n\u00e7 noktalar\u0131na sahiptir. Iki farkl\u0131 yo\u011funlu\u011fa sahip tabanl\u0131\u011f\u0131n mavi b\u00f6lgelerinde kullan\u0131lan silikon di\u011fer b\u00f6lgelerden daha yumu\u015fakt\u0131r. Farkl\u0131 yo\u011funlu\u011fu sayesinde bas\u0131nc\u0131 aya\u011f\u0131n anatomisine adapte ederek dengeli bir \u015fekilde da\u011f\u0131t\u0131r. Rahatlat\u0131c\u0131 ve dinlendirici yap\u0131s\u0131yla silikon tabanl\u0131klar bir\u00e7ok rahats\u0131zl\u0131\u011f\u0131n tedavisinde kullan\u0131labilir. Tek bir hasta s\u0131n\u0131rlama olmaks\u0131z\u0131n kullanabilir. Sabun kullanmadan \u0131l\u0131k su ile temizleyebilirsiniz. T\u00fcm ayak tiplerine uyumludur. Not : \u00dcr\u00fcn standart bedendir Paket i\u00e7eri\u011fi: 1 \u00e7ift \u015feffaf topuk dikeni tabanl\u0131k\" \/>\n<meta name=\"robots\" content=\"index, follow, max-snippet:-1, max-image-preview:large, max-video-preview:-1\" \/>\n<link rel=\"canonical\" href=\"https:\/\/www.peraavm.com\/index.php\/urun\/erkek-bayan-tabanlik-gizli-topuk-dikeni-yastigi-boy-uzatici-silikon-ortopedik\/\" \/>\n<meta property=\"og:locale\" content=\"tr_TR\" \/>\n<meta property=\"og:type\" content=\"article\" \/>\n<meta property=\"og:title\" content=\"Erkek, Bayan Tabanl\u0131k Gizli Topuk Dikeni Yast\u0131\u011f\u0131 Boy Uzat\u0131c\u0131 Silikon Ortopedik |\" \/>\n<meta property=\"og:description\" content=\"\u015eeffaf topuk dikeni yast\u0131\u011f\u0131 tabanl\u0131k Ayak taban\u0131 rahats\u0131zl\u0131klar\u0131nda kullanaca\u011f\u0131n\u0131z silikon yast\u0131k! \u00d6zelikle topuk dikeni rahats\u0131zl\u0131\u011f\u0131 bulunanlar\u0131n kullanmas\u0131 gereken bir \u00fcr\u00fcnd\u00fcr. Elastik yap\u0131ya sahip tabanl\u0131k y\u00fcr\u00fcme ve ayakta durma pozisyonlar\u0131nda temel bas\u0131n\u00e7 noktalar\u0131na sahiptir. Iki farkl\u0131 yo\u011funlu\u011fa sahip tabanl\u0131\u011f\u0131n mavi b\u00f6lgelerinde kullan\u0131lan silikon di\u011fer b\u00f6lgelerden daha yumu\u015fakt\u0131r. Farkl\u0131 yo\u011funlu\u011fu sayesinde bas\u0131nc\u0131 aya\u011f\u0131n anatomisine adapte ederek dengeli bir \u015fekilde da\u011f\u0131t\u0131r. Rahatlat\u0131c\u0131 ve dinlendirici yap\u0131s\u0131yla silikon tabanl\u0131klar bir\u00e7ok rahats\u0131zl\u0131\u011f\u0131n tedavisinde kullan\u0131labilir. Tek bir hasta s\u0131n\u0131rlama olmaks\u0131z\u0131n kullanabilir. Sabun kullanmadan \u0131l\u0131k su ile temizleyebilirsiniz. T\u00fcm ayak tiplerine uyumludur. Not : \u00dcr\u00fcn standart bedendir Paket i\u00e7eri\u011fi: 1 \u00e7ift \u015feffaf topuk dikeni tabanl\u0131k\" \/>\n<meta property=\"og:url\" content=\"https:\/\/www.peraavm.com\/index.php\/urun\/erkek-bayan-tabanlik-gizli-topuk-dikeni-yastigi-boy-uzatici-silikon-ortopedik\/\" \/>\n<meta property=\"article:modified_time\" content=\"2026-01-17T18:55:27+00:00\" \/>\n<meta property=\"og:image\" content=\"https:\/\/www.peraavm.com\/wp-content\/uploads\/2021\/11\/345345345-3.jpg\" \/>\n\t<meta property=\"og:image:width\" content=\"300\" \/>\n\t<meta property=\"og:image:height\" content=\"300\" \/>\n\t<meta property=\"og:image:type\" content=\"image\/jpeg\" \/>\n<meta name=\"twitter:card\" content=\"summary_large_image\" \/>\n<meta name=\"twitter:label1\" content=\"Tahmini okuma s\u00fcresi\" \/>\n\t<meta name=\"twitter:data1\" content=\"1 dakika\" \/>\n<script type=\"application\/ld+json\" class=\"yoast-schema-graph\">{\"@context\":\"https:\/\/schema.org\",\"@graph\":[{\"@type\":\"WebPage\",\"@id\":\"https:\/\/www.peraavm.com\/index.php\/urun\/erkek-bayan-tabanlik-gizli-topuk-dikeni-yastigi-boy-uzatici-silikon-ortopedik\/\",\"url\":\"https:\/\/www.peraavm.com\/index.php\/urun\/erkek-bayan-tabanlik-gizli-topuk-dikeni-yastigi-boy-uzatici-silikon-ortopedik\/\",\"name\":\"Erkek, Bayan Tabanl\u0131k Gizli Topuk Dikeni Yast\u0131\u011f\u0131 Boy Uzat\u0131c\u0131 Silikon Ortopedik |\",\"isPartOf\":{\"@id\":\"https:\/\/www.peraavm.com\/#website\"},\"primaryImageOfPage\":{\"@id\":\"https:\/\/www.peraavm.com\/index.php\/urun\/erkek-bayan-tabanlik-gizli-topuk-dikeni-yastigi-boy-uzatici-silikon-ortopedik\/#primaryimage\"},\"image\":{\"@id\":\"https:\/\/www.peraavm.com\/index.php\/urun\/erkek-bayan-tabanlik-gizli-topuk-dikeni-yastigi-boy-uzatici-silikon-ortopedik\/#primaryimage\"},\"thumbnailUrl\":\"https:\/\/www.peraavm.com\/wp-content\/uploads\/2021\/11\/345345345-3.jpg\",\"datePublished\":\"2021-11-29T13:29:42+00:00\",\"dateModified\":\"2026-01-17T18:55:27+00:00\",\"description\":\"\u015eeffaf topuk dikeni yast\u0131\u011f\u0131 tabanl\u0131k Ayak taban\u0131 rahats\u0131zl\u0131klar\u0131nda kullanaca\u011f\u0131n\u0131z silikon yast\u0131k! \u00d6zelikle topuk dikeni rahats\u0131zl\u0131\u011f\u0131 bulunanlar\u0131n kullanmas\u0131 gereken bir \u00fcr\u00fcnd\u00fcr. Elastik yap\u0131ya sahip tabanl\u0131k y\u00fcr\u00fcme ve ayakta durma pozisyonlar\u0131nda temel bas\u0131n\u00e7 noktalar\u0131na sahiptir. Iki farkl\u0131 yo\u011funlu\u011fa sahip tabanl\u0131\u011f\u0131n mavi b\u00f6lgelerinde kullan\u0131lan silikon di\u011fer b\u00f6lgelerden daha yumu\u015fakt\u0131r. Farkl\u0131 yo\u011funlu\u011fu sayesinde bas\u0131nc\u0131 aya\u011f\u0131n anatomisine adapte ederek dengeli bir \u015fekilde da\u011f\u0131t\u0131r. Rahatlat\u0131c\u0131 ve dinlendirici yap\u0131s\u0131yla silikon tabanl\u0131klar bir\u00e7ok rahats\u0131zl\u0131\u011f\u0131n tedavisinde kullan\u0131labilir. Tek bir hasta s\u0131n\u0131rlama olmaks\u0131z\u0131n kullanabilir. Sabun kullanmadan \u0131l\u0131k su ile temizleyebilirsiniz. T\u00fcm ayak tiplerine uyumludur. Not : \u00dcr\u00fcn standart bedendir Paket i\u00e7eri\u011fi: 1 \u00e7ift \u015feffaf topuk dikeni tabanl\u0131k\",\"breadcrumb\":{\"@id\":\"https:\/\/www.peraavm.com\/index.php\/urun\/erkek-bayan-tabanlik-gizli-topuk-dikeni-yastigi-boy-uzatici-silikon-ortopedik\/#breadcrumb\"},\"inLanguage\":\"tr\",\"potentialAction\":[{\"@type\":\"ReadAction\",\"target\":[\"https:\/\/www.peraavm.com\/index.php\/urun\/erkek-bayan-tabanlik-gizli-topuk-dikeni-yastigi-boy-uzatici-silikon-ortopedik\/\"]}]},{\"@type\":\"ImageObject\",\"inLanguage\":\"tr\",\"@id\":\"https:\/\/www.peraavm.com\/index.php\/urun\/erkek-bayan-tabanlik-gizli-topuk-dikeni-yastigi-boy-uzatici-silikon-ortopedik\/#primaryimage\",\"url\":\"https:\/\/www.peraavm.com\/wp-content\/uploads\/2021\/11\/345345345-3.jpg\",\"contentUrl\":\"https:\/\/www.peraavm.com\/wp-content\/uploads\/2021\/11\/345345345-3.jpg\",\"width\":300,\"height\":300},{\"@type\":\"BreadcrumbList\",\"@id\":\"https:\/\/www.peraavm.com\/index.php\/urun\/erkek-bayan-tabanlik-gizli-topuk-dikeni-yastigi-boy-uzatici-silikon-ortopedik\/#breadcrumb\",\"itemListElement\":[{\"@type\":\"ListItem\",\"position\":1,\"name\":\"Anasayfa\",\"item\":\"https:\/\/www.peraavm.com\/\"},{\"@type\":\"ListItem\",\"position\":2,\"name\":\"Magaza\",\"item\":\"https:\/\/www.peraavm.com\/index.php\/magaza\/\"},{\"@type\":\"ListItem\",\"position\":3,\"name\":\"Erkek, Bayan Tabanl\u0131k Gizli Topuk Dikeni Yast\u0131\u011f\u0131 Boy Uzat\u0131c\u0131 Silikon Ortopedik\"}]},{\"@type\":\"WebSite\",\"@id\":\"https:\/\/www.peraavm.com\/#website\",\"url\":\"https:\/\/www.peraavm.com\/\",\"name\":\"Pratikmagazam.com\",\"description\":\"\",\"publisher\":{\"@id\":\"https:\/\/www.peraavm.com\/#organization\"},\"potentialAction\":[{\"@type\":\"SearchAction\",\"target\":{\"@type\":\"EntryPoint\",\"urlTemplate\":\"https:\/\/www.peraavm.com\/?s={search_term_string}\"},\"query-input\":{\"@type\":\"PropertyValueSpecification\",\"valueRequired\":true,\"valueName\":\"search_term_string\"}}],\"inLanguage\":\"tr\"},{\"@type\":\"Organization\",\"@id\":\"https:\/\/www.peraavm.com\/#organization\",\"name\":\"pratikmagazam.com\",\"url\":\"https:\/\/www.peraavm.com\/\",\"logo\":{\"@type\":\"ImageObject\",\"inLanguage\":\"tr\",\"@id\":\"https:\/\/www.peraavm.com\/#\/schema\/logo\/image\/\",\"url\":\"https:\/\/www.pratikmagazam.com\/wp-content\/uploads\/2021\/11\/Ekran-Resmi-2021-11-17-08.16.13.png\",\"contentUrl\":\"https:\/\/www.pratikmagazam.com\/wp-content\/uploads\/2021\/11\/Ekran-Resmi-2021-11-17-08.16.13.png\",\"width\":477,\"height\":135,\"caption\":\"pratikmagazam.com\"},\"image\":{\"@id\":\"https:\/\/www.peraavm.com\/#\/schema\/logo\/image\/\"},\"sameAs\":[\"https:\/\/instagram.com\/pratikmagazam?utm_medium=copy_link\"]}]}<\/script>\n<!-- \/ Yoast SEO plugin. -->","yoast_head_json":{"title":"Erkek, Bayan Tabanl\u0131k Gizli Topuk Dikeni Yast\u0131\u011f\u0131 Boy Uzat\u0131c\u0131 Silikon Ortopedik |","description":"\u015eeffaf topuk dikeni yast\u0131\u011f\u0131 tabanl\u0131k Ayak taban\u0131 rahats\u0131zl\u0131klar\u0131nda kullanaca\u011f\u0131n\u0131z silikon yast\u0131k! \u00d6zelikle topuk dikeni rahats\u0131zl\u0131\u011f\u0131 bulunanlar\u0131n kullanmas\u0131 gereken bir \u00fcr\u00fcnd\u00fcr. Elastik yap\u0131ya sahip tabanl\u0131k y\u00fcr\u00fcme ve ayakta durma pozisyonlar\u0131nda temel bas\u0131n\u00e7 noktalar\u0131na sahiptir. Iki farkl\u0131 yo\u011funlu\u011fa sahip tabanl\u0131\u011f\u0131n mavi b\u00f6lgelerinde kullan\u0131lan silikon di\u011fer b\u00f6lgelerden daha yumu\u015fakt\u0131r. Farkl\u0131 yo\u011funlu\u011fu sayesinde bas\u0131nc\u0131 aya\u011f\u0131n anatomisine adapte ederek dengeli bir \u015fekilde da\u011f\u0131t\u0131r. Rahatlat\u0131c\u0131 ve dinlendirici yap\u0131s\u0131yla silikon tabanl\u0131klar bir\u00e7ok rahats\u0131zl\u0131\u011f\u0131n tedavisinde kullan\u0131labilir. Tek bir hasta s\u0131n\u0131rlama olmaks\u0131z\u0131n kullanabilir. Sabun kullanmadan \u0131l\u0131k su ile temizleyebilirsiniz. T\u00fcm ayak tiplerine uyumludur. Not : \u00dcr\u00fcn standart bedendir Paket i\u00e7eri\u011fi: 1 \u00e7ift \u015feffaf topuk dikeni tabanl\u0131k","robots":{"index":"index","follow":"follow","max-snippet":"max-snippet:-1","max-image-preview":"max-image-preview:large","max-video-preview":"max-video-preview:-1"},"canonical":"https:\/\/www.peraavm.com\/index.php\/urun\/erkek-bayan-tabanlik-gizli-topuk-dikeni-yastigi-boy-uzatici-silikon-ortopedik\/","og_locale":"tr_TR","og_type":"article","og_title":"Erkek, Bayan Tabanl\u0131k Gizli Topuk Dikeni Yast\u0131\u011f\u0131 Boy Uzat\u0131c\u0131 Silikon Ortopedik |","og_description":"\u015eeffaf topuk dikeni yast\u0131\u011f\u0131 tabanl\u0131k Ayak taban\u0131 rahats\u0131zl\u0131klar\u0131nda kullanaca\u011f\u0131n\u0131z silikon yast\u0131k! \u00d6zelikle topuk dikeni rahats\u0131zl\u0131\u011f\u0131 bulunanlar\u0131n kullanmas\u0131 gereken bir \u00fcr\u00fcnd\u00fcr. Elastik yap\u0131ya sahip tabanl\u0131k y\u00fcr\u00fcme ve ayakta durma pozisyonlar\u0131nda temel bas\u0131n\u00e7 noktalar\u0131na sahiptir. Iki farkl\u0131 yo\u011funlu\u011fa sahip tabanl\u0131\u011f\u0131n mavi b\u00f6lgelerinde kullan\u0131lan silikon di\u011fer b\u00f6lgelerden daha yumu\u015fakt\u0131r. Farkl\u0131 yo\u011funlu\u011fu sayesinde bas\u0131nc\u0131 aya\u011f\u0131n anatomisine adapte ederek dengeli bir \u015fekilde da\u011f\u0131t\u0131r. Rahatlat\u0131c\u0131 ve dinlendirici yap\u0131s\u0131yla silikon tabanl\u0131klar bir\u00e7ok rahats\u0131zl\u0131\u011f\u0131n tedavisinde kullan\u0131labilir. Tek bir hasta s\u0131n\u0131rlama olmaks\u0131z\u0131n kullanabilir. Sabun kullanmadan \u0131l\u0131k su ile temizleyebilirsiniz. T\u00fcm ayak tiplerine uyumludur. Not : \u00dcr\u00fcn standart bedendir Paket i\u00e7eri\u011fi: 1 \u00e7ift \u015feffaf topuk dikeni tabanl\u0131k","og_url":"https:\/\/www.peraavm.com\/index.php\/urun\/erkek-bayan-tabanlik-gizli-topuk-dikeni-yastigi-boy-uzatici-silikon-ortopedik\/","article_modified_time":"2026-01-17T18:55:27+00:00","og_image":[{"width":300,"height":300,"url":"https:\/\/www.peraavm.com\/wp-content\/uploads\/2021\/11\/345345345-3.jpg","type":"image\/jpeg"}],"twitter_card":"summary_large_image","twitter_misc":{"Tahmini okuma s\u00fcresi":"1 dakika"},"schema":{"@context":"https:\/\/schema.org","@graph":[{"@type":"WebPage","@id":"https:\/\/www.peraavm.com\/index.php\/urun\/erkek-bayan-tabanlik-gizli-topuk-dikeni-yastigi-boy-uzatici-silikon-ortopedik\/","url":"https:\/\/www.peraavm.com\/index.php\/urun\/erkek-bayan-tabanlik-gizli-topuk-dikeni-yastigi-boy-uzatici-silikon-ortopedik\/","name":"Erkek, Bayan Tabanl\u0131k Gizli Topuk Dikeni Yast\u0131\u011f\u0131 Boy Uzat\u0131c\u0131 Silikon Ortopedik |","isPartOf":{"@id":"https:\/\/www.peraavm.com\/#website"},"primaryImageOfPage":{"@id":"https:\/\/www.peraavm.com\/index.php\/urun\/erkek-bayan-tabanlik-gizli-topuk-dikeni-yastigi-boy-uzatici-silikon-ortopedik\/#primaryimage"},"image":{"@id":"https:\/\/www.peraavm.com\/index.php\/urun\/erkek-bayan-tabanlik-gizli-topuk-dikeni-yastigi-boy-uzatici-silikon-ortopedik\/#primaryimage"},"thumbnailUrl":"https:\/\/www.peraavm.com\/wp-content\/uploads\/2021\/11\/345345345-3.jpg","datePublished":"2021-11-29T13:29:42+00:00","dateModified":"2026-01-17T18:55:27+00:00","description":"\u015eeffaf topuk dikeni yast\u0131\u011f\u0131 tabanl\u0131k Ayak taban\u0131 rahats\u0131zl\u0131klar\u0131nda kullanaca\u011f\u0131n\u0131z silikon yast\u0131k! \u00d6zelikle topuk dikeni rahats\u0131zl\u0131\u011f\u0131 bulunanlar\u0131n kullanmas\u0131 gereken bir \u00fcr\u00fcnd\u00fcr. Elastik yap\u0131ya sahip tabanl\u0131k y\u00fcr\u00fcme ve ayakta durma pozisyonlar\u0131nda temel bas\u0131n\u00e7 noktalar\u0131na sahiptir. Iki farkl\u0131 yo\u011funlu\u011fa sahip tabanl\u0131\u011f\u0131n mavi b\u00f6lgelerinde kullan\u0131lan silikon di\u011fer b\u00f6lgelerden daha yumu\u015fakt\u0131r. Farkl\u0131 yo\u011funlu\u011fu sayesinde bas\u0131nc\u0131 aya\u011f\u0131n anatomisine adapte ederek dengeli bir \u015fekilde da\u011f\u0131t\u0131r. Rahatlat\u0131c\u0131 ve dinlendirici yap\u0131s\u0131yla silikon tabanl\u0131klar bir\u00e7ok rahats\u0131zl\u0131\u011f\u0131n tedavisinde kullan\u0131labilir. Tek bir hasta s\u0131n\u0131rlama olmaks\u0131z\u0131n kullanabilir. Sabun kullanmadan \u0131l\u0131k su ile temizleyebilirsiniz. T\u00fcm ayak tiplerine uyumludur. Not : \u00dcr\u00fcn standart bedendir Paket i\u00e7eri\u011fi: 1 \u00e7ift \u015feffaf topuk dikeni tabanl\u0131k","breadcrumb":{"@id":"https:\/\/www.peraavm.com\/index.php\/urun\/erkek-bayan-tabanlik-gizli-topuk-dikeni-yastigi-boy-uzatici-silikon-ortopedik\/#breadcrumb"},"inLanguage":"tr","potentialAction":[{"@type":"ReadAction","target":["https:\/\/www.peraavm.com\/index.php\/urun\/erkek-bayan-tabanlik-gizli-topuk-dikeni-yastigi-boy-uzatici-silikon-ortopedik\/"]}]},{"@type":"ImageObject","inLanguage":"tr","@id":"https:\/\/www.peraavm.com\/index.php\/urun\/erkek-bayan-tabanlik-gizli-topuk-dikeni-yastigi-boy-uzatici-silikon-ortopedik\/#primaryimage","url":"https:\/\/www.peraavm.com\/wp-content\/uploads\/2021\/11\/345345345-3.jpg","contentUrl":"https:\/\/www.peraavm.com\/wp-content\/uploads\/2021\/11\/345345345-3.jpg","width":300,"height":300},{"@type":"BreadcrumbList","@id":"https:\/\/www.peraavm.com\/index.php\/urun\/erkek-bayan-tabanlik-gizli-topuk-dikeni-yastigi-boy-uzatici-silikon-ortopedik\/#breadcrumb","itemListElement":[{"@type":"ListItem","position":1,"name":"Anasayfa","item":"https:\/\/www.peraavm.com\/"},{"@type":"ListItem","position":2,"name":"Magaza","item":"https:\/\/www.peraavm.com\/index.php\/magaza\/"},{"@type":"ListItem","position":3,"name":"Erkek, Bayan Tabanl\u0131k Gizli Topuk Dikeni Yast\u0131\u011f\u0131 Boy Uzat\u0131c\u0131 Silikon Ortopedik"}]},{"@type":"WebSite","@id":"https:\/\/www.peraavm.com\/#website","url":"https:\/\/www.peraavm.com\/","name":"Pratikmagazam.com","description":"","publisher":{"@id":"https:\/\/www.peraavm.com\/#organization"},"potentialAction":[{"@type":"SearchAction","target":{"@type":"EntryPoint","urlTemplate":"https:\/\/www.peraavm.com\/?s={search_term_string}"},"query-input":{"@type":"PropertyValueSpecification","valueRequired":true,"valueName":"search_term_string"}}],"inLanguage":"tr"},{"@type":"Organization","@id":"https:\/\/www.peraavm.com\/#organization","name":"pratikmagazam.com","url":"https:\/\/www.peraavm.com\/","logo":{"@type":"ImageObject","inLanguage":"tr","@id":"https:\/\/www.peraavm.com\/#\/schema\/logo\/image\/","url":"https:\/\/www.pratikmagazam.com\/wp-content\/uploads\/2021\/11\/Ekran-Resmi-2021-11-17-08.16.13.png","contentUrl":"https:\/\/www.pratikmagazam.com\/wp-content\/uploads\/2021\/11\/Ekran-Resmi-2021-11-17-08.16.13.png","width":477,"height":135,"caption":"pratikmagazam.com"},"image":{"@id":"https:\/\/www.peraavm.com\/#\/schema\/logo\/image\/"},"sameAs":["https:\/\/instagram.com\/pratikmagazam?utm_medium=copy_link"]}]}},"_links":{"self":[{"href":"https:\/\/www.peraavm.com\/index.php\/wp-json\/wp\/v2\/product\/1044","targetHints":{"allow":["GET"]}}],"collection":[{"href":"https:\/\/www.peraavm.com\/index.php\/wp-json\/wp\/v2\/product"}],"about":[{"href":"https:\/\/www.peraavm.com\/index.php\/wp-json\/wp\/v2\/types\/product"}],"replies":[{"embeddable":true,"href":"https:\/\/www.peraavm.com\/index.php\/wp-json\/wp\/v2\/comments?post=1044"}],"wp:featuredmedia":[{"embeddable":true,"href":"https:\/\/www.peraavm.com\/index.php\/wp-json\/wp\/v2\/media\/1045"}],"wp:attachment":[{"href":"https:\/\/www.peraavm.com\/index.php\/wp-json\/wp\/v2\/media?parent=1044"}],"wp:term":[{"taxonomy":"product_brand","embeddable":true,"href":"https:\/\/www.peraavm.com\/index.php\/wp-json\/wp\/v2\/product_brand?post=1044"},{"taxonomy":"product_cat","embeddable":true,"href":"https:\/\/www.peraavm.com\/index.php\/wp-json\/wp\/v2\/product_cat?post=1044"},{"taxonomy":"product_tag","embeddable":true,"href":"https:\/\/www.peraavm.com\/index.php\/wp-json\/wp\/v2\/product_tag?post=1044"}],"curies":[{"name":"wp","href":"https:\/\/api.w.org\/{rel}","templated":true}]}}