{"id":1327,"date":"2021-12-02T08:45:24","date_gmt":"2021-12-02T08:45:24","guid":{"rendered":"https:\/\/www.pratikmagazam.com\/?post_type=product&#038;p=1327"},"modified":"2026-01-17T19:27:50","modified_gmt":"2026-01-17T19:27:50","slug":"paslanmaz-celik-servis-kepcesi","status":"publish","type":"product","link":"https:\/\/www.peraavm.com\/index.php\/urun\/paslanmaz-celik-servis-kepcesi\/","title":{"rendered":"Paslanmaz \u00c7elik Servis Kep\u00e7esi"},"content":{"rendered":"<p>paslanmaz \u00e7elik mutfakta, elinizin alt\u0131nda kolay kullan\u0131m\u0131 ile i\u015finizi h\u0131zland\u0131ran, farkl\u0131 tasar\u0131m\u0131 ile dikkat \u00e7eken aksesuarlar.<\/p>\n","protected":false},"excerpt":{"rendered":"<p>paslanmaz \u00e7elik mutfakta, elinizin alt\u0131nda kolay kullan\u0131m\u0131 ile i\u015finizi h\u0131zland\u0131ran, farkl\u0131 tasar\u0131m\u0131 ile dikkat \u00e7eken aksesuarlar.<\/p>\n","protected":false},"featured_media":1328,"comment_status":"open","ping_status":"closed","template":"","meta":[],"product_brand":[],"product_cat":[37,29,15],"product_tag":[],"class_list":{"0":"post-1327","1":"product","2":"type-product","3":"status-publish","4":"has-post-thumbnail","6":"product_cat-ev-gerecleri","7":"product_cat-mutfak-gerecleri","8":"product_cat-tum-urunler","10":"first","11":"instock","12":"sale","13":"taxable","14":"shipping-taxable","15":"purchasable","16":"product-type-simple"},"yoast_head":"<!-- This site is optimized with the Yoast SEO plugin v27.2 - https:\/\/yoast.com\/product\/yoast-seo-wordpress\/ -->\n<title>Paslanmaz \u00c7elik Servis Kep\u00e7esi |<\/title>\n<meta name=\"description\" content=\"paslanmaz \u00e7elik mutfakta, elinizin alt\u0131nda kolay kullan\u0131m\u0131 ile i\u015finizi h\u0131zland\u0131ran, farkl\u0131 tasar\u0131m\u0131 ile dikkat \u00e7eken aksesuarlar.\" \/>\n<meta name=\"robots\" content=\"index, follow, max-snippet:-1, max-image-preview:large, max-video-preview:-1\" \/>\n<link rel=\"canonical\" href=\"https:\/\/www.peraavm.com\/index.php\/urun\/paslanmaz-celik-servis-kepcesi\/\" \/>\n<meta property=\"og:locale\" content=\"tr_TR\" \/>\n<meta property=\"og:type\" content=\"article\" \/>\n<meta property=\"og:title\" content=\"Paslanmaz \u00c7elik Servis Kep\u00e7esi |\" \/>\n<meta property=\"og:description\" content=\"paslanmaz \u00e7elik mutfakta, elinizin alt\u0131nda kolay kullan\u0131m\u0131 ile i\u015finizi h\u0131zland\u0131ran, farkl\u0131 tasar\u0131m\u0131 ile dikkat \u00e7eken aksesuarlar.\" \/>\n<meta property=\"og:url\" content=\"https:\/\/www.peraavm.com\/index.php\/urun\/paslanmaz-celik-servis-kepcesi\/\" \/>\n<meta property=\"article:modified_time\" content=\"2026-01-17T19:27:50+00:00\" \/>\n<meta property=\"og:image\" content=\"https:\/\/www.peraavm.com\/wp-content\/uploads\/2021\/12\/2342434.jpg\" \/>\n\t<meta property=\"og:image:width\" content=\"300\" \/>\n\t<meta property=\"og:image:height\" content=\"300\" \/>\n\t<meta property=\"og:image:type\" content=\"image\/jpeg\" \/>\n<meta name=\"twitter:card\" content=\"summary_large_image\" \/>\n<script type=\"application\/ld+json\" class=\"yoast-schema-graph\">{\"@context\":\"https:\/\/schema.org\",\"@graph\":[{\"@type\":\"WebPage\",\"@id\":\"https:\/\/www.peraavm.com\/index.php\/urun\/paslanmaz-celik-servis-kepcesi\/\",\"url\":\"https:\/\/www.peraavm.com\/index.php\/urun\/paslanmaz-celik-servis-kepcesi\/\",\"name\":\"Paslanmaz \u00c7elik Servis Kep\u00e7esi |\",\"isPartOf\":{\"@id\":\"https:\/\/www.peraavm.com\/#website\"},\"primaryImageOfPage\":{\"@id\":\"https:\/\/www.peraavm.com\/index.php\/urun\/paslanmaz-celik-servis-kepcesi\/#primaryimage\"},\"image\":{\"@id\":\"https:\/\/www.peraavm.com\/index.php\/urun\/paslanmaz-celik-servis-kepcesi\/#primaryimage\"},\"thumbnailUrl\":\"https:\/\/www.peraavm.com\/wp-content\/uploads\/2021\/12\/2342434.jpg\",\"datePublished\":\"2021-12-02T08:45:24+00:00\",\"dateModified\":\"2026-01-17T19:27:50+00:00\",\"description\":\"paslanmaz \u00e7elik mutfakta, elinizin alt\u0131nda kolay kullan\u0131m\u0131 ile i\u015finizi h\u0131zland\u0131ran, farkl\u0131 tasar\u0131m\u0131 ile dikkat \u00e7eken aksesuarlar.\",\"breadcrumb\":{\"@id\":\"https:\/\/www.peraavm.com\/index.php\/urun\/paslanmaz-celik-servis-kepcesi\/#breadcrumb\"},\"inLanguage\":\"tr\",\"potentialAction\":[{\"@type\":\"ReadAction\",\"target\":[\"https:\/\/www.peraavm.com\/index.php\/urun\/paslanmaz-celik-servis-kepcesi\/\"]}]},{\"@type\":\"ImageObject\",\"inLanguage\":\"tr\",\"@id\":\"https:\/\/www.peraavm.com\/index.php\/urun\/paslanmaz-celik-servis-kepcesi\/#primaryimage\",\"url\":\"https:\/\/www.peraavm.com\/wp-content\/uploads\/2021\/12\/2342434.jpg\",\"contentUrl\":\"https:\/\/www.peraavm.com\/wp-content\/uploads\/2021\/12\/2342434.jpg\",\"width\":300,\"height\":300},{\"@type\":\"BreadcrumbList\",\"@id\":\"https:\/\/www.peraavm.com\/index.php\/urun\/paslanmaz-celik-servis-kepcesi\/#breadcrumb\",\"itemListElement\":[{\"@type\":\"ListItem\",\"position\":1,\"name\":\"Anasayfa\",\"item\":\"https:\/\/www.peraavm.com\/\"},{\"@type\":\"ListItem\",\"position\":2,\"name\":\"Magaza\",\"item\":\"https:\/\/www.peraavm.com\/index.php\/magaza\/\"},{\"@type\":\"ListItem\",\"position\":3,\"name\":\"Paslanmaz \u00c7elik Servis Kep\u00e7esi\"}]},{\"@type\":\"WebSite\",\"@id\":\"https:\/\/www.peraavm.com\/#website\",\"url\":\"https:\/\/www.peraavm.com\/\",\"name\":\"Pratikmagazam.com\",\"description\":\"\",\"publisher\":{\"@id\":\"https:\/\/www.peraavm.com\/#organization\"},\"potentialAction\":[{\"@type\":\"SearchAction\",\"target\":{\"@type\":\"EntryPoint\",\"urlTemplate\":\"https:\/\/www.peraavm.com\/?s={search_term_string}\"},\"query-input\":{\"@type\":\"PropertyValueSpecification\",\"valueRequired\":true,\"valueName\":\"search_term_string\"}}],\"inLanguage\":\"tr\"},{\"@type\":\"Organization\",\"@id\":\"https:\/\/www.peraavm.com\/#organization\",\"name\":\"pratikmagazam.com\",\"url\":\"https:\/\/www.peraavm.com\/\",\"logo\":{\"@type\":\"ImageObject\",\"inLanguage\":\"tr\",\"@id\":\"https:\/\/www.peraavm.com\/#\/schema\/logo\/image\/\",\"url\":\"https:\/\/www.pratikmagazam.com\/wp-content\/uploads\/2021\/11\/Ekran-Resmi-2021-11-17-08.16.13.png\",\"contentUrl\":\"https:\/\/www.pratikmagazam.com\/wp-content\/uploads\/2021\/11\/Ekran-Resmi-2021-11-17-08.16.13.png\",\"width\":477,\"height\":135,\"caption\":\"pratikmagazam.com\"},\"image\":{\"@id\":\"https:\/\/www.peraavm.com\/#\/schema\/logo\/image\/\"},\"sameAs\":[\"https:\/\/instagram.com\/pratikmagazam?utm_medium=copy_link\"]}]}<\/script>\n<!-- \/ Yoast SEO plugin. -->","yoast_head_json":{"title":"Paslanmaz \u00c7elik Servis Kep\u00e7esi |","description":"paslanmaz \u00e7elik mutfakta, elinizin alt\u0131nda kolay kullan\u0131m\u0131 ile i\u015finizi h\u0131zland\u0131ran, farkl\u0131 tasar\u0131m\u0131 ile dikkat \u00e7eken aksesuarlar.","robots":{"index":"index","follow":"follow","max-snippet":"max-snippet:-1","max-image-preview":"max-image-preview:large","max-video-preview":"max-video-preview:-1"},"canonical":"https:\/\/www.peraavm.com\/index.php\/urun\/paslanmaz-celik-servis-kepcesi\/","og_locale":"tr_TR","og_type":"article","og_title":"Paslanmaz \u00c7elik Servis Kep\u00e7esi |","og_description":"paslanmaz \u00e7elik mutfakta, elinizin alt\u0131nda kolay kullan\u0131m\u0131 ile i\u015finizi h\u0131zland\u0131ran, farkl\u0131 tasar\u0131m\u0131 ile dikkat \u00e7eken aksesuarlar.","og_url":"https:\/\/www.peraavm.com\/index.php\/urun\/paslanmaz-celik-servis-kepcesi\/","article_modified_time":"2026-01-17T19:27:50+00:00","og_image":[{"width":300,"height":300,"url":"https:\/\/www.peraavm.com\/wp-content\/uploads\/2021\/12\/2342434.jpg","type":"image\/jpeg"}],"twitter_card":"summary_large_image","schema":{"@context":"https:\/\/schema.org","@graph":[{"@type":"WebPage","@id":"https:\/\/www.peraavm.com\/index.php\/urun\/paslanmaz-celik-servis-kepcesi\/","url":"https:\/\/www.peraavm.com\/index.php\/urun\/paslanmaz-celik-servis-kepcesi\/","name":"Paslanmaz \u00c7elik Servis Kep\u00e7esi |","isPartOf":{"@id":"https:\/\/www.peraavm.com\/#website"},"primaryImageOfPage":{"@id":"https:\/\/www.peraavm.com\/index.php\/urun\/paslanmaz-celik-servis-kepcesi\/#primaryimage"},"image":{"@id":"https:\/\/www.peraavm.com\/index.php\/urun\/paslanmaz-celik-servis-kepcesi\/#primaryimage"},"thumbnailUrl":"https:\/\/www.peraavm.com\/wp-content\/uploads\/2021\/12\/2342434.jpg","datePublished":"2021-12-02T08:45:24+00:00","dateModified":"2026-01-17T19:27:50+00:00","description":"paslanmaz \u00e7elik mutfakta, elinizin alt\u0131nda kolay kullan\u0131m\u0131 ile i\u015finizi h\u0131zland\u0131ran, farkl\u0131 tasar\u0131m\u0131 ile dikkat \u00e7eken aksesuarlar.","breadcrumb":{"@id":"https:\/\/www.peraavm.com\/index.php\/urun\/paslanmaz-celik-servis-kepcesi\/#breadcrumb"},"inLanguage":"tr","potentialAction":[{"@type":"ReadAction","target":["https:\/\/www.peraavm.com\/index.php\/urun\/paslanmaz-celik-servis-kepcesi\/"]}]},{"@type":"ImageObject","inLanguage":"tr","@id":"https:\/\/www.peraavm.com\/index.php\/urun\/paslanmaz-celik-servis-kepcesi\/#primaryimage","url":"https:\/\/www.peraavm.com\/wp-content\/uploads\/2021\/12\/2342434.jpg","contentUrl":"https:\/\/www.peraavm.com\/wp-content\/uploads\/2021\/12\/2342434.jpg","width":300,"height":300},{"@type":"BreadcrumbList","@id":"https:\/\/www.peraavm.com\/index.php\/urun\/paslanmaz-celik-servis-kepcesi\/#breadcrumb","itemListElement":[{"@type":"ListItem","position":1,"name":"Anasayfa","item":"https:\/\/www.peraavm.com\/"},{"@type":"ListItem","position":2,"name":"Magaza","item":"https:\/\/www.peraavm.com\/index.php\/magaza\/"},{"@type":"ListItem","position":3,"name":"Paslanmaz \u00c7elik Servis Kep\u00e7esi"}]},{"@type":"WebSite","@id":"https:\/\/www.peraavm.com\/#website","url":"https:\/\/www.peraavm.com\/","name":"Pratikmagazam.com","description":"","publisher":{"@id":"https:\/\/www.peraavm.com\/#organization"},"potentialAction":[{"@type":"SearchAction","target":{"@type":"EntryPoint","urlTemplate":"https:\/\/www.peraavm.com\/?s={search_term_string}"},"query-input":{"@type":"PropertyValueSpecification","valueRequired":true,"valueName":"search_term_string"}}],"inLanguage":"tr"},{"@type":"Organization","@id":"https:\/\/www.peraavm.com\/#organization","name":"pratikmagazam.com","url":"https:\/\/www.peraavm.com\/","logo":{"@type":"ImageObject","inLanguage":"tr","@id":"https:\/\/www.peraavm.com\/#\/schema\/logo\/image\/","url":"https:\/\/www.pratikmagazam.com\/wp-content\/uploads\/2021\/11\/Ekran-Resmi-2021-11-17-08.16.13.png","contentUrl":"https:\/\/www.pratikmagazam.com\/wp-content\/uploads\/2021\/11\/Ekran-Resmi-2021-11-17-08.16.13.png","width":477,"height":135,"caption":"pratikmagazam.com"},"image":{"@id":"https:\/\/www.peraavm.com\/#\/schema\/logo\/image\/"},"sameAs":["https:\/\/instagram.com\/pratikmagazam?utm_medium=copy_link"]}]}},"_links":{"self":[{"href":"https:\/\/www.peraavm.com\/index.php\/wp-json\/wp\/v2\/product\/1327","targetHints":{"allow":["GET"]}}],"collection":[{"href":"https:\/\/www.peraavm.com\/index.php\/wp-json\/wp\/v2\/product"}],"about":[{"href":"https:\/\/www.peraavm.com\/index.php\/wp-json\/wp\/v2\/types\/product"}],"replies":[{"embeddable":true,"href":"https:\/\/www.peraavm.com\/index.php\/wp-json\/wp\/v2\/comments?post=1327"}],"wp:featuredmedia":[{"embeddable":true,"href":"https:\/\/www.peraavm.com\/index.php\/wp-json\/wp\/v2\/media\/1328"}],"wp:attachment":[{"href":"https:\/\/www.peraavm.com\/index.php\/wp-json\/wp\/v2\/media?parent=1327"}],"wp:term":[{"taxonomy":"product_brand","embeddable":true,"href":"https:\/\/www.peraavm.com\/index.php\/wp-json\/wp\/v2\/product_brand?post=1327"},{"taxonomy":"product_cat","embeddable":true,"href":"https:\/\/www.peraavm.com\/index.php\/wp-json\/wp\/v2\/product_cat?post=1327"},{"taxonomy":"product_tag","embeddable":true,"href":"https:\/\/www.peraavm.com\/index.php\/wp-json\/wp\/v2\/product_tag?post=1327"}],"curies":[{"name":"wp","href":"https:\/\/api.w.org\/{rel}","templated":true}]}}