{"id":1622,"date":"2021-12-09T10:07:17","date_gmt":"2021-12-09T10:07:17","guid":{"rendered":"https:\/\/www.pratikmagazam.com\/?post_type=product&#038;p=1622"},"modified":"2026-01-17T19:39:00","modified_gmt":"2026-01-17T19:39:00","slug":"mini-masa-mengene-sikistirma-sabitleme-aparati-iskence-aleti-10-cmini-masa-mengene-sikistirma-sabitleme-aparati-iskence-aleti-10-cm","status":"publish","type":"product","link":"https:\/\/www.peraavm.com\/index.php\/urun\/mini-masa-mengene-sikistirma-sabitleme-aparati-iskence-aleti-10-cmini-masa-mengene-sikistirma-sabitleme-aparati-iskence-aleti-10-cm\/","title":{"rendered":"Mini Masa Mengene S\u0131k\u0131\u015ft\u0131rma Sabitleme Aparat\u0131 I\u015fkence Aleti 10 Cm"},"content":{"rendered":"<ul class=\"detail-desc-list\">\n<li class=\"detail-desc-item\">Mini Masa Tezgah Hobi Mengenesi Sabitleme S\u0131k\u0131\u015ft\u0131rma Aparat 30mm Tezgah \u00dcst\u00fc Mengene \u00e7al\u0131\u015f\u0131lacak malzemeye rahat bir a\u00e7\u0131dan yakla\u015f\u0131lmas\u0131n\u0131 sa\u011flar. Mini Tezgah Tipi Mengene sa\u011flam bir denge kurmak i\u00e7in e\u011filme ve b\u00fck\u00fclmeye engel olur. Masa Mengenesi kelep\u00e7e mekanizmas\u0131, ba\u011f\u0131ms\u0131z tutma kelep\u00e7esi ve alet tutma mekanizmas\u0131 sayesinde kolay ve pratik bir kullan\u0131m sa\u011flar Renk: Metalik Pratik Hobi Masa Mengenesi Aparat\u0131 \u00d6l\u00e7\u00fcleri: Boy: 10 cm Y\u00fckseklik: 5 cm<\/li>\n<\/ul>\n","protected":false},"excerpt":{"rendered":"<ul class=\"detail-desc-list\">\n<li class=\"detail-desc-item\">Mini Masa Tezgah Hobi Mengenesi Sabitleme S\u0131k\u0131\u015ft\u0131rma Aparat 30mm Tezgah \u00dcst\u00fc Mengene \u00e7al\u0131\u015f\u0131lacak malzemeye rahat bir a\u00e7\u0131dan yakla\u015f\u0131lmas\u0131n\u0131 sa\u011flar. Mini Tezgah Tipi Mengene sa\u011flam bir denge kurmak i\u00e7in e\u011filme ve b\u00fck\u00fclmeye engel olur. Masa Mengenesi kelep\u00e7e mekanizmas\u0131, ba\u011f\u0131ms\u0131z tutma kelep\u00e7esi ve alet tutma mekanizmas\u0131 sayesinde kolay ve pratik bir kullan\u0131m sa\u011flar Renk: Metalik Pratik Hobi Masa Mengenesi Aparat\u0131 \u00d6l\u00e7\u00fcleri: Boy: 10 cm Y\u00fckseklik: 5 cm<\/li>\n<\/ul>\n","protected":false},"featured_media":1623,"comment_status":"open","ping_status":"closed","template":"","meta":[],"product_brand":[],"product_cat":[37,32,15],"product_tag":[],"class_list":{"0":"post-1622","1":"product","2":"type-product","3":"status-publish","4":"has-post-thumbnail","6":"product_cat-ev-gerecleri","7":"product_cat-hirdavat","8":"product_cat-tum-urunler","10":"first","11":"instock","12":"sale","13":"taxable","14":"shipping-taxable","15":"purchasable","16":"product-type-simple"},"yoast_head":"<!-- This site is optimized with the Yoast SEO plugin v27.2 - https:\/\/yoast.com\/product\/yoast-seo-wordpress\/ -->\n<title>Mini Masa Mengene S\u0131k\u0131\u015ft\u0131rma Sabitleme Aparat\u0131 I\u015fkence Aleti 10 Cm |<\/title>\n<meta name=\"description\" content=\"Mini Masa Tezgah Hobi Mengenesi Sabitleme S\u0131k\u0131\u015ft\u0131rma Aparat 30mm Tezgah \u00dcst\u00fc Mengene \u00e7al\u0131\u015f\u0131lacak malzemeye rahat bir a\u00e7\u0131dan yakla\u015f\u0131lmas\u0131n\u0131 sa\u011flar. Mini Tezgah Tipi Mengene sa\u011flam bir denge kurmak i\u00e7in e\u011filme ve b\u00fck\u00fclmeye engel olur. Masa Mengenesi kelep\u00e7e mekanizmas\u0131, ba\u011f\u0131ms\u0131z tutma kelep\u00e7esi ve alet tutma mekanizmas\u0131 sayesinde kolay ve pratik bir kullan\u0131m sa\u011flar Renk: Metalik Pratik Hobi Masa Mengenesi Aparat\u0131 \u00d6l\u00e7\u00fcleri: Boy: 10 cm Y\u00fckseklik: 5 cm\" \/>\n<meta name=\"robots\" content=\"index, follow, max-snippet:-1, max-image-preview:large, max-video-preview:-1\" \/>\n<link rel=\"canonical\" href=\"https:\/\/www.peraavm.com\/index.php\/urun\/mini-masa-mengene-sikistirma-sabitleme-aparati-iskence-aleti-10-cmini-masa-mengene-sikistirma-sabitleme-aparati-iskence-aleti-10-cm\/\" \/>\n<meta property=\"og:locale\" content=\"tr_TR\" \/>\n<meta property=\"og:type\" content=\"article\" \/>\n<meta property=\"og:title\" content=\"Mini Masa Mengene S\u0131k\u0131\u015ft\u0131rma Sabitleme Aparat\u0131 I\u015fkence Aleti 10 Cm |\" \/>\n<meta property=\"og:description\" content=\"Mini Masa Tezgah Hobi Mengenesi Sabitleme S\u0131k\u0131\u015ft\u0131rma Aparat 30mm Tezgah \u00dcst\u00fc Mengene \u00e7al\u0131\u015f\u0131lacak malzemeye rahat bir a\u00e7\u0131dan yakla\u015f\u0131lmas\u0131n\u0131 sa\u011flar. Mini Tezgah Tipi Mengene sa\u011flam bir denge kurmak i\u00e7in e\u011filme ve b\u00fck\u00fclmeye engel olur. Masa Mengenesi kelep\u00e7e mekanizmas\u0131, ba\u011f\u0131ms\u0131z tutma kelep\u00e7esi ve alet tutma mekanizmas\u0131 sayesinde kolay ve pratik bir kullan\u0131m sa\u011flar Renk: Metalik Pratik Hobi Masa Mengenesi Aparat\u0131 \u00d6l\u00e7\u00fcleri: Boy: 10 cm Y\u00fckseklik: 5 cm\" \/>\n<meta property=\"og:url\" content=\"https:\/\/www.peraavm.com\/index.php\/urun\/mini-masa-mengene-sikistirma-sabitleme-aparati-iskence-aleti-10-cmini-masa-mengene-sikistirma-sabitleme-aparati-iskence-aleti-10-cm\/\" \/>\n<meta property=\"article:modified_time\" content=\"2026-01-17T19:39:00+00:00\" \/>\n<meta property=\"og:image\" content=\"https:\/\/www.peraavm.com\/wp-content\/uploads\/2021\/12\/234234-copy-1.jpg\" \/>\n\t<meta property=\"og:image:width\" content=\"300\" \/>\n\t<meta property=\"og:image:height\" content=\"300\" \/>\n\t<meta property=\"og:image:type\" content=\"image\/jpeg\" \/>\n<meta name=\"twitter:card\" content=\"summary_large_image\" \/>\n<script type=\"application\/ld+json\" class=\"yoast-schema-graph\">{\"@context\":\"https:\/\/schema.org\",\"@graph\":[{\"@type\":\"WebPage\",\"@id\":\"https:\/\/www.peraavm.com\/index.php\/urun\/mini-masa-mengene-sikistirma-sabitleme-aparati-iskence-aleti-10-cmini-masa-mengene-sikistirma-sabitleme-aparati-iskence-aleti-10-cm\/\",\"url\":\"https:\/\/www.peraavm.com\/index.php\/urun\/mini-masa-mengene-sikistirma-sabitleme-aparati-iskence-aleti-10-cmini-masa-mengene-sikistirma-sabitleme-aparati-iskence-aleti-10-cm\/\",\"name\":\"Mini Masa Mengene S\u0131k\u0131\u015ft\u0131rma Sabitleme Aparat\u0131 I\u015fkence Aleti 10 Cm |\",\"isPartOf\":{\"@id\":\"https:\/\/www.peraavm.com\/#website\"},\"primaryImageOfPage\":{\"@id\":\"https:\/\/www.peraavm.com\/index.php\/urun\/mini-masa-mengene-sikistirma-sabitleme-aparati-iskence-aleti-10-cmini-masa-mengene-sikistirma-sabitleme-aparati-iskence-aleti-10-cm\/#primaryimage\"},\"image\":{\"@id\":\"https:\/\/www.peraavm.com\/index.php\/urun\/mini-masa-mengene-sikistirma-sabitleme-aparati-iskence-aleti-10-cmini-masa-mengene-sikistirma-sabitleme-aparati-iskence-aleti-10-cm\/#primaryimage\"},\"thumbnailUrl\":\"https:\/\/www.peraavm.com\/wp-content\/uploads\/2021\/12\/234234-copy-1.jpg\",\"datePublished\":\"2021-12-09T10:07:17+00:00\",\"dateModified\":\"2026-01-17T19:39:00+00:00\",\"description\":\"Mini Masa Tezgah Hobi Mengenesi Sabitleme S\u0131k\u0131\u015ft\u0131rma Aparat 30mm Tezgah \u00dcst\u00fc Mengene \u00e7al\u0131\u015f\u0131lacak malzemeye rahat bir a\u00e7\u0131dan yakla\u015f\u0131lmas\u0131n\u0131 sa\u011flar. Mini Tezgah Tipi Mengene sa\u011flam bir denge kurmak i\u00e7in e\u011filme ve b\u00fck\u00fclmeye engel olur. Masa Mengenesi kelep\u00e7e mekanizmas\u0131, ba\u011f\u0131ms\u0131z tutma kelep\u00e7esi ve alet tutma mekanizmas\u0131 sayesinde kolay ve pratik bir kullan\u0131m sa\u011flar Renk: Metalik Pratik Hobi Masa Mengenesi Aparat\u0131 \u00d6l\u00e7\u00fcleri: Boy: 10 cm Y\u00fckseklik: 5 cm\",\"breadcrumb\":{\"@id\":\"https:\/\/www.peraavm.com\/index.php\/urun\/mini-masa-mengene-sikistirma-sabitleme-aparati-iskence-aleti-10-cmini-masa-mengene-sikistirma-sabitleme-aparati-iskence-aleti-10-cm\/#breadcrumb\"},\"inLanguage\":\"tr\",\"potentialAction\":[{\"@type\":\"ReadAction\",\"target\":[\"https:\/\/www.peraavm.com\/index.php\/urun\/mini-masa-mengene-sikistirma-sabitleme-aparati-iskence-aleti-10-cmini-masa-mengene-sikistirma-sabitleme-aparati-iskence-aleti-10-cm\/\"]}]},{\"@type\":\"ImageObject\",\"inLanguage\":\"tr\",\"@id\":\"https:\/\/www.peraavm.com\/index.php\/urun\/mini-masa-mengene-sikistirma-sabitleme-aparati-iskence-aleti-10-cmini-masa-mengene-sikistirma-sabitleme-aparati-iskence-aleti-10-cm\/#primaryimage\",\"url\":\"https:\/\/www.peraavm.com\/wp-content\/uploads\/2021\/12\/234234-copy-1.jpg\",\"contentUrl\":\"https:\/\/www.peraavm.com\/wp-content\/uploads\/2021\/12\/234234-copy-1.jpg\",\"width\":300,\"height\":300},{\"@type\":\"BreadcrumbList\",\"@id\":\"https:\/\/www.peraavm.com\/index.php\/urun\/mini-masa-mengene-sikistirma-sabitleme-aparati-iskence-aleti-10-cmini-masa-mengene-sikistirma-sabitleme-aparati-iskence-aleti-10-cm\/#breadcrumb\",\"itemListElement\":[{\"@type\":\"ListItem\",\"position\":1,\"name\":\"Anasayfa\",\"item\":\"https:\/\/www.peraavm.com\/\"},{\"@type\":\"ListItem\",\"position\":2,\"name\":\"Magaza\",\"item\":\"https:\/\/www.peraavm.com\/index.php\/magaza\/\"},{\"@type\":\"ListItem\",\"position\":3,\"name\":\"Mini Masa Mengene S\u0131k\u0131\u015ft\u0131rma Sabitleme Aparat\u0131 I\u015fkence Aleti 10 Cm\"}]},{\"@type\":\"WebSite\",\"@id\":\"https:\/\/www.peraavm.com\/#website\",\"url\":\"https:\/\/www.peraavm.com\/\",\"name\":\"Pratikmagazam.com\",\"description\":\"\",\"publisher\":{\"@id\":\"https:\/\/www.peraavm.com\/#organization\"},\"potentialAction\":[{\"@type\":\"SearchAction\",\"target\":{\"@type\":\"EntryPoint\",\"urlTemplate\":\"https:\/\/www.peraavm.com\/?s={search_term_string}\"},\"query-input\":{\"@type\":\"PropertyValueSpecification\",\"valueRequired\":true,\"valueName\":\"search_term_string\"}}],\"inLanguage\":\"tr\"},{\"@type\":\"Organization\",\"@id\":\"https:\/\/www.peraavm.com\/#organization\",\"name\":\"pratikmagazam.com\",\"url\":\"https:\/\/www.peraavm.com\/\",\"logo\":{\"@type\":\"ImageObject\",\"inLanguage\":\"tr\",\"@id\":\"https:\/\/www.peraavm.com\/#\/schema\/logo\/image\/\",\"url\":\"https:\/\/www.pratikmagazam.com\/wp-content\/uploads\/2021\/11\/Ekran-Resmi-2021-11-17-08.16.13.png\",\"contentUrl\":\"https:\/\/www.pratikmagazam.com\/wp-content\/uploads\/2021\/11\/Ekran-Resmi-2021-11-17-08.16.13.png\",\"width\":477,\"height\":135,\"caption\":\"pratikmagazam.com\"},\"image\":{\"@id\":\"https:\/\/www.peraavm.com\/#\/schema\/logo\/image\/\"},\"sameAs\":[\"https:\/\/instagram.com\/pratikmagazam?utm_medium=copy_link\"]}]}<\/script>\n<!-- \/ Yoast SEO plugin. -->","yoast_head_json":{"title":"Mini Masa Mengene S\u0131k\u0131\u015ft\u0131rma Sabitleme Aparat\u0131 I\u015fkence Aleti 10 Cm |","description":"Mini Masa Tezgah Hobi Mengenesi Sabitleme S\u0131k\u0131\u015ft\u0131rma Aparat 30mm Tezgah \u00dcst\u00fc Mengene \u00e7al\u0131\u015f\u0131lacak malzemeye rahat bir a\u00e7\u0131dan yakla\u015f\u0131lmas\u0131n\u0131 sa\u011flar. Mini Tezgah Tipi Mengene sa\u011flam bir denge kurmak i\u00e7in e\u011filme ve b\u00fck\u00fclmeye engel olur. Masa Mengenesi kelep\u00e7e mekanizmas\u0131, ba\u011f\u0131ms\u0131z tutma kelep\u00e7esi ve alet tutma mekanizmas\u0131 sayesinde kolay ve pratik bir kullan\u0131m sa\u011flar Renk: Metalik Pratik Hobi Masa Mengenesi Aparat\u0131 \u00d6l\u00e7\u00fcleri: Boy: 10 cm Y\u00fckseklik: 5 cm","robots":{"index":"index","follow":"follow","max-snippet":"max-snippet:-1","max-image-preview":"max-image-preview:large","max-video-preview":"max-video-preview:-1"},"canonical":"https:\/\/www.peraavm.com\/index.php\/urun\/mini-masa-mengene-sikistirma-sabitleme-aparati-iskence-aleti-10-cmini-masa-mengene-sikistirma-sabitleme-aparati-iskence-aleti-10-cm\/","og_locale":"tr_TR","og_type":"article","og_title":"Mini Masa Mengene S\u0131k\u0131\u015ft\u0131rma Sabitleme Aparat\u0131 I\u015fkence Aleti 10 Cm |","og_description":"Mini Masa Tezgah Hobi Mengenesi Sabitleme S\u0131k\u0131\u015ft\u0131rma Aparat 30mm Tezgah \u00dcst\u00fc Mengene \u00e7al\u0131\u015f\u0131lacak malzemeye rahat bir a\u00e7\u0131dan yakla\u015f\u0131lmas\u0131n\u0131 sa\u011flar. Mini Tezgah Tipi Mengene sa\u011flam bir denge kurmak i\u00e7in e\u011filme ve b\u00fck\u00fclmeye engel olur. Masa Mengenesi kelep\u00e7e mekanizmas\u0131, ba\u011f\u0131ms\u0131z tutma kelep\u00e7esi ve alet tutma mekanizmas\u0131 sayesinde kolay ve pratik bir kullan\u0131m sa\u011flar Renk: Metalik Pratik Hobi Masa Mengenesi Aparat\u0131 \u00d6l\u00e7\u00fcleri: Boy: 10 cm Y\u00fckseklik: 5 cm","og_url":"https:\/\/www.peraavm.com\/index.php\/urun\/mini-masa-mengene-sikistirma-sabitleme-aparati-iskence-aleti-10-cmini-masa-mengene-sikistirma-sabitleme-aparati-iskence-aleti-10-cm\/","article_modified_time":"2026-01-17T19:39:00+00:00","og_image":[{"width":300,"height":300,"url":"https:\/\/www.peraavm.com\/wp-content\/uploads\/2021\/12\/234234-copy-1.jpg","type":"image\/jpeg"}],"twitter_card":"summary_large_image","schema":{"@context":"https:\/\/schema.org","@graph":[{"@type":"WebPage","@id":"https:\/\/www.peraavm.com\/index.php\/urun\/mini-masa-mengene-sikistirma-sabitleme-aparati-iskence-aleti-10-cmini-masa-mengene-sikistirma-sabitleme-aparati-iskence-aleti-10-cm\/","url":"https:\/\/www.peraavm.com\/index.php\/urun\/mini-masa-mengene-sikistirma-sabitleme-aparati-iskence-aleti-10-cmini-masa-mengene-sikistirma-sabitleme-aparati-iskence-aleti-10-cm\/","name":"Mini Masa Mengene S\u0131k\u0131\u015ft\u0131rma Sabitleme Aparat\u0131 I\u015fkence Aleti 10 Cm |","isPartOf":{"@id":"https:\/\/www.peraavm.com\/#website"},"primaryImageOfPage":{"@id":"https:\/\/www.peraavm.com\/index.php\/urun\/mini-masa-mengene-sikistirma-sabitleme-aparati-iskence-aleti-10-cmini-masa-mengene-sikistirma-sabitleme-aparati-iskence-aleti-10-cm\/#primaryimage"},"image":{"@id":"https:\/\/www.peraavm.com\/index.php\/urun\/mini-masa-mengene-sikistirma-sabitleme-aparati-iskence-aleti-10-cmini-masa-mengene-sikistirma-sabitleme-aparati-iskence-aleti-10-cm\/#primaryimage"},"thumbnailUrl":"https:\/\/www.peraavm.com\/wp-content\/uploads\/2021\/12\/234234-copy-1.jpg","datePublished":"2021-12-09T10:07:17+00:00","dateModified":"2026-01-17T19:39:00+00:00","description":"Mini Masa Tezgah Hobi Mengenesi Sabitleme S\u0131k\u0131\u015ft\u0131rma Aparat 30mm Tezgah \u00dcst\u00fc Mengene \u00e7al\u0131\u015f\u0131lacak malzemeye rahat bir a\u00e7\u0131dan yakla\u015f\u0131lmas\u0131n\u0131 sa\u011flar. Mini Tezgah Tipi Mengene sa\u011flam bir denge kurmak i\u00e7in e\u011filme ve b\u00fck\u00fclmeye engel olur. Masa Mengenesi kelep\u00e7e mekanizmas\u0131, ba\u011f\u0131ms\u0131z tutma kelep\u00e7esi ve alet tutma mekanizmas\u0131 sayesinde kolay ve pratik bir kullan\u0131m sa\u011flar Renk: Metalik Pratik Hobi Masa Mengenesi Aparat\u0131 \u00d6l\u00e7\u00fcleri: Boy: 10 cm Y\u00fckseklik: 5 cm","breadcrumb":{"@id":"https:\/\/www.peraavm.com\/index.php\/urun\/mini-masa-mengene-sikistirma-sabitleme-aparati-iskence-aleti-10-cmini-masa-mengene-sikistirma-sabitleme-aparati-iskence-aleti-10-cm\/#breadcrumb"},"inLanguage":"tr","potentialAction":[{"@type":"ReadAction","target":["https:\/\/www.peraavm.com\/index.php\/urun\/mini-masa-mengene-sikistirma-sabitleme-aparati-iskence-aleti-10-cmini-masa-mengene-sikistirma-sabitleme-aparati-iskence-aleti-10-cm\/"]}]},{"@type":"ImageObject","inLanguage":"tr","@id":"https:\/\/www.peraavm.com\/index.php\/urun\/mini-masa-mengene-sikistirma-sabitleme-aparati-iskence-aleti-10-cmini-masa-mengene-sikistirma-sabitleme-aparati-iskence-aleti-10-cm\/#primaryimage","url":"https:\/\/www.peraavm.com\/wp-content\/uploads\/2021\/12\/234234-copy-1.jpg","contentUrl":"https:\/\/www.peraavm.com\/wp-content\/uploads\/2021\/12\/234234-copy-1.jpg","width":300,"height":300},{"@type":"BreadcrumbList","@id":"https:\/\/www.peraavm.com\/index.php\/urun\/mini-masa-mengene-sikistirma-sabitleme-aparati-iskence-aleti-10-cmini-masa-mengene-sikistirma-sabitleme-aparati-iskence-aleti-10-cm\/#breadcrumb","itemListElement":[{"@type":"ListItem","position":1,"name":"Anasayfa","item":"https:\/\/www.peraavm.com\/"},{"@type":"ListItem","position":2,"name":"Magaza","item":"https:\/\/www.peraavm.com\/index.php\/magaza\/"},{"@type":"ListItem","position":3,"name":"Mini Masa Mengene S\u0131k\u0131\u015ft\u0131rma Sabitleme Aparat\u0131 I\u015fkence Aleti 10 Cm"}]},{"@type":"WebSite","@id":"https:\/\/www.peraavm.com\/#website","url":"https:\/\/www.peraavm.com\/","name":"Pratikmagazam.com","description":"","publisher":{"@id":"https:\/\/www.peraavm.com\/#organization"},"potentialAction":[{"@type":"SearchAction","target":{"@type":"EntryPoint","urlTemplate":"https:\/\/www.peraavm.com\/?s={search_term_string}"},"query-input":{"@type":"PropertyValueSpecification","valueRequired":true,"valueName":"search_term_string"}}],"inLanguage":"tr"},{"@type":"Organization","@id":"https:\/\/www.peraavm.com\/#organization","name":"pratikmagazam.com","url":"https:\/\/www.peraavm.com\/","logo":{"@type":"ImageObject","inLanguage":"tr","@id":"https:\/\/www.peraavm.com\/#\/schema\/logo\/image\/","url":"https:\/\/www.pratikmagazam.com\/wp-content\/uploads\/2021\/11\/Ekran-Resmi-2021-11-17-08.16.13.png","contentUrl":"https:\/\/www.pratikmagazam.com\/wp-content\/uploads\/2021\/11\/Ekran-Resmi-2021-11-17-08.16.13.png","width":477,"height":135,"caption":"pratikmagazam.com"},"image":{"@id":"https:\/\/www.peraavm.com\/#\/schema\/logo\/image\/"},"sameAs":["https:\/\/instagram.com\/pratikmagazam?utm_medium=copy_link"]}]}},"_links":{"self":[{"href":"https:\/\/www.peraavm.com\/index.php\/wp-json\/wp\/v2\/product\/1622","targetHints":{"allow":["GET"]}}],"collection":[{"href":"https:\/\/www.peraavm.com\/index.php\/wp-json\/wp\/v2\/product"}],"about":[{"href":"https:\/\/www.peraavm.com\/index.php\/wp-json\/wp\/v2\/types\/product"}],"replies":[{"embeddable":true,"href":"https:\/\/www.peraavm.com\/index.php\/wp-json\/wp\/v2\/comments?post=1622"}],"wp:featuredmedia":[{"embeddable":true,"href":"https:\/\/www.peraavm.com\/index.php\/wp-json\/wp\/v2\/media\/1623"}],"wp:attachment":[{"href":"https:\/\/www.peraavm.com\/index.php\/wp-json\/wp\/v2\/media?parent=1622"}],"wp:term":[{"taxonomy":"product_brand","embeddable":true,"href":"https:\/\/www.peraavm.com\/index.php\/wp-json\/wp\/v2\/product_brand?post=1622"},{"taxonomy":"product_cat","embeddable":true,"href":"https:\/\/www.peraavm.com\/index.php\/wp-json\/wp\/v2\/product_cat?post=1622"},{"taxonomy":"product_tag","embeddable":true,"href":"https:\/\/www.peraavm.com\/index.php\/wp-json\/wp\/v2\/product_tag?post=1622"}],"curies":[{"name":"wp","href":"https:\/\/api.w.org\/{rel}","templated":true}]}}