{"id":1640,"date":"2021-12-10T09:22:59","date_gmt":"2021-12-10T09:22:59","guid":{"rendered":"https:\/\/www.pratikmagazam.com\/?post_type=product&#038;p=1640"},"modified":"2023-12-22T14:15:15","modified_gmt":"2023-12-22T14:15:15","slug":"silikon-pratik-sarimsak-soyucu-rulo-asorti-karisik-renksilikon-pratik-sarimsak-soyucu-rulo-pratik-hizli-sarimsak-soyma-aparati-silikon-soyacak-rulo-soyucu-pratik-hizli-sarimsak-soyma-aparati-silikon-s","status":"publish","type":"product","link":"https:\/\/www.peraavm.com\/index.php\/urun\/silikon-pratik-sarimsak-soyucu-rulo-asorti-karisik-renksilikon-pratik-sarimsak-soyucu-rulo-pratik-hizli-sarimsak-soyma-aparati-silikon-soyacak-rulo-soyucu-pratik-hizli-sarimsak-soyma-aparati-silikon-s\/","title":{"rendered":"Silikon Pratik Sar\u0131msak Soyucu Rulo Asorti Kar\u0131\u015f\u0131k Renk"},"content":{"rendered":"<ul class=\"detail-desc-list\">\n<li class=\"detail-desc-item\">Silikon Pratik Sar\u0131msak Soyucu Rulo Pratik H\u0131zl\u0131 Sar\u0131msak Soyma Aparat\u0131 Silikon Soyacak Rulo Soyucu Pratik H\u0131zl\u0131 Sar\u0131msak Soyma Aparat\u0131 Silikon Soyacak Rulo Soyucu Elleriniz sar\u0131msak kokmadan saniyeler i\u00e7inde sar\u0131msak soymaya yarayan, hem k\u00fc\u00e7\u00fck hem de \u00e7ok pratik Silikon Sar\u0131msak Soyucu Rulo. Silikon Sar\u0131msak Soyucu Rulo&#8217;nun i\u00e7ine sar\u0131msaklar\u0131 koyun ve ellerinizin aras\u0131nda veya zeminde yuvarlay\u0131n. Saniyeler i\u00e7erisinde sar\u0131msaklar t\u00fcm kabuklar\u0131ndan ayr\u0131lacak ve elleriniz kokmadan, b\u0131\u00e7ak kullanmadan haz\u0131r olacaklar! 1 Adet rulonun i\u00e7erisinde birden fazla sar\u0131msa\u011f\u0131 ayn\u0131 anda soyabilirsiniz. Rulonun i\u00e7inden sar\u0131msaklar\u0131 \u00e7\u0131kard\u0131\u011f\u0131n\u0131zda, kabuklar\u0131 ve i\u00e7i ayr\u0131lm\u0131\u015f olacakt\u0131r. Sa\u011fl\u0131\u011fa zarars\u0131z kau\u00e7uk silikondan \u00fcretilmi\u015ftir. G\u0131da ile temasa uygundur. T\u00fcrkiye&#8217;de \u00fcretilmi\u015ftir. \u00dcr\u00fcn \u00d6l\u00e7\u00fcleri: 12 cm x 5 cm. Stok durumuna g\u00f6re kar\u0131\u015f\u0131k renklerde g\u00f6nderilecektir.<\/li>\n<\/ul>\n","protected":false},"excerpt":{"rendered":"<ul class=\"detail-desc-list\">\n<li class=\"detail-desc-item\">Silikon Pratik Sar\u0131msak Soyucu Rulo Pratik H\u0131zl\u0131 Sar\u0131msak Soyma Aparat\u0131 Silikon Soyacak Rulo Soyucu Pratik H\u0131zl\u0131 Sar\u0131msak Soyma Aparat\u0131 Silikon Soyacak Rulo Soyucu Elleriniz sar\u0131msak kokmadan saniyeler i\u00e7inde sar\u0131msak soymaya yarayan, hem k\u00fc\u00e7\u00fck hem de \u00e7ok pratik Silikon Sar\u0131msak Soyucu Rulo. Silikon Sar\u0131msak Soyucu Rulo&#8217;nun i\u00e7ine sar\u0131msaklar\u0131 koyun ve ellerinizin aras\u0131nda veya zeminde yuvarlay\u0131n. Saniyeler i\u00e7erisinde sar\u0131msaklar t\u00fcm kabuklar\u0131ndan ayr\u0131lacak ve elleriniz kokmadan, b\u0131\u00e7ak kullanmadan haz\u0131r olacaklar! 1 Adet rulonun i\u00e7erisinde birden fazla sar\u0131msa\u011f\u0131 ayn\u0131 anda soyabilirsiniz. Rulonun i\u00e7inden sar\u0131msaklar\u0131 \u00e7\u0131kard\u0131\u011f\u0131n\u0131zda, kabuklar\u0131 ve i\u00e7i ayr\u0131lm\u0131\u015f olacakt\u0131r. Sa\u011fl\u0131\u011fa zarars\u0131z kau\u00e7uk silikondan \u00fcretilmi\u015ftir. G\u0131da ile temasa uygundur. T\u00fcrkiye&#8217;de \u00fcretilmi\u015ftir. \u00dcr\u00fcn \u00d6l\u00e7\u00fcleri: 12 cm x 5 cm. Stok durumuna g\u00f6re kar\u0131\u015f\u0131k renklerde g\u00f6nderilecektir.<\/li>\n<\/ul>\n","protected":false},"featured_media":1641,"comment_status":"open","ping_status":"closed","template":"","meta":[],"product_brand":[],"product_cat":[37,29,15],"product_tag":[],"class_list":{"0":"post-1640","1":"product","2":"type-product","3":"status-publish","4":"has-post-thumbnail","6":"product_cat-ev-gerecleri","7":"product_cat-mutfak-gerecleri","8":"product_cat-tum-urunler","10":"first","11":"instock","12":"sale","13":"taxable","14":"shipping-taxable","15":"purchasable","16":"product-type-simple"},"yoast_head":"<!-- This site is optimized with the Yoast SEO plugin v27.2 - https:\/\/yoast.com\/product\/yoast-seo-wordpress\/ -->\n<title>Silikon Pratik Sar\u0131msak Soyucu Rulo Asorti Kar\u0131\u015f\u0131k Renk |<\/title>\n<meta name=\"description\" content=\"Silikon Pratik Sar\u0131msak Soyucu Rulo Pratik H\u0131zl\u0131 Sar\u0131msak Soyma Aparat\u0131 Silikon Soyacak Rulo Soyucu Pratik H\u0131zl\u0131 Sar\u0131msak Soyma Aparat\u0131 Silikon Soyacak Rulo Soyucu Elleriniz sar\u0131msak kokmadan saniyeler i\u00e7inde sar\u0131msak soymaya yarayan, hem k\u00fc\u00e7\u00fck hem de \u00e7ok pratik Silikon Sar\u0131msak Soyucu Rulo. Silikon Sar\u0131msak Soyucu Rulo&#039;nun i\u00e7ine sar\u0131msaklar\u0131 koyun ve ellerinizin aras\u0131nda veya zeminde yuvarlay\u0131n. Saniyeler i\u00e7erisinde sar\u0131msaklar t\u00fcm kabuklar\u0131ndan ayr\u0131lacak ve elleriniz kokmadan, b\u0131\u00e7ak kullanmadan haz\u0131r olacaklar! 1 Adet rulonun i\u00e7erisinde birden fazla sar\u0131msa\u011f\u0131 ayn\u0131 anda soyabilirsiniz. Rulonun i\u00e7inden sar\u0131msaklar\u0131 \u00e7\u0131kard\u0131\u011f\u0131n\u0131zda, kabuklar\u0131 ve i\u00e7i ayr\u0131lm\u0131\u015f olacakt\u0131r. Sa\u011fl\u0131\u011fa zarars\u0131z kau\u00e7uk silikondan \u00fcretilmi\u015ftir. G\u0131da ile temasa uygundur. T\u00fcrkiye&#039;de \u00fcretilmi\u015ftir. \u00dcr\u00fcn \u00d6l\u00e7\u00fcleri: 12 cm x 5 cm. Stok durumuna g\u00f6re kar\u0131\u015f\u0131k renklerde g\u00f6nderilecektir.\" \/>\n<meta name=\"robots\" content=\"index, follow, max-snippet:-1, max-image-preview:large, max-video-preview:-1\" \/>\n<link rel=\"canonical\" href=\"https:\/\/www.peraavm.com\/index.php\/urun\/silikon-pratik-sarimsak-soyucu-rulo-asorti-karisik-renksilikon-pratik-sarimsak-soyucu-rulo-pratik-hizli-sarimsak-soyma-aparati-silikon-soyacak-rulo-soyucu-pratik-hizli-sarimsak-soyma-aparati-silikon-s\/\" \/>\n<meta property=\"og:locale\" content=\"tr_TR\" \/>\n<meta property=\"og:type\" content=\"article\" \/>\n<meta property=\"og:title\" content=\"Silikon Pratik Sar\u0131msak Soyucu Rulo Asorti Kar\u0131\u015f\u0131k Renk |\" \/>\n<meta property=\"og:description\" content=\"Silikon Pratik Sar\u0131msak Soyucu Rulo Pratik H\u0131zl\u0131 Sar\u0131msak Soyma Aparat\u0131 Silikon Soyacak Rulo Soyucu Pratik H\u0131zl\u0131 Sar\u0131msak Soyma Aparat\u0131 Silikon Soyacak Rulo Soyucu Elleriniz sar\u0131msak kokmadan saniyeler i\u00e7inde sar\u0131msak soymaya yarayan, hem k\u00fc\u00e7\u00fck hem de \u00e7ok pratik Silikon Sar\u0131msak Soyucu Rulo. Silikon Sar\u0131msak Soyucu Rulo&#039;nun i\u00e7ine sar\u0131msaklar\u0131 koyun ve ellerinizin aras\u0131nda veya zeminde yuvarlay\u0131n. Saniyeler i\u00e7erisinde sar\u0131msaklar t\u00fcm kabuklar\u0131ndan ayr\u0131lacak ve elleriniz kokmadan, b\u0131\u00e7ak kullanmadan haz\u0131r olacaklar! 1 Adet rulonun i\u00e7erisinde birden fazla sar\u0131msa\u011f\u0131 ayn\u0131 anda soyabilirsiniz. Rulonun i\u00e7inden sar\u0131msaklar\u0131 \u00e7\u0131kard\u0131\u011f\u0131n\u0131zda, kabuklar\u0131 ve i\u00e7i ayr\u0131lm\u0131\u015f olacakt\u0131r. Sa\u011fl\u0131\u011fa zarars\u0131z kau\u00e7uk silikondan \u00fcretilmi\u015ftir. G\u0131da ile temasa uygundur. T\u00fcrkiye&#039;de \u00fcretilmi\u015ftir. \u00dcr\u00fcn \u00d6l\u00e7\u00fcleri: 12 cm x 5 cm. Stok durumuna g\u00f6re kar\u0131\u015f\u0131k renklerde g\u00f6nderilecektir.\" \/>\n<meta property=\"og:url\" content=\"https:\/\/www.peraavm.com\/index.php\/urun\/silikon-pratik-sarimsak-soyucu-rulo-asorti-karisik-renksilikon-pratik-sarimsak-soyucu-rulo-pratik-hizli-sarimsak-soyma-aparati-silikon-soyacak-rulo-soyucu-pratik-hizli-sarimsak-soyma-aparati-silikon-s\/\" \/>\n<meta property=\"article:modified_time\" content=\"2023-12-22T14:15:15+00:00\" \/>\n<meta property=\"og:image\" content=\"https:\/\/www.peraavm.com\/wp-content\/uploads\/2021\/12\/324324234-2.jpg\" \/>\n\t<meta property=\"og:image:width\" content=\"300\" \/>\n\t<meta property=\"og:image:height\" content=\"300\" \/>\n\t<meta property=\"og:image:type\" content=\"image\/jpeg\" \/>\n<meta name=\"twitter:card\" content=\"summary_large_image\" \/>\n<meta name=\"twitter:label1\" content=\"Tahmini okuma s\u00fcresi\" \/>\n\t<meta name=\"twitter:data1\" content=\"1 dakika\" \/>\n<script type=\"application\/ld+json\" class=\"yoast-schema-graph\">{\"@context\":\"https:\/\/schema.org\",\"@graph\":[{\"@type\":\"WebPage\",\"@id\":\"https:\/\/www.peraavm.com\/index.php\/urun\/silikon-pratik-sarimsak-soyucu-rulo-asorti-karisik-renksilikon-pratik-sarimsak-soyucu-rulo-pratik-hizli-sarimsak-soyma-aparati-silikon-soyacak-rulo-soyucu-pratik-hizli-sarimsak-soyma-aparati-silikon-s\/\",\"url\":\"https:\/\/www.peraavm.com\/index.php\/urun\/silikon-pratik-sarimsak-soyucu-rulo-asorti-karisik-renksilikon-pratik-sarimsak-soyucu-rulo-pratik-hizli-sarimsak-soyma-aparati-silikon-soyacak-rulo-soyucu-pratik-hizli-sarimsak-soyma-aparati-silikon-s\/\",\"name\":\"Silikon Pratik Sar\u0131msak Soyucu Rulo Asorti Kar\u0131\u015f\u0131k Renk |\",\"isPartOf\":{\"@id\":\"https:\/\/www.peraavm.com\/#website\"},\"primaryImageOfPage\":{\"@id\":\"https:\/\/www.peraavm.com\/index.php\/urun\/silikon-pratik-sarimsak-soyucu-rulo-asorti-karisik-renksilikon-pratik-sarimsak-soyucu-rulo-pratik-hizli-sarimsak-soyma-aparati-silikon-soyacak-rulo-soyucu-pratik-hizli-sarimsak-soyma-aparati-silikon-s\/#primaryimage\"},\"image\":{\"@id\":\"https:\/\/www.peraavm.com\/index.php\/urun\/silikon-pratik-sarimsak-soyucu-rulo-asorti-karisik-renksilikon-pratik-sarimsak-soyucu-rulo-pratik-hizli-sarimsak-soyma-aparati-silikon-soyacak-rulo-soyucu-pratik-hizli-sarimsak-soyma-aparati-silikon-s\/#primaryimage\"},\"thumbnailUrl\":\"https:\/\/www.peraavm.com\/wp-content\/uploads\/2021\/12\/324324234-2.jpg\",\"datePublished\":\"2021-12-10T09:22:59+00:00\",\"dateModified\":\"2023-12-22T14:15:15+00:00\",\"description\":\"Silikon Pratik Sar\u0131msak Soyucu Rulo Pratik H\u0131zl\u0131 Sar\u0131msak Soyma Aparat\u0131 Silikon Soyacak Rulo Soyucu Pratik H\u0131zl\u0131 Sar\u0131msak Soyma Aparat\u0131 Silikon Soyacak Rulo Soyucu Elleriniz sar\u0131msak kokmadan saniyeler i\u00e7inde sar\u0131msak soymaya yarayan, hem k\u00fc\u00e7\u00fck hem de \u00e7ok pratik Silikon Sar\u0131msak Soyucu Rulo. Silikon Sar\u0131msak Soyucu Rulo'nun i\u00e7ine sar\u0131msaklar\u0131 koyun ve ellerinizin aras\u0131nda veya zeminde yuvarlay\u0131n. Saniyeler i\u00e7erisinde sar\u0131msaklar t\u00fcm kabuklar\u0131ndan ayr\u0131lacak ve elleriniz kokmadan, b\u0131\u00e7ak kullanmadan haz\u0131r olacaklar! 1 Adet rulonun i\u00e7erisinde birden fazla sar\u0131msa\u011f\u0131 ayn\u0131 anda soyabilirsiniz. Rulonun i\u00e7inden sar\u0131msaklar\u0131 \u00e7\u0131kard\u0131\u011f\u0131n\u0131zda, kabuklar\u0131 ve i\u00e7i ayr\u0131lm\u0131\u015f olacakt\u0131r. Sa\u011fl\u0131\u011fa zarars\u0131z kau\u00e7uk silikondan \u00fcretilmi\u015ftir. G\u0131da ile temasa uygundur. T\u00fcrkiye'de \u00fcretilmi\u015ftir. \u00dcr\u00fcn \u00d6l\u00e7\u00fcleri: 12 cm x 5 cm. Stok durumuna g\u00f6re kar\u0131\u015f\u0131k renklerde g\u00f6nderilecektir.\",\"breadcrumb\":{\"@id\":\"https:\/\/www.peraavm.com\/index.php\/urun\/silikon-pratik-sarimsak-soyucu-rulo-asorti-karisik-renksilikon-pratik-sarimsak-soyucu-rulo-pratik-hizli-sarimsak-soyma-aparati-silikon-soyacak-rulo-soyucu-pratik-hizli-sarimsak-soyma-aparati-silikon-s\/#breadcrumb\"},\"inLanguage\":\"tr\",\"potentialAction\":[{\"@type\":\"ReadAction\",\"target\":[\"https:\/\/www.peraavm.com\/index.php\/urun\/silikon-pratik-sarimsak-soyucu-rulo-asorti-karisik-renksilikon-pratik-sarimsak-soyucu-rulo-pratik-hizli-sarimsak-soyma-aparati-silikon-soyacak-rulo-soyucu-pratik-hizli-sarimsak-soyma-aparati-silikon-s\/\"]}]},{\"@type\":\"ImageObject\",\"inLanguage\":\"tr\",\"@id\":\"https:\/\/www.peraavm.com\/index.php\/urun\/silikon-pratik-sarimsak-soyucu-rulo-asorti-karisik-renksilikon-pratik-sarimsak-soyucu-rulo-pratik-hizli-sarimsak-soyma-aparati-silikon-soyacak-rulo-soyucu-pratik-hizli-sarimsak-soyma-aparati-silikon-s\/#primaryimage\",\"url\":\"https:\/\/www.peraavm.com\/wp-content\/uploads\/2021\/12\/324324234-2.jpg\",\"contentUrl\":\"https:\/\/www.peraavm.com\/wp-content\/uploads\/2021\/12\/324324234-2.jpg\",\"width\":300,\"height\":300},{\"@type\":\"BreadcrumbList\",\"@id\":\"https:\/\/www.peraavm.com\/index.php\/urun\/silikon-pratik-sarimsak-soyucu-rulo-asorti-karisik-renksilikon-pratik-sarimsak-soyucu-rulo-pratik-hizli-sarimsak-soyma-aparati-silikon-soyacak-rulo-soyucu-pratik-hizli-sarimsak-soyma-aparati-silikon-s\/#breadcrumb\",\"itemListElement\":[{\"@type\":\"ListItem\",\"position\":1,\"name\":\"Anasayfa\",\"item\":\"https:\/\/www.peraavm.com\/\"},{\"@type\":\"ListItem\",\"position\":2,\"name\":\"Magaza\",\"item\":\"https:\/\/www.peraavm.com\/index.php\/magaza\/\"},{\"@type\":\"ListItem\",\"position\":3,\"name\":\"Silikon Pratik Sar\u0131msak Soyucu Rulo Asorti Kar\u0131\u015f\u0131k Renk\"}]},{\"@type\":\"WebSite\",\"@id\":\"https:\/\/www.peraavm.com\/#website\",\"url\":\"https:\/\/www.peraavm.com\/\",\"name\":\"Pratikmagazam.com\",\"description\":\"\",\"publisher\":{\"@id\":\"https:\/\/www.peraavm.com\/#organization\"},\"potentialAction\":[{\"@type\":\"SearchAction\",\"target\":{\"@type\":\"EntryPoint\",\"urlTemplate\":\"https:\/\/www.peraavm.com\/?s={search_term_string}\"},\"query-input\":{\"@type\":\"PropertyValueSpecification\",\"valueRequired\":true,\"valueName\":\"search_term_string\"}}],\"inLanguage\":\"tr\"},{\"@type\":\"Organization\",\"@id\":\"https:\/\/www.peraavm.com\/#organization\",\"name\":\"pratikmagazam.com\",\"url\":\"https:\/\/www.peraavm.com\/\",\"logo\":{\"@type\":\"ImageObject\",\"inLanguage\":\"tr\",\"@id\":\"https:\/\/www.peraavm.com\/#\/schema\/logo\/image\/\",\"url\":\"https:\/\/www.pratikmagazam.com\/wp-content\/uploads\/2021\/11\/Ekran-Resmi-2021-11-17-08.16.13.png\",\"contentUrl\":\"https:\/\/www.pratikmagazam.com\/wp-content\/uploads\/2021\/11\/Ekran-Resmi-2021-11-17-08.16.13.png\",\"width\":477,\"height\":135,\"caption\":\"pratikmagazam.com\"},\"image\":{\"@id\":\"https:\/\/www.peraavm.com\/#\/schema\/logo\/image\/\"},\"sameAs\":[\"https:\/\/instagram.com\/pratikmagazam?utm_medium=copy_link\"]}]}<\/script>\n<!-- \/ Yoast SEO plugin. -->","yoast_head_json":{"title":"Silikon Pratik Sar\u0131msak Soyucu Rulo Asorti Kar\u0131\u015f\u0131k Renk |","description":"Silikon Pratik Sar\u0131msak Soyucu Rulo Pratik H\u0131zl\u0131 Sar\u0131msak Soyma Aparat\u0131 Silikon Soyacak Rulo Soyucu Pratik H\u0131zl\u0131 Sar\u0131msak Soyma Aparat\u0131 Silikon Soyacak Rulo Soyucu Elleriniz sar\u0131msak kokmadan saniyeler i\u00e7inde sar\u0131msak soymaya yarayan, hem k\u00fc\u00e7\u00fck hem de \u00e7ok pratik Silikon Sar\u0131msak Soyucu Rulo. Silikon Sar\u0131msak Soyucu Rulo'nun i\u00e7ine sar\u0131msaklar\u0131 koyun ve ellerinizin aras\u0131nda veya zeminde yuvarlay\u0131n. Saniyeler i\u00e7erisinde sar\u0131msaklar t\u00fcm kabuklar\u0131ndan ayr\u0131lacak ve elleriniz kokmadan, b\u0131\u00e7ak kullanmadan haz\u0131r olacaklar! 1 Adet rulonun i\u00e7erisinde birden fazla sar\u0131msa\u011f\u0131 ayn\u0131 anda soyabilirsiniz. Rulonun i\u00e7inden sar\u0131msaklar\u0131 \u00e7\u0131kard\u0131\u011f\u0131n\u0131zda, kabuklar\u0131 ve i\u00e7i ayr\u0131lm\u0131\u015f olacakt\u0131r. Sa\u011fl\u0131\u011fa zarars\u0131z kau\u00e7uk silikondan \u00fcretilmi\u015ftir. G\u0131da ile temasa uygundur. T\u00fcrkiye'de \u00fcretilmi\u015ftir. \u00dcr\u00fcn \u00d6l\u00e7\u00fcleri: 12 cm x 5 cm. Stok durumuna g\u00f6re kar\u0131\u015f\u0131k renklerde g\u00f6nderilecektir.","robots":{"index":"index","follow":"follow","max-snippet":"max-snippet:-1","max-image-preview":"max-image-preview:large","max-video-preview":"max-video-preview:-1"},"canonical":"https:\/\/www.peraavm.com\/index.php\/urun\/silikon-pratik-sarimsak-soyucu-rulo-asorti-karisik-renksilikon-pratik-sarimsak-soyucu-rulo-pratik-hizli-sarimsak-soyma-aparati-silikon-soyacak-rulo-soyucu-pratik-hizli-sarimsak-soyma-aparati-silikon-s\/","og_locale":"tr_TR","og_type":"article","og_title":"Silikon Pratik Sar\u0131msak Soyucu Rulo Asorti Kar\u0131\u015f\u0131k Renk |","og_description":"Silikon Pratik Sar\u0131msak Soyucu Rulo Pratik H\u0131zl\u0131 Sar\u0131msak Soyma Aparat\u0131 Silikon Soyacak Rulo Soyucu Pratik H\u0131zl\u0131 Sar\u0131msak Soyma Aparat\u0131 Silikon Soyacak Rulo Soyucu Elleriniz sar\u0131msak kokmadan saniyeler i\u00e7inde sar\u0131msak soymaya yarayan, hem k\u00fc\u00e7\u00fck hem de \u00e7ok pratik Silikon Sar\u0131msak Soyucu Rulo. Silikon Sar\u0131msak Soyucu Rulo'nun i\u00e7ine sar\u0131msaklar\u0131 koyun ve ellerinizin aras\u0131nda veya zeminde yuvarlay\u0131n. Saniyeler i\u00e7erisinde sar\u0131msaklar t\u00fcm kabuklar\u0131ndan ayr\u0131lacak ve elleriniz kokmadan, b\u0131\u00e7ak kullanmadan haz\u0131r olacaklar! 1 Adet rulonun i\u00e7erisinde birden fazla sar\u0131msa\u011f\u0131 ayn\u0131 anda soyabilirsiniz. Rulonun i\u00e7inden sar\u0131msaklar\u0131 \u00e7\u0131kard\u0131\u011f\u0131n\u0131zda, kabuklar\u0131 ve i\u00e7i ayr\u0131lm\u0131\u015f olacakt\u0131r. Sa\u011fl\u0131\u011fa zarars\u0131z kau\u00e7uk silikondan \u00fcretilmi\u015ftir. G\u0131da ile temasa uygundur. T\u00fcrkiye'de \u00fcretilmi\u015ftir. \u00dcr\u00fcn \u00d6l\u00e7\u00fcleri: 12 cm x 5 cm. Stok durumuna g\u00f6re kar\u0131\u015f\u0131k renklerde g\u00f6nderilecektir.","og_url":"https:\/\/www.peraavm.com\/index.php\/urun\/silikon-pratik-sarimsak-soyucu-rulo-asorti-karisik-renksilikon-pratik-sarimsak-soyucu-rulo-pratik-hizli-sarimsak-soyma-aparati-silikon-soyacak-rulo-soyucu-pratik-hizli-sarimsak-soyma-aparati-silikon-s\/","article_modified_time":"2023-12-22T14:15:15+00:00","og_image":[{"width":300,"height":300,"url":"https:\/\/www.peraavm.com\/wp-content\/uploads\/2021\/12\/324324234-2.jpg","type":"image\/jpeg"}],"twitter_card":"summary_large_image","twitter_misc":{"Tahmini okuma s\u00fcresi":"1 dakika"},"schema":{"@context":"https:\/\/schema.org","@graph":[{"@type":"WebPage","@id":"https:\/\/www.peraavm.com\/index.php\/urun\/silikon-pratik-sarimsak-soyucu-rulo-asorti-karisik-renksilikon-pratik-sarimsak-soyucu-rulo-pratik-hizli-sarimsak-soyma-aparati-silikon-soyacak-rulo-soyucu-pratik-hizli-sarimsak-soyma-aparati-silikon-s\/","url":"https:\/\/www.peraavm.com\/index.php\/urun\/silikon-pratik-sarimsak-soyucu-rulo-asorti-karisik-renksilikon-pratik-sarimsak-soyucu-rulo-pratik-hizli-sarimsak-soyma-aparati-silikon-soyacak-rulo-soyucu-pratik-hizli-sarimsak-soyma-aparati-silikon-s\/","name":"Silikon Pratik Sar\u0131msak Soyucu Rulo Asorti Kar\u0131\u015f\u0131k Renk |","isPartOf":{"@id":"https:\/\/www.peraavm.com\/#website"},"primaryImageOfPage":{"@id":"https:\/\/www.peraavm.com\/index.php\/urun\/silikon-pratik-sarimsak-soyucu-rulo-asorti-karisik-renksilikon-pratik-sarimsak-soyucu-rulo-pratik-hizli-sarimsak-soyma-aparati-silikon-soyacak-rulo-soyucu-pratik-hizli-sarimsak-soyma-aparati-silikon-s\/#primaryimage"},"image":{"@id":"https:\/\/www.peraavm.com\/index.php\/urun\/silikon-pratik-sarimsak-soyucu-rulo-asorti-karisik-renksilikon-pratik-sarimsak-soyucu-rulo-pratik-hizli-sarimsak-soyma-aparati-silikon-soyacak-rulo-soyucu-pratik-hizli-sarimsak-soyma-aparati-silikon-s\/#primaryimage"},"thumbnailUrl":"https:\/\/www.peraavm.com\/wp-content\/uploads\/2021\/12\/324324234-2.jpg","datePublished":"2021-12-10T09:22:59+00:00","dateModified":"2023-12-22T14:15:15+00:00","description":"Silikon Pratik Sar\u0131msak Soyucu Rulo Pratik H\u0131zl\u0131 Sar\u0131msak Soyma Aparat\u0131 Silikon Soyacak Rulo Soyucu Pratik H\u0131zl\u0131 Sar\u0131msak Soyma Aparat\u0131 Silikon Soyacak Rulo Soyucu Elleriniz sar\u0131msak kokmadan saniyeler i\u00e7inde sar\u0131msak soymaya yarayan, hem k\u00fc\u00e7\u00fck hem de \u00e7ok pratik Silikon Sar\u0131msak Soyucu Rulo. Silikon Sar\u0131msak Soyucu Rulo'nun i\u00e7ine sar\u0131msaklar\u0131 koyun ve ellerinizin aras\u0131nda veya zeminde yuvarlay\u0131n. Saniyeler i\u00e7erisinde sar\u0131msaklar t\u00fcm kabuklar\u0131ndan ayr\u0131lacak ve elleriniz kokmadan, b\u0131\u00e7ak kullanmadan haz\u0131r olacaklar! 1 Adet rulonun i\u00e7erisinde birden fazla sar\u0131msa\u011f\u0131 ayn\u0131 anda soyabilirsiniz. Rulonun i\u00e7inden sar\u0131msaklar\u0131 \u00e7\u0131kard\u0131\u011f\u0131n\u0131zda, kabuklar\u0131 ve i\u00e7i ayr\u0131lm\u0131\u015f olacakt\u0131r. Sa\u011fl\u0131\u011fa zarars\u0131z kau\u00e7uk silikondan \u00fcretilmi\u015ftir. G\u0131da ile temasa uygundur. T\u00fcrkiye'de \u00fcretilmi\u015ftir. \u00dcr\u00fcn \u00d6l\u00e7\u00fcleri: 12 cm x 5 cm. Stok durumuna g\u00f6re kar\u0131\u015f\u0131k renklerde g\u00f6nderilecektir.","breadcrumb":{"@id":"https:\/\/www.peraavm.com\/index.php\/urun\/silikon-pratik-sarimsak-soyucu-rulo-asorti-karisik-renksilikon-pratik-sarimsak-soyucu-rulo-pratik-hizli-sarimsak-soyma-aparati-silikon-soyacak-rulo-soyucu-pratik-hizli-sarimsak-soyma-aparati-silikon-s\/#breadcrumb"},"inLanguage":"tr","potentialAction":[{"@type":"ReadAction","target":["https:\/\/www.peraavm.com\/index.php\/urun\/silikon-pratik-sarimsak-soyucu-rulo-asorti-karisik-renksilikon-pratik-sarimsak-soyucu-rulo-pratik-hizli-sarimsak-soyma-aparati-silikon-soyacak-rulo-soyucu-pratik-hizli-sarimsak-soyma-aparati-silikon-s\/"]}]},{"@type":"ImageObject","inLanguage":"tr","@id":"https:\/\/www.peraavm.com\/index.php\/urun\/silikon-pratik-sarimsak-soyucu-rulo-asorti-karisik-renksilikon-pratik-sarimsak-soyucu-rulo-pratik-hizli-sarimsak-soyma-aparati-silikon-soyacak-rulo-soyucu-pratik-hizli-sarimsak-soyma-aparati-silikon-s\/#primaryimage","url":"https:\/\/www.peraavm.com\/wp-content\/uploads\/2021\/12\/324324234-2.jpg","contentUrl":"https:\/\/www.peraavm.com\/wp-content\/uploads\/2021\/12\/324324234-2.jpg","width":300,"height":300},{"@type":"BreadcrumbList","@id":"https:\/\/www.peraavm.com\/index.php\/urun\/silikon-pratik-sarimsak-soyucu-rulo-asorti-karisik-renksilikon-pratik-sarimsak-soyucu-rulo-pratik-hizli-sarimsak-soyma-aparati-silikon-soyacak-rulo-soyucu-pratik-hizli-sarimsak-soyma-aparati-silikon-s\/#breadcrumb","itemListElement":[{"@type":"ListItem","position":1,"name":"Anasayfa","item":"https:\/\/www.peraavm.com\/"},{"@type":"ListItem","position":2,"name":"Magaza","item":"https:\/\/www.peraavm.com\/index.php\/magaza\/"},{"@type":"ListItem","position":3,"name":"Silikon Pratik Sar\u0131msak Soyucu Rulo Asorti Kar\u0131\u015f\u0131k Renk"}]},{"@type":"WebSite","@id":"https:\/\/www.peraavm.com\/#website","url":"https:\/\/www.peraavm.com\/","name":"Pratikmagazam.com","description":"","publisher":{"@id":"https:\/\/www.peraavm.com\/#organization"},"potentialAction":[{"@type":"SearchAction","target":{"@type":"EntryPoint","urlTemplate":"https:\/\/www.peraavm.com\/?s={search_term_string}"},"query-input":{"@type":"PropertyValueSpecification","valueRequired":true,"valueName":"search_term_string"}}],"inLanguage":"tr"},{"@type":"Organization","@id":"https:\/\/www.peraavm.com\/#organization","name":"pratikmagazam.com","url":"https:\/\/www.peraavm.com\/","logo":{"@type":"ImageObject","inLanguage":"tr","@id":"https:\/\/www.peraavm.com\/#\/schema\/logo\/image\/","url":"https:\/\/www.pratikmagazam.com\/wp-content\/uploads\/2021\/11\/Ekran-Resmi-2021-11-17-08.16.13.png","contentUrl":"https:\/\/www.pratikmagazam.com\/wp-content\/uploads\/2021\/11\/Ekran-Resmi-2021-11-17-08.16.13.png","width":477,"height":135,"caption":"pratikmagazam.com"},"image":{"@id":"https:\/\/www.peraavm.com\/#\/schema\/logo\/image\/"},"sameAs":["https:\/\/instagram.com\/pratikmagazam?utm_medium=copy_link"]}]}},"_links":{"self":[{"href":"https:\/\/www.peraavm.com\/index.php\/wp-json\/wp\/v2\/product\/1640","targetHints":{"allow":["GET"]}}],"collection":[{"href":"https:\/\/www.peraavm.com\/index.php\/wp-json\/wp\/v2\/product"}],"about":[{"href":"https:\/\/www.peraavm.com\/index.php\/wp-json\/wp\/v2\/types\/product"}],"replies":[{"embeddable":true,"href":"https:\/\/www.peraavm.com\/index.php\/wp-json\/wp\/v2\/comments?post=1640"}],"wp:featuredmedia":[{"embeddable":true,"href":"https:\/\/www.peraavm.com\/index.php\/wp-json\/wp\/v2\/media\/1641"}],"wp:attachment":[{"href":"https:\/\/www.peraavm.com\/index.php\/wp-json\/wp\/v2\/media?parent=1640"}],"wp:term":[{"taxonomy":"product_brand","embeddable":true,"href":"https:\/\/www.peraavm.com\/index.php\/wp-json\/wp\/v2\/product_brand?post=1640"},{"taxonomy":"product_cat","embeddable":true,"href":"https:\/\/www.peraavm.com\/index.php\/wp-json\/wp\/v2\/product_cat?post=1640"},{"taxonomy":"product_tag","embeddable":true,"href":"https:\/\/www.peraavm.com\/index.php\/wp-json\/wp\/v2\/product_tag?post=1640"}],"curies":[{"name":"wp","href":"https:\/\/api.w.org\/{rel}","templated":true}]}}