{"id":1708,"date":"2021-12-13T08:18:04","date_gmt":"2021-12-13T08:18:04","guid":{"rendered":"https:\/\/www.pratikmagazam.com\/?post_type=product&#038;p=1708"},"modified":"2026-01-17T19:42:04","modified_gmt":"2026-01-17T19:42:04","slug":"solar-sarjli-gunes-ve-usb-sarjli-kamp-feneri-isildak","status":"publish","type":"product","link":"https:\/\/www.peraavm.com\/index.php\/urun\/solar-sarjli-gunes-ve-usb-sarjli-kamp-feneri-isildak\/","title":{"rendered":"Solar \u015earjl\u0131 G\u00fcne\u015f ve Usb \u015earjl\u0131 Kamp Feneri I\u015f\u0131ldak"},"content":{"rendered":"<p>AVCI FENER\u0130 KAMP LAMBASI G\u00dcNE\u015e ENERJ\u0130L\u0130 KAMP \u00c7ADIR<\/p>\n<h2>FENER\u0130 LED SOLAR \u015eARJLI USB G\u0130R\u0130\u015eL\u0130 EL FENER\u0130<\/h2>\n<p>\u00c7ok fonksiyonlu \u015farj sistemi sayesinde g\u00fcne\u015f enerjisi, usb ya da priz ba\u011flant\u0131s\u0131 ile \u015farj olabilmektedir.<\/p>\n<p>Ergonomik tasar\u0131ma sahip olan kamp lambas\u0131, a\u00e7\u0131l\u0131p kapan\u0131r yap\u0131s\u0131 ile kullan\u0131m\u0131 olduk\u00e7a kolayd\u0131r.<\/p>\n<p>Ask\u0131l\u0131\u011f\u0131 sayesinde her yere as\u0131l\u0131r.<\/p>\n<p>\u00c7ift tarafl\u0131 tutma kulpu ile kolayca ta\u015f\u0131nabilir.<\/p>\n<p>Yeterli miktarda g\u00fcn \u0131\u015f\u0131\u011f\u0131 g\u00f6rmes \u015farj olmas\u0131na yetecektir.<\/p>\n<p>Power bank sayesinde s\u00fcrekli \u0131\u015f\u0131k sa\u00e7ar.<\/p>\n<p>Led lambas\u0131 bulunmaktad\u0131r.<\/p>\n<p>I\u015f\u0131k rengi Beyazd\u0131r.<\/p>\n<p>G\u00f6vde malzemesi sert plastiktir.<\/p>\n<p>16 saate kadar ayd\u0131nlatabilmektedir.<\/p>\n<p>Usb giri\u015fi sayesinde telefon, foto\u011fraf\u00a0makinesi vb \u00fcr\u00fcnlerinizi \u015farj edebilirsiniz<\/p>\n<p>En Alt\u0131nda pil giri\u015fide vard\u0131r.<\/p>\n<p>\u00dcr\u00fcn \u015earj tutma \u00f6zelli\u011fine sahiptir.<\/p>\n<p><strong>\u00dcr\u00fcn Ebatlar\u0131:<\/strong><\/p>\n<p>A\u00e7\u0131k Y\u00fckseklik: 20cm<\/p>\n<p>Kapal\u0131 Y\u00fckseklik: 15cm<\/p>\n<p>&nbsp;<\/p>\n<p><strong>Paket \u0130\u00e7eri\u011fi :<\/strong><\/p>\n<p>1 Adet\u00a0G\u00fcne\u015f Enerjili Kamp Lambas\u0131<\/p>\n<p>1 Adet \u015earj kablosu<\/p>\n","protected":false},"excerpt":{"rendered":"<p>AVCI FENER\u0130 KAMP LAMBASI G\u00dcNE\u015e ENERJ\u0130L\u0130 KAMP \u00c7ADIR<\/p>\n<h2>FENER\u0130 LED SOLAR \u015eARJLI USB G\u0130R\u0130\u015eL\u0130 EL FENER\u0130<\/h2>\n","protected":false},"featured_media":1709,"comment_status":"open","ping_status":"closed","template":"","meta":[],"product_brand":[],"product_cat":[34,44,45,15],"product_tag":[],"class_list":{"0":"post-1708","1":"product","2":"type-product","3":"status-publish","4":"has-post-thumbnail","6":"product_cat-elektronik","7":"product_cat-ilginc-akilli-urunler","8":"product_cat-kamp-outdoor-ekipmanlari","9":"product_cat-tum-urunler","11":"first","12":"instock","13":"sale","14":"taxable","15":"shipping-taxable","16":"purchasable","17":"product-type-simple"},"yoast_head":"<!-- This site is optimized with the Yoast SEO plugin v27.2 - https:\/\/yoast.com\/product\/yoast-seo-wordpress\/ -->\n<title>Solar \u015earjl\u0131 G\u00fcne\u015f ve Usb \u015earjl\u0131 Kamp Feneri I\u015f\u0131ldak |<\/title>\n<meta name=\"description\" content=\"AVCI FENER\u0130 KAMP LAMBASI G\u00dcNE\u015e ENERJ\u0130L\u0130 KAMP \u00c7ADIRFENER\u0130 LED SOLAR \u015eARJLI USB G\u0130R\u0130\u015eL\u0130 EL FENER\u0130\u00c7ok fonksiyonlu \u015farj sistemi sayesinde g\u00fcne\u015f enerjisi, usb ya da priz ba\u011flant\u0131s\u0131 ile \u015farj olabilmektedir.Ergonomik tasar\u0131ma sahip olan kamp lambas\u0131, a\u00e7\u0131l\u0131p kapan\u0131r yap\u0131s\u0131 ile kullan\u0131m\u0131 olduk\u00e7a kolayd\u0131r.Ask\u0131l\u0131\u011f\u0131 sayesinde her yere as\u0131l\u0131r.\u00c7ift tarafl\u0131 tutma kulpu ile kolayca ta\u015f\u0131nabilir.Yeterli miktarda g\u00fcn \u0131\u015f\u0131\u011f\u0131 g\u00f6rmes \u015farj olmas\u0131na yetecektir.Power bank sayesinde s\u00fcrekli \u0131\u015f\u0131k sa\u00e7ar.Led lambas\u0131 bulunmaktad\u0131r.I\u015f\u0131k rengi Beyazd\u0131r.G\u00f6vde malzemesi sert plastiktir.16 saate kadar ayd\u0131nlatabilmektedir.Usb giri\u015fi sayesinde telefon, foto\u011fraf makinesi vb \u00fcr\u00fcnlerinizi \u015farj edebilirsinizEn Alt\u0131nda pil giri\u015fide vard\u0131r.\u00dcr\u00fcn \u015earj tutma \u00f6zelli\u011fine sahiptir.\u00dcr\u00fcn Ebatlar\u0131:A\u00e7\u0131k Y\u00fckseklik: 20cmKapal\u0131 Y\u00fckseklik: 15cm Paket \u0130\u00e7eri\u011fi :1 Adet G\u00fcne\u015f Enerjili Kamp Lambas\u01311 Adet \u015earj kablosu\" \/>\n<meta name=\"robots\" content=\"index, follow, max-snippet:-1, max-image-preview:large, max-video-preview:-1\" \/>\n<link rel=\"canonical\" href=\"https:\/\/www.peraavm.com\/index.php\/urun\/solar-sarjli-gunes-ve-usb-sarjli-kamp-feneri-isildak\/\" \/>\n<meta property=\"og:locale\" content=\"tr_TR\" \/>\n<meta property=\"og:type\" content=\"article\" \/>\n<meta property=\"og:title\" content=\"Solar \u015earjl\u0131 G\u00fcne\u015f ve Usb \u015earjl\u0131 Kamp Feneri I\u015f\u0131ldak |\" \/>\n<meta property=\"og:description\" content=\"AVCI FENER\u0130 KAMP LAMBASI G\u00dcNE\u015e ENERJ\u0130L\u0130 KAMP \u00c7ADIRFENER\u0130 LED SOLAR \u015eARJLI USB G\u0130R\u0130\u015eL\u0130 EL FENER\u0130\u00c7ok fonksiyonlu \u015farj sistemi sayesinde g\u00fcne\u015f enerjisi, usb ya da priz ba\u011flant\u0131s\u0131 ile \u015farj olabilmektedir.Ergonomik tasar\u0131ma sahip olan kamp lambas\u0131, a\u00e7\u0131l\u0131p kapan\u0131r yap\u0131s\u0131 ile kullan\u0131m\u0131 olduk\u00e7a kolayd\u0131r.Ask\u0131l\u0131\u011f\u0131 sayesinde her yere as\u0131l\u0131r.\u00c7ift tarafl\u0131 tutma kulpu ile kolayca ta\u015f\u0131nabilir.Yeterli miktarda g\u00fcn \u0131\u015f\u0131\u011f\u0131 g\u00f6rmes \u015farj olmas\u0131na yetecektir.Power bank sayesinde s\u00fcrekli \u0131\u015f\u0131k sa\u00e7ar.Led lambas\u0131 bulunmaktad\u0131r.I\u015f\u0131k rengi Beyazd\u0131r.G\u00f6vde malzemesi sert plastiktir.16 saate kadar ayd\u0131nlatabilmektedir.Usb giri\u015fi sayesinde telefon, foto\u011fraf makinesi vb \u00fcr\u00fcnlerinizi \u015farj edebilirsinizEn Alt\u0131nda pil giri\u015fide vard\u0131r.\u00dcr\u00fcn \u015earj tutma \u00f6zelli\u011fine sahiptir.\u00dcr\u00fcn Ebatlar\u0131:A\u00e7\u0131k Y\u00fckseklik: 20cmKapal\u0131 Y\u00fckseklik: 15cm Paket \u0130\u00e7eri\u011fi :1 Adet G\u00fcne\u015f Enerjili Kamp Lambas\u01311 Adet \u015earj kablosu\" \/>\n<meta property=\"og:url\" content=\"https:\/\/www.peraavm.com\/index.php\/urun\/solar-sarjli-gunes-ve-usb-sarjli-kamp-feneri-isildak\/\" \/>\n<meta property=\"article:modified_time\" content=\"2026-01-17T19:42:04+00:00\" \/>\n<meta property=\"og:image\" content=\"https:\/\/www.peraavm.com\/wp-content\/uploads\/2021\/12\/23423.jpg\" \/>\n\t<meta property=\"og:image:width\" content=\"300\" \/>\n\t<meta property=\"og:image:height\" content=\"300\" \/>\n\t<meta property=\"og:image:type\" content=\"image\/jpeg\" \/>\n<meta name=\"twitter:card\" content=\"summary_large_image\" \/>\n<meta name=\"twitter:label1\" content=\"Tahmini okuma s\u00fcresi\" \/>\n\t<meta name=\"twitter:data1\" content=\"1 dakika\" \/>\n<script type=\"application\/ld+json\" class=\"yoast-schema-graph\">{\"@context\":\"https:\/\/schema.org\",\"@graph\":[{\"@type\":\"WebPage\",\"@id\":\"https:\/\/www.peraavm.com\/index.php\/urun\/solar-sarjli-gunes-ve-usb-sarjli-kamp-feneri-isildak\/\",\"url\":\"https:\/\/www.peraavm.com\/index.php\/urun\/solar-sarjli-gunes-ve-usb-sarjli-kamp-feneri-isildak\/\",\"name\":\"Solar \u015earjl\u0131 G\u00fcne\u015f ve Usb \u015earjl\u0131 Kamp Feneri I\u015f\u0131ldak |\",\"isPartOf\":{\"@id\":\"https:\/\/www.peraavm.com\/#website\"},\"primaryImageOfPage\":{\"@id\":\"https:\/\/www.peraavm.com\/index.php\/urun\/solar-sarjli-gunes-ve-usb-sarjli-kamp-feneri-isildak\/#primaryimage\"},\"image\":{\"@id\":\"https:\/\/www.peraavm.com\/index.php\/urun\/solar-sarjli-gunes-ve-usb-sarjli-kamp-feneri-isildak\/#primaryimage\"},\"thumbnailUrl\":\"https:\/\/www.peraavm.com\/wp-content\/uploads\/2021\/12\/23423.jpg\",\"datePublished\":\"2021-12-13T08:18:04+00:00\",\"dateModified\":\"2026-01-17T19:42:04+00:00\",\"description\":\"AVCI FENER\u0130 KAMP LAMBASI G\u00dcNE\u015e ENERJ\u0130L\u0130 KAMP \u00c7ADIRFENER\u0130 LED SOLAR \u015eARJLI USB G\u0130R\u0130\u015eL\u0130 EL FENER\u0130\u00c7ok fonksiyonlu \u015farj sistemi sayesinde g\u00fcne\u015f enerjisi, usb ya da priz ba\u011flant\u0131s\u0131 ile \u015farj olabilmektedir.Ergonomik tasar\u0131ma sahip olan kamp lambas\u0131, a\u00e7\u0131l\u0131p kapan\u0131r yap\u0131s\u0131 ile kullan\u0131m\u0131 olduk\u00e7a kolayd\u0131r.Ask\u0131l\u0131\u011f\u0131 sayesinde her yere as\u0131l\u0131r.\u00c7ift tarafl\u0131 tutma kulpu ile kolayca ta\u015f\u0131nabilir.Yeterli miktarda g\u00fcn \u0131\u015f\u0131\u011f\u0131 g\u00f6rmes \u015farj olmas\u0131na yetecektir.Power bank sayesinde s\u00fcrekli \u0131\u015f\u0131k sa\u00e7ar.Led lambas\u0131 bulunmaktad\u0131r.I\u015f\u0131k rengi Beyazd\u0131r.G\u00f6vde malzemesi sert plastiktir.16 saate kadar ayd\u0131nlatabilmektedir.Usb giri\u015fi sayesinde telefon, foto\u011fraf makinesi vb \u00fcr\u00fcnlerinizi \u015farj edebilirsinizEn Alt\u0131nda pil giri\u015fide vard\u0131r.\u00dcr\u00fcn \u015earj tutma \u00f6zelli\u011fine sahiptir.\u00dcr\u00fcn Ebatlar\u0131:A\u00e7\u0131k Y\u00fckseklik: 20cmKapal\u0131 Y\u00fckseklik: 15cm Paket \u0130\u00e7eri\u011fi :1 Adet G\u00fcne\u015f Enerjili Kamp Lambas\u01311 Adet \u015earj kablosu\",\"breadcrumb\":{\"@id\":\"https:\/\/www.peraavm.com\/index.php\/urun\/solar-sarjli-gunes-ve-usb-sarjli-kamp-feneri-isildak\/#breadcrumb\"},\"inLanguage\":\"tr\",\"potentialAction\":[{\"@type\":\"ReadAction\",\"target\":[\"https:\/\/www.peraavm.com\/index.php\/urun\/solar-sarjli-gunes-ve-usb-sarjli-kamp-feneri-isildak\/\"]}]},{\"@type\":\"ImageObject\",\"inLanguage\":\"tr\",\"@id\":\"https:\/\/www.peraavm.com\/index.php\/urun\/solar-sarjli-gunes-ve-usb-sarjli-kamp-feneri-isildak\/#primaryimage\",\"url\":\"https:\/\/www.peraavm.com\/wp-content\/uploads\/2021\/12\/23423.jpg\",\"contentUrl\":\"https:\/\/www.peraavm.com\/wp-content\/uploads\/2021\/12\/23423.jpg\",\"width\":300,\"height\":300},{\"@type\":\"BreadcrumbList\",\"@id\":\"https:\/\/www.peraavm.com\/index.php\/urun\/solar-sarjli-gunes-ve-usb-sarjli-kamp-feneri-isildak\/#breadcrumb\",\"itemListElement\":[{\"@type\":\"ListItem\",\"position\":1,\"name\":\"Anasayfa\",\"item\":\"https:\/\/www.peraavm.com\/\"},{\"@type\":\"ListItem\",\"position\":2,\"name\":\"Magaza\",\"item\":\"https:\/\/www.peraavm.com\/index.php\/magaza\/\"},{\"@type\":\"ListItem\",\"position\":3,\"name\":\"Solar \u015earjl\u0131 G\u00fcne\u015f ve Usb \u015earjl\u0131 Kamp Feneri I\u015f\u0131ldak\"}]},{\"@type\":\"WebSite\",\"@id\":\"https:\/\/www.peraavm.com\/#website\",\"url\":\"https:\/\/www.peraavm.com\/\",\"name\":\"Pratikmagazam.com\",\"description\":\"\",\"publisher\":{\"@id\":\"https:\/\/www.peraavm.com\/#organization\"},\"potentialAction\":[{\"@type\":\"SearchAction\",\"target\":{\"@type\":\"EntryPoint\",\"urlTemplate\":\"https:\/\/www.peraavm.com\/?s={search_term_string}\"},\"query-input\":{\"@type\":\"PropertyValueSpecification\",\"valueRequired\":true,\"valueName\":\"search_term_string\"}}],\"inLanguage\":\"tr\"},{\"@type\":\"Organization\",\"@id\":\"https:\/\/www.peraavm.com\/#organization\",\"name\":\"pratikmagazam.com\",\"url\":\"https:\/\/www.peraavm.com\/\",\"logo\":{\"@type\":\"ImageObject\",\"inLanguage\":\"tr\",\"@id\":\"https:\/\/www.peraavm.com\/#\/schema\/logo\/image\/\",\"url\":\"https:\/\/www.pratikmagazam.com\/wp-content\/uploads\/2021\/11\/Ekran-Resmi-2021-11-17-08.16.13.png\",\"contentUrl\":\"https:\/\/www.pratikmagazam.com\/wp-content\/uploads\/2021\/11\/Ekran-Resmi-2021-11-17-08.16.13.png\",\"width\":477,\"height\":135,\"caption\":\"pratikmagazam.com\"},\"image\":{\"@id\":\"https:\/\/www.peraavm.com\/#\/schema\/logo\/image\/\"},\"sameAs\":[\"https:\/\/instagram.com\/pratikmagazam?utm_medium=copy_link\"]}]}<\/script>\n<!-- \/ Yoast SEO plugin. -->","yoast_head_json":{"title":"Solar \u015earjl\u0131 G\u00fcne\u015f ve Usb \u015earjl\u0131 Kamp Feneri I\u015f\u0131ldak |","description":"AVCI FENER\u0130 KAMP LAMBASI G\u00dcNE\u015e ENERJ\u0130L\u0130 KAMP \u00c7ADIRFENER\u0130 LED SOLAR \u015eARJLI USB G\u0130R\u0130\u015eL\u0130 EL FENER\u0130\u00c7ok fonksiyonlu \u015farj sistemi sayesinde g\u00fcne\u015f enerjisi, usb ya da priz ba\u011flant\u0131s\u0131 ile \u015farj olabilmektedir.Ergonomik tasar\u0131ma sahip olan kamp lambas\u0131, a\u00e7\u0131l\u0131p kapan\u0131r yap\u0131s\u0131 ile kullan\u0131m\u0131 olduk\u00e7a kolayd\u0131r.Ask\u0131l\u0131\u011f\u0131 sayesinde her yere as\u0131l\u0131r.\u00c7ift tarafl\u0131 tutma kulpu ile kolayca ta\u015f\u0131nabilir.Yeterli miktarda g\u00fcn \u0131\u015f\u0131\u011f\u0131 g\u00f6rmes \u015farj olmas\u0131na yetecektir.Power bank sayesinde s\u00fcrekli \u0131\u015f\u0131k sa\u00e7ar.Led lambas\u0131 bulunmaktad\u0131r.I\u015f\u0131k rengi Beyazd\u0131r.G\u00f6vde malzemesi sert plastiktir.16 saate kadar ayd\u0131nlatabilmektedir.Usb giri\u015fi sayesinde telefon, foto\u011fraf makinesi vb \u00fcr\u00fcnlerinizi \u015farj edebilirsinizEn Alt\u0131nda pil giri\u015fide vard\u0131r.\u00dcr\u00fcn \u015earj tutma \u00f6zelli\u011fine sahiptir.\u00dcr\u00fcn Ebatlar\u0131:A\u00e7\u0131k Y\u00fckseklik: 20cmKapal\u0131 Y\u00fckseklik: 15cm Paket \u0130\u00e7eri\u011fi :1 Adet G\u00fcne\u015f Enerjili Kamp Lambas\u01311 Adet \u015earj kablosu","robots":{"index":"index","follow":"follow","max-snippet":"max-snippet:-1","max-image-preview":"max-image-preview:large","max-video-preview":"max-video-preview:-1"},"canonical":"https:\/\/www.peraavm.com\/index.php\/urun\/solar-sarjli-gunes-ve-usb-sarjli-kamp-feneri-isildak\/","og_locale":"tr_TR","og_type":"article","og_title":"Solar \u015earjl\u0131 G\u00fcne\u015f ve Usb \u015earjl\u0131 Kamp Feneri I\u015f\u0131ldak |","og_description":"AVCI FENER\u0130 KAMP LAMBASI G\u00dcNE\u015e ENERJ\u0130L\u0130 KAMP \u00c7ADIRFENER\u0130 LED SOLAR \u015eARJLI USB G\u0130R\u0130\u015eL\u0130 EL FENER\u0130\u00c7ok fonksiyonlu \u015farj sistemi sayesinde g\u00fcne\u015f enerjisi, usb ya da priz ba\u011flant\u0131s\u0131 ile \u015farj olabilmektedir.Ergonomik tasar\u0131ma sahip olan kamp lambas\u0131, a\u00e7\u0131l\u0131p kapan\u0131r yap\u0131s\u0131 ile kullan\u0131m\u0131 olduk\u00e7a kolayd\u0131r.Ask\u0131l\u0131\u011f\u0131 sayesinde her yere as\u0131l\u0131r.\u00c7ift tarafl\u0131 tutma kulpu ile kolayca ta\u015f\u0131nabilir.Yeterli miktarda g\u00fcn \u0131\u015f\u0131\u011f\u0131 g\u00f6rmes \u015farj olmas\u0131na yetecektir.Power bank sayesinde s\u00fcrekli \u0131\u015f\u0131k sa\u00e7ar.Led lambas\u0131 bulunmaktad\u0131r.I\u015f\u0131k rengi Beyazd\u0131r.G\u00f6vde malzemesi sert plastiktir.16 saate kadar ayd\u0131nlatabilmektedir.Usb giri\u015fi sayesinde telefon, foto\u011fraf makinesi vb \u00fcr\u00fcnlerinizi \u015farj edebilirsinizEn Alt\u0131nda pil giri\u015fide vard\u0131r.\u00dcr\u00fcn \u015earj tutma \u00f6zelli\u011fine sahiptir.\u00dcr\u00fcn Ebatlar\u0131:A\u00e7\u0131k Y\u00fckseklik: 20cmKapal\u0131 Y\u00fckseklik: 15cm Paket \u0130\u00e7eri\u011fi :1 Adet G\u00fcne\u015f Enerjili Kamp Lambas\u01311 Adet \u015earj kablosu","og_url":"https:\/\/www.peraavm.com\/index.php\/urun\/solar-sarjli-gunes-ve-usb-sarjli-kamp-feneri-isildak\/","article_modified_time":"2026-01-17T19:42:04+00:00","og_image":[{"width":300,"height":300,"url":"https:\/\/www.peraavm.com\/wp-content\/uploads\/2021\/12\/23423.jpg","type":"image\/jpeg"}],"twitter_card":"summary_large_image","twitter_misc":{"Tahmini okuma s\u00fcresi":"1 dakika"},"schema":{"@context":"https:\/\/schema.org","@graph":[{"@type":"WebPage","@id":"https:\/\/www.peraavm.com\/index.php\/urun\/solar-sarjli-gunes-ve-usb-sarjli-kamp-feneri-isildak\/","url":"https:\/\/www.peraavm.com\/index.php\/urun\/solar-sarjli-gunes-ve-usb-sarjli-kamp-feneri-isildak\/","name":"Solar \u015earjl\u0131 G\u00fcne\u015f ve Usb \u015earjl\u0131 Kamp Feneri I\u015f\u0131ldak |","isPartOf":{"@id":"https:\/\/www.peraavm.com\/#website"},"primaryImageOfPage":{"@id":"https:\/\/www.peraavm.com\/index.php\/urun\/solar-sarjli-gunes-ve-usb-sarjli-kamp-feneri-isildak\/#primaryimage"},"image":{"@id":"https:\/\/www.peraavm.com\/index.php\/urun\/solar-sarjli-gunes-ve-usb-sarjli-kamp-feneri-isildak\/#primaryimage"},"thumbnailUrl":"https:\/\/www.peraavm.com\/wp-content\/uploads\/2021\/12\/23423.jpg","datePublished":"2021-12-13T08:18:04+00:00","dateModified":"2026-01-17T19:42:04+00:00","description":"AVCI FENER\u0130 KAMP LAMBASI G\u00dcNE\u015e ENERJ\u0130L\u0130 KAMP \u00c7ADIRFENER\u0130 LED SOLAR \u015eARJLI USB G\u0130R\u0130\u015eL\u0130 EL FENER\u0130\u00c7ok fonksiyonlu \u015farj sistemi sayesinde g\u00fcne\u015f enerjisi, usb ya da priz ba\u011flant\u0131s\u0131 ile \u015farj olabilmektedir.Ergonomik tasar\u0131ma sahip olan kamp lambas\u0131, a\u00e7\u0131l\u0131p kapan\u0131r yap\u0131s\u0131 ile kullan\u0131m\u0131 olduk\u00e7a kolayd\u0131r.Ask\u0131l\u0131\u011f\u0131 sayesinde her yere as\u0131l\u0131r.\u00c7ift tarafl\u0131 tutma kulpu ile kolayca ta\u015f\u0131nabilir.Yeterli miktarda g\u00fcn \u0131\u015f\u0131\u011f\u0131 g\u00f6rmes \u015farj olmas\u0131na yetecektir.Power bank sayesinde s\u00fcrekli \u0131\u015f\u0131k sa\u00e7ar.Led lambas\u0131 bulunmaktad\u0131r.I\u015f\u0131k rengi Beyazd\u0131r.G\u00f6vde malzemesi sert plastiktir.16 saate kadar ayd\u0131nlatabilmektedir.Usb giri\u015fi sayesinde telefon, foto\u011fraf makinesi vb \u00fcr\u00fcnlerinizi \u015farj edebilirsinizEn Alt\u0131nda pil giri\u015fide vard\u0131r.\u00dcr\u00fcn \u015earj tutma \u00f6zelli\u011fine sahiptir.\u00dcr\u00fcn Ebatlar\u0131:A\u00e7\u0131k Y\u00fckseklik: 20cmKapal\u0131 Y\u00fckseklik: 15cm Paket \u0130\u00e7eri\u011fi :1 Adet G\u00fcne\u015f Enerjili Kamp Lambas\u01311 Adet \u015earj kablosu","breadcrumb":{"@id":"https:\/\/www.peraavm.com\/index.php\/urun\/solar-sarjli-gunes-ve-usb-sarjli-kamp-feneri-isildak\/#breadcrumb"},"inLanguage":"tr","potentialAction":[{"@type":"ReadAction","target":["https:\/\/www.peraavm.com\/index.php\/urun\/solar-sarjli-gunes-ve-usb-sarjli-kamp-feneri-isildak\/"]}]},{"@type":"ImageObject","inLanguage":"tr","@id":"https:\/\/www.peraavm.com\/index.php\/urun\/solar-sarjli-gunes-ve-usb-sarjli-kamp-feneri-isildak\/#primaryimage","url":"https:\/\/www.peraavm.com\/wp-content\/uploads\/2021\/12\/23423.jpg","contentUrl":"https:\/\/www.peraavm.com\/wp-content\/uploads\/2021\/12\/23423.jpg","width":300,"height":300},{"@type":"BreadcrumbList","@id":"https:\/\/www.peraavm.com\/index.php\/urun\/solar-sarjli-gunes-ve-usb-sarjli-kamp-feneri-isildak\/#breadcrumb","itemListElement":[{"@type":"ListItem","position":1,"name":"Anasayfa","item":"https:\/\/www.peraavm.com\/"},{"@type":"ListItem","position":2,"name":"Magaza","item":"https:\/\/www.peraavm.com\/index.php\/magaza\/"},{"@type":"ListItem","position":3,"name":"Solar \u015earjl\u0131 G\u00fcne\u015f ve Usb \u015earjl\u0131 Kamp Feneri I\u015f\u0131ldak"}]},{"@type":"WebSite","@id":"https:\/\/www.peraavm.com\/#website","url":"https:\/\/www.peraavm.com\/","name":"Pratikmagazam.com","description":"","publisher":{"@id":"https:\/\/www.peraavm.com\/#organization"},"potentialAction":[{"@type":"SearchAction","target":{"@type":"EntryPoint","urlTemplate":"https:\/\/www.peraavm.com\/?s={search_term_string}"},"query-input":{"@type":"PropertyValueSpecification","valueRequired":true,"valueName":"search_term_string"}}],"inLanguage":"tr"},{"@type":"Organization","@id":"https:\/\/www.peraavm.com\/#organization","name":"pratikmagazam.com","url":"https:\/\/www.peraavm.com\/","logo":{"@type":"ImageObject","inLanguage":"tr","@id":"https:\/\/www.peraavm.com\/#\/schema\/logo\/image\/","url":"https:\/\/www.pratikmagazam.com\/wp-content\/uploads\/2021\/11\/Ekran-Resmi-2021-11-17-08.16.13.png","contentUrl":"https:\/\/www.pratikmagazam.com\/wp-content\/uploads\/2021\/11\/Ekran-Resmi-2021-11-17-08.16.13.png","width":477,"height":135,"caption":"pratikmagazam.com"},"image":{"@id":"https:\/\/www.peraavm.com\/#\/schema\/logo\/image\/"},"sameAs":["https:\/\/instagram.com\/pratikmagazam?utm_medium=copy_link"]}]}},"_links":{"self":[{"href":"https:\/\/www.peraavm.com\/index.php\/wp-json\/wp\/v2\/product\/1708","targetHints":{"allow":["GET"]}}],"collection":[{"href":"https:\/\/www.peraavm.com\/index.php\/wp-json\/wp\/v2\/product"}],"about":[{"href":"https:\/\/www.peraavm.com\/index.php\/wp-json\/wp\/v2\/types\/product"}],"replies":[{"embeddable":true,"href":"https:\/\/www.peraavm.com\/index.php\/wp-json\/wp\/v2\/comments?post=1708"}],"wp:featuredmedia":[{"embeddable":true,"href":"https:\/\/www.peraavm.com\/index.php\/wp-json\/wp\/v2\/media\/1709"}],"wp:attachment":[{"href":"https:\/\/www.peraavm.com\/index.php\/wp-json\/wp\/v2\/media?parent=1708"}],"wp:term":[{"taxonomy":"product_brand","embeddable":true,"href":"https:\/\/www.peraavm.com\/index.php\/wp-json\/wp\/v2\/product_brand?post=1708"},{"taxonomy":"product_cat","embeddable":true,"href":"https:\/\/www.peraavm.com\/index.php\/wp-json\/wp\/v2\/product_cat?post=1708"},{"taxonomy":"product_tag","embeddable":true,"href":"https:\/\/www.peraavm.com\/index.php\/wp-json\/wp\/v2\/product_tag?post=1708"}],"curies":[{"name":"wp","href":"https:\/\/api.w.org\/{rel}","templated":true}]}}