{"id":1720,"date":"2021-12-13T08:47:45","date_gmt":"2021-12-13T08:47:45","guid":{"rendered":"https:\/\/www.pratikmagazam.com\/?post_type=product&#038;p=1720"},"modified":"2023-12-22T14:15:19","modified_gmt":"2023-12-22T14:15:19","slug":"miknatisli-paslanmaz-duvar-bicak-askisi-standi-55-cm-aparat","status":"publish","type":"product","link":"https:\/\/www.peraavm.com\/index.php\/urun\/miknatisli-paslanmaz-duvar-bicak-askisi-standi-55-cm-aparat\/","title":{"rendered":"M\u0131knat\u0131sl\u0131 Paslanmaz Duvar B\u0131\u00e7ak Ask\u0131s\u0131 Stand\u0131 55 Cm Aparat"},"content":{"rendered":"<ul class=\"detail-desc-list\">\n<li class=\"detail-desc-item\">M\u0131knat\u0131sl\u0131 Paslanmaz Duvar B\u0131\u00e7ak Ask\u0131s\u0131 Stand\u0131 55 cm Aparat M\u0131knat\u0131sl\u0131 b\u0131\u00e7ak tutucu M\u0131knat\u0131sl\u0131 b\u0131\u00e7ak tutucu ile b\u0131\u00e7aklar\u0131n\u0131z\u0131 duvara asabilir ve mutfa\u011f\u0131n\u0131zda kullan\u0131\u015fl\u0131l\u0131\u011f\u0131 artt\u0131rabilirsiniz. Paket i\u00e7inden \u00e7\u0131kan vidalarla \u00fcr\u00fcn\u00fc kolayca mutfa\u011f\u0131n\u0131z\u0131n istedi\u011finiz k\u00f6\u015fesine monte edebilirsiniz. Ard\u0131ndan \u00fczerine istedi\u011finiz d\u00fczende b\u0131\u00e7aklar\u0131n\u0131z\u0131 ve di\u011fer metal mutfak e\u015fyalar\u0131n\u0131z\u0131 yap\u0131\u015ft\u0131rabilirsiniz. Duvarda olduk\u00e7a \u015f\u0131k bir g\u00f6r\u00fcnt\u00fc olu\u015fturabilir ve t\u00fcm mutfak aletlerinizi elinizin alt\u0131nda bulunmas\u0131n\u0131 sa\u011flayabilirsiniz. G\u00fc\u00e7l\u00fc manyetik \u00e7ekimi sayesinde t\u00fcm mutfak gere\u00e7lerinizi \u00fczerine yerle\u015ftirebilirsiniz. Mutfakta, b\u0131\u00e7aklar\u0131m\u0131z hep elimizin alt\u0131nda olsun istiyoruz ama bir taraftan da tehlikeli oldu\u011fu i\u00e7in saklamak istiyoruz. hele evde \u00e7ocuk varsa saklamak i\u00e7in farkl\u0131 farkl\u0131 yerler ar\u0131yoruz. I\u015fte bu duruma bu \u00fcr\u00fcn s\u00fcper kurtar\u0131c\u0131n\u0131z oluyor. Bu m\u0131knat\u0131sl\u0131 b\u0131\u00e7ak tutucu sayesinde b\u0131\u00e7aklar hem istedi\u011fimiz zaman elimizin alt\u0131nda oluyor hem de g\u00fcvenli oluyor. \u00dcr\u00fcn \u00f6l\u00e7\u00fcs\u00fc: Boy: 55 cm Paket i\u00e7eri\u011fi: 1 adet m\u0131knat\u0131sl\u0131 b\u0131\u00e7ak tutucu 2 adet vida<\/li>\n<\/ul>\n","protected":false},"excerpt":{"rendered":"<ul class=\"detail-desc-list\">\n<li class=\"detail-desc-item\">M\u0131knat\u0131sl\u0131 Paslanmaz Duvar B\u0131\u00e7ak Ask\u0131s\u0131 Stand\u0131 55 cm Aparat M\u0131knat\u0131sl\u0131 b\u0131\u00e7ak tutucu M\u0131knat\u0131sl\u0131 b\u0131\u00e7ak tutucu ile b\u0131\u00e7aklar\u0131n\u0131z\u0131 duvara asabilir ve mutfa\u011f\u0131n\u0131zda kullan\u0131\u015fl\u0131l\u0131\u011f\u0131 artt\u0131rabilirsiniz.<\/li>\n<\/ul>\n","protected":false},"featured_media":1721,"comment_status":"open","ping_status":"closed","template":"","meta":[],"product_brand":[],"product_cat":[37,29,15],"product_tag":[],"class_list":{"0":"post-1720","1":"product","2":"type-product","3":"status-publish","4":"has-post-thumbnail","6":"product_cat-ev-gerecleri","7":"product_cat-mutfak-gerecleri","8":"product_cat-tum-urunler","10":"first","11":"instock","12":"sale","13":"taxable","14":"shipping-taxable","15":"purchasable","16":"product-type-simple"},"yoast_head":"<!-- This site is optimized with the Yoast SEO plugin v27.2 - https:\/\/yoast.com\/product\/yoast-seo-wordpress\/ -->\n<title>M\u0131knat\u0131sl\u0131 Paslanmaz Duvar B\u0131\u00e7ak Ask\u0131s\u0131 Stand\u0131 55 Cm Aparat |<\/title>\n<meta name=\"description\" content=\"M\u0131knat\u0131sl\u0131 Paslanmaz Duvar B\u0131\u00e7ak Ask\u0131s\u0131 Stand\u0131 55 cm Aparat M\u0131knat\u0131sl\u0131 b\u0131\u00e7ak tutucu M\u0131knat\u0131sl\u0131 b\u0131\u00e7ak tutucu ile b\u0131\u00e7aklar\u0131n\u0131z\u0131 duvara asabilir ve mutfa\u011f\u0131n\u0131zda kullan\u0131\u015fl\u0131l\u0131\u011f\u0131 artt\u0131rabilirsiniz. Paket i\u00e7inden \u00e7\u0131kan vidalarla \u00fcr\u00fcn\u00fc kolayca mutfa\u011f\u0131n\u0131z\u0131n istedi\u011finiz k\u00f6\u015fesine monte edebilirsiniz. Ard\u0131ndan \u00fczerine istedi\u011finiz d\u00fczende b\u0131\u00e7aklar\u0131n\u0131z\u0131 ve di\u011fer metal mutfak e\u015fyalar\u0131n\u0131z\u0131 yap\u0131\u015ft\u0131rabilirsiniz. Duvarda olduk\u00e7a \u015f\u0131k bir g\u00f6r\u00fcnt\u00fc olu\u015fturabilir ve t\u00fcm mutfak aletlerinizi elinizin alt\u0131nda bulunmas\u0131n\u0131 sa\u011flayabilirsiniz. G\u00fc\u00e7l\u00fc manyetik \u00e7ekimi sayesinde t\u00fcm mutfak gere\u00e7lerinizi \u00fczerine yerle\u015ftirebilirsiniz. Mutfakta, b\u0131\u00e7aklar\u0131m\u0131z hep elimizin alt\u0131nda olsun istiyoruz ama bir taraftan da tehlikeli oldu\u011fu i\u00e7in saklamak istiyoruz. hele evde \u00e7ocuk varsa saklamak i\u00e7in farkl\u0131 farkl\u0131 yerler ar\u0131yoruz. I\u015fte bu duruma bu \u00fcr\u00fcn s\u00fcper kurtar\u0131c\u0131n\u0131z oluyor. Bu m\u0131knat\u0131sl\u0131 b\u0131\u00e7ak tutucu sayesinde b\u0131\u00e7aklar hem istedi\u011fimiz zaman elimizin alt\u0131nda oluyor hem de g\u00fcvenli oluyor. \u00dcr\u00fcn \u00f6l\u00e7\u00fcs\u00fc: Boy: 55 cm Paket i\u00e7eri\u011fi: 1 adet m\u0131knat\u0131sl\u0131 b\u0131\u00e7ak tutucu 2 adet vida\" \/>\n<meta name=\"robots\" content=\"index, follow, max-snippet:-1, max-image-preview:large, max-video-preview:-1\" \/>\n<link rel=\"canonical\" href=\"https:\/\/www.peraavm.com\/index.php\/urun\/miknatisli-paslanmaz-duvar-bicak-askisi-standi-55-cm-aparat\/\" \/>\n<meta property=\"og:locale\" content=\"tr_TR\" \/>\n<meta property=\"og:type\" content=\"article\" \/>\n<meta property=\"og:title\" content=\"M\u0131knat\u0131sl\u0131 Paslanmaz Duvar B\u0131\u00e7ak Ask\u0131s\u0131 Stand\u0131 55 Cm Aparat |\" \/>\n<meta property=\"og:description\" content=\"M\u0131knat\u0131sl\u0131 Paslanmaz Duvar B\u0131\u00e7ak Ask\u0131s\u0131 Stand\u0131 55 cm Aparat M\u0131knat\u0131sl\u0131 b\u0131\u00e7ak tutucu M\u0131knat\u0131sl\u0131 b\u0131\u00e7ak tutucu ile b\u0131\u00e7aklar\u0131n\u0131z\u0131 duvara asabilir ve mutfa\u011f\u0131n\u0131zda kullan\u0131\u015fl\u0131l\u0131\u011f\u0131 artt\u0131rabilirsiniz. Paket i\u00e7inden \u00e7\u0131kan vidalarla \u00fcr\u00fcn\u00fc kolayca mutfa\u011f\u0131n\u0131z\u0131n istedi\u011finiz k\u00f6\u015fesine monte edebilirsiniz. Ard\u0131ndan \u00fczerine istedi\u011finiz d\u00fczende b\u0131\u00e7aklar\u0131n\u0131z\u0131 ve di\u011fer metal mutfak e\u015fyalar\u0131n\u0131z\u0131 yap\u0131\u015ft\u0131rabilirsiniz. Duvarda olduk\u00e7a \u015f\u0131k bir g\u00f6r\u00fcnt\u00fc olu\u015fturabilir ve t\u00fcm mutfak aletlerinizi elinizin alt\u0131nda bulunmas\u0131n\u0131 sa\u011flayabilirsiniz. G\u00fc\u00e7l\u00fc manyetik \u00e7ekimi sayesinde t\u00fcm mutfak gere\u00e7lerinizi \u00fczerine yerle\u015ftirebilirsiniz. Mutfakta, b\u0131\u00e7aklar\u0131m\u0131z hep elimizin alt\u0131nda olsun istiyoruz ama bir taraftan da tehlikeli oldu\u011fu i\u00e7in saklamak istiyoruz. hele evde \u00e7ocuk varsa saklamak i\u00e7in farkl\u0131 farkl\u0131 yerler ar\u0131yoruz. I\u015fte bu duruma bu \u00fcr\u00fcn s\u00fcper kurtar\u0131c\u0131n\u0131z oluyor. Bu m\u0131knat\u0131sl\u0131 b\u0131\u00e7ak tutucu sayesinde b\u0131\u00e7aklar hem istedi\u011fimiz zaman elimizin alt\u0131nda oluyor hem de g\u00fcvenli oluyor. \u00dcr\u00fcn \u00f6l\u00e7\u00fcs\u00fc: Boy: 55 cm Paket i\u00e7eri\u011fi: 1 adet m\u0131knat\u0131sl\u0131 b\u0131\u00e7ak tutucu 2 adet vida\" \/>\n<meta property=\"og:url\" content=\"https:\/\/www.peraavm.com\/index.php\/urun\/miknatisli-paslanmaz-duvar-bicak-askisi-standi-55-cm-aparat\/\" \/>\n<meta property=\"article:modified_time\" content=\"2023-12-22T14:15:19+00:00\" \/>\n<meta property=\"og:image\" content=\"https:\/\/www.peraavm.com\/wp-content\/uploads\/2021\/12\/werewrewr-copy.jpg\" \/>\n\t<meta property=\"og:image:width\" content=\"300\" \/>\n\t<meta property=\"og:image:height\" content=\"300\" \/>\n\t<meta property=\"og:image:type\" content=\"image\/jpeg\" \/>\n<meta name=\"twitter:card\" content=\"summary_large_image\" \/>\n<meta name=\"twitter:label1\" content=\"Tahmini okuma s\u00fcresi\" \/>\n\t<meta name=\"twitter:data1\" content=\"1 dakika\" \/>\n<script type=\"application\/ld+json\" class=\"yoast-schema-graph\">{\"@context\":\"https:\/\/schema.org\",\"@graph\":[{\"@type\":\"WebPage\",\"@id\":\"https:\/\/www.peraavm.com\/index.php\/urun\/miknatisli-paslanmaz-duvar-bicak-askisi-standi-55-cm-aparat\/\",\"url\":\"https:\/\/www.peraavm.com\/index.php\/urun\/miknatisli-paslanmaz-duvar-bicak-askisi-standi-55-cm-aparat\/\",\"name\":\"M\u0131knat\u0131sl\u0131 Paslanmaz Duvar B\u0131\u00e7ak Ask\u0131s\u0131 Stand\u0131 55 Cm Aparat |\",\"isPartOf\":{\"@id\":\"https:\/\/www.peraavm.com\/#website\"},\"primaryImageOfPage\":{\"@id\":\"https:\/\/www.peraavm.com\/index.php\/urun\/miknatisli-paslanmaz-duvar-bicak-askisi-standi-55-cm-aparat\/#primaryimage\"},\"image\":{\"@id\":\"https:\/\/www.peraavm.com\/index.php\/urun\/miknatisli-paslanmaz-duvar-bicak-askisi-standi-55-cm-aparat\/#primaryimage\"},\"thumbnailUrl\":\"https:\/\/www.peraavm.com\/wp-content\/uploads\/2021\/12\/werewrewr-copy.jpg\",\"datePublished\":\"2021-12-13T08:47:45+00:00\",\"dateModified\":\"2023-12-22T14:15:19+00:00\",\"description\":\"M\u0131knat\u0131sl\u0131 Paslanmaz Duvar B\u0131\u00e7ak Ask\u0131s\u0131 Stand\u0131 55 cm Aparat M\u0131knat\u0131sl\u0131 b\u0131\u00e7ak tutucu M\u0131knat\u0131sl\u0131 b\u0131\u00e7ak tutucu ile b\u0131\u00e7aklar\u0131n\u0131z\u0131 duvara asabilir ve mutfa\u011f\u0131n\u0131zda kullan\u0131\u015fl\u0131l\u0131\u011f\u0131 artt\u0131rabilirsiniz. Paket i\u00e7inden \u00e7\u0131kan vidalarla \u00fcr\u00fcn\u00fc kolayca mutfa\u011f\u0131n\u0131z\u0131n istedi\u011finiz k\u00f6\u015fesine monte edebilirsiniz. Ard\u0131ndan \u00fczerine istedi\u011finiz d\u00fczende b\u0131\u00e7aklar\u0131n\u0131z\u0131 ve di\u011fer metal mutfak e\u015fyalar\u0131n\u0131z\u0131 yap\u0131\u015ft\u0131rabilirsiniz. Duvarda olduk\u00e7a \u015f\u0131k bir g\u00f6r\u00fcnt\u00fc olu\u015fturabilir ve t\u00fcm mutfak aletlerinizi elinizin alt\u0131nda bulunmas\u0131n\u0131 sa\u011flayabilirsiniz. G\u00fc\u00e7l\u00fc manyetik \u00e7ekimi sayesinde t\u00fcm mutfak gere\u00e7lerinizi \u00fczerine yerle\u015ftirebilirsiniz. Mutfakta, b\u0131\u00e7aklar\u0131m\u0131z hep elimizin alt\u0131nda olsun istiyoruz ama bir taraftan da tehlikeli oldu\u011fu i\u00e7in saklamak istiyoruz. hele evde \u00e7ocuk varsa saklamak i\u00e7in farkl\u0131 farkl\u0131 yerler ar\u0131yoruz. I\u015fte bu duruma bu \u00fcr\u00fcn s\u00fcper kurtar\u0131c\u0131n\u0131z oluyor. Bu m\u0131knat\u0131sl\u0131 b\u0131\u00e7ak tutucu sayesinde b\u0131\u00e7aklar hem istedi\u011fimiz zaman elimizin alt\u0131nda oluyor hem de g\u00fcvenli oluyor. \u00dcr\u00fcn \u00f6l\u00e7\u00fcs\u00fc: Boy: 55 cm Paket i\u00e7eri\u011fi: 1 adet m\u0131knat\u0131sl\u0131 b\u0131\u00e7ak tutucu 2 adet vida\",\"breadcrumb\":{\"@id\":\"https:\/\/www.peraavm.com\/index.php\/urun\/miknatisli-paslanmaz-duvar-bicak-askisi-standi-55-cm-aparat\/#breadcrumb\"},\"inLanguage\":\"tr\",\"potentialAction\":[{\"@type\":\"ReadAction\",\"target\":[\"https:\/\/www.peraavm.com\/index.php\/urun\/miknatisli-paslanmaz-duvar-bicak-askisi-standi-55-cm-aparat\/\"]}]},{\"@type\":\"ImageObject\",\"inLanguage\":\"tr\",\"@id\":\"https:\/\/www.peraavm.com\/index.php\/urun\/miknatisli-paslanmaz-duvar-bicak-askisi-standi-55-cm-aparat\/#primaryimage\",\"url\":\"https:\/\/www.peraavm.com\/wp-content\/uploads\/2021\/12\/werewrewr-copy.jpg\",\"contentUrl\":\"https:\/\/www.peraavm.com\/wp-content\/uploads\/2021\/12\/werewrewr-copy.jpg\",\"width\":300,\"height\":300},{\"@type\":\"BreadcrumbList\",\"@id\":\"https:\/\/www.peraavm.com\/index.php\/urun\/miknatisli-paslanmaz-duvar-bicak-askisi-standi-55-cm-aparat\/#breadcrumb\",\"itemListElement\":[{\"@type\":\"ListItem\",\"position\":1,\"name\":\"Anasayfa\",\"item\":\"https:\/\/www.peraavm.com\/\"},{\"@type\":\"ListItem\",\"position\":2,\"name\":\"Magaza\",\"item\":\"https:\/\/www.peraavm.com\/index.php\/magaza\/\"},{\"@type\":\"ListItem\",\"position\":3,\"name\":\"M\u0131knat\u0131sl\u0131 Paslanmaz Duvar B\u0131\u00e7ak Ask\u0131s\u0131 Stand\u0131 55 Cm Aparat\"}]},{\"@type\":\"WebSite\",\"@id\":\"https:\/\/www.peraavm.com\/#website\",\"url\":\"https:\/\/www.peraavm.com\/\",\"name\":\"Pratikmagazam.com\",\"description\":\"\",\"publisher\":{\"@id\":\"https:\/\/www.peraavm.com\/#organization\"},\"potentialAction\":[{\"@type\":\"SearchAction\",\"target\":{\"@type\":\"EntryPoint\",\"urlTemplate\":\"https:\/\/www.peraavm.com\/?s={search_term_string}\"},\"query-input\":{\"@type\":\"PropertyValueSpecification\",\"valueRequired\":true,\"valueName\":\"search_term_string\"}}],\"inLanguage\":\"tr\"},{\"@type\":\"Organization\",\"@id\":\"https:\/\/www.peraavm.com\/#organization\",\"name\":\"pratikmagazam.com\",\"url\":\"https:\/\/www.peraavm.com\/\",\"logo\":{\"@type\":\"ImageObject\",\"inLanguage\":\"tr\",\"@id\":\"https:\/\/www.peraavm.com\/#\/schema\/logo\/image\/\",\"url\":\"https:\/\/www.pratikmagazam.com\/wp-content\/uploads\/2021\/11\/Ekran-Resmi-2021-11-17-08.16.13.png\",\"contentUrl\":\"https:\/\/www.pratikmagazam.com\/wp-content\/uploads\/2021\/11\/Ekran-Resmi-2021-11-17-08.16.13.png\",\"width\":477,\"height\":135,\"caption\":\"pratikmagazam.com\"},\"image\":{\"@id\":\"https:\/\/www.peraavm.com\/#\/schema\/logo\/image\/\"},\"sameAs\":[\"https:\/\/instagram.com\/pratikmagazam?utm_medium=copy_link\"]}]}<\/script>\n<!-- \/ Yoast SEO plugin. -->","yoast_head_json":{"title":"M\u0131knat\u0131sl\u0131 Paslanmaz Duvar B\u0131\u00e7ak Ask\u0131s\u0131 Stand\u0131 55 Cm Aparat |","description":"M\u0131knat\u0131sl\u0131 Paslanmaz Duvar B\u0131\u00e7ak Ask\u0131s\u0131 Stand\u0131 55 cm Aparat M\u0131knat\u0131sl\u0131 b\u0131\u00e7ak tutucu M\u0131knat\u0131sl\u0131 b\u0131\u00e7ak tutucu ile b\u0131\u00e7aklar\u0131n\u0131z\u0131 duvara asabilir ve mutfa\u011f\u0131n\u0131zda kullan\u0131\u015fl\u0131l\u0131\u011f\u0131 artt\u0131rabilirsiniz. Paket i\u00e7inden \u00e7\u0131kan vidalarla \u00fcr\u00fcn\u00fc kolayca mutfa\u011f\u0131n\u0131z\u0131n istedi\u011finiz k\u00f6\u015fesine monte edebilirsiniz. Ard\u0131ndan \u00fczerine istedi\u011finiz d\u00fczende b\u0131\u00e7aklar\u0131n\u0131z\u0131 ve di\u011fer metal mutfak e\u015fyalar\u0131n\u0131z\u0131 yap\u0131\u015ft\u0131rabilirsiniz. Duvarda olduk\u00e7a \u015f\u0131k bir g\u00f6r\u00fcnt\u00fc olu\u015fturabilir ve t\u00fcm mutfak aletlerinizi elinizin alt\u0131nda bulunmas\u0131n\u0131 sa\u011flayabilirsiniz. G\u00fc\u00e7l\u00fc manyetik \u00e7ekimi sayesinde t\u00fcm mutfak gere\u00e7lerinizi \u00fczerine yerle\u015ftirebilirsiniz. Mutfakta, b\u0131\u00e7aklar\u0131m\u0131z hep elimizin alt\u0131nda olsun istiyoruz ama bir taraftan da tehlikeli oldu\u011fu i\u00e7in saklamak istiyoruz. hele evde \u00e7ocuk varsa saklamak i\u00e7in farkl\u0131 farkl\u0131 yerler ar\u0131yoruz. I\u015fte bu duruma bu \u00fcr\u00fcn s\u00fcper kurtar\u0131c\u0131n\u0131z oluyor. Bu m\u0131knat\u0131sl\u0131 b\u0131\u00e7ak tutucu sayesinde b\u0131\u00e7aklar hem istedi\u011fimiz zaman elimizin alt\u0131nda oluyor hem de g\u00fcvenli oluyor. \u00dcr\u00fcn \u00f6l\u00e7\u00fcs\u00fc: Boy: 55 cm Paket i\u00e7eri\u011fi: 1 adet m\u0131knat\u0131sl\u0131 b\u0131\u00e7ak tutucu 2 adet vida","robots":{"index":"index","follow":"follow","max-snippet":"max-snippet:-1","max-image-preview":"max-image-preview:large","max-video-preview":"max-video-preview:-1"},"canonical":"https:\/\/www.peraavm.com\/index.php\/urun\/miknatisli-paslanmaz-duvar-bicak-askisi-standi-55-cm-aparat\/","og_locale":"tr_TR","og_type":"article","og_title":"M\u0131knat\u0131sl\u0131 Paslanmaz Duvar B\u0131\u00e7ak Ask\u0131s\u0131 Stand\u0131 55 Cm Aparat |","og_description":"M\u0131knat\u0131sl\u0131 Paslanmaz Duvar B\u0131\u00e7ak Ask\u0131s\u0131 Stand\u0131 55 cm Aparat M\u0131knat\u0131sl\u0131 b\u0131\u00e7ak tutucu M\u0131knat\u0131sl\u0131 b\u0131\u00e7ak tutucu ile b\u0131\u00e7aklar\u0131n\u0131z\u0131 duvara asabilir ve mutfa\u011f\u0131n\u0131zda kullan\u0131\u015fl\u0131l\u0131\u011f\u0131 artt\u0131rabilirsiniz. Paket i\u00e7inden \u00e7\u0131kan vidalarla \u00fcr\u00fcn\u00fc kolayca mutfa\u011f\u0131n\u0131z\u0131n istedi\u011finiz k\u00f6\u015fesine monte edebilirsiniz. Ard\u0131ndan \u00fczerine istedi\u011finiz d\u00fczende b\u0131\u00e7aklar\u0131n\u0131z\u0131 ve di\u011fer metal mutfak e\u015fyalar\u0131n\u0131z\u0131 yap\u0131\u015ft\u0131rabilirsiniz. Duvarda olduk\u00e7a \u015f\u0131k bir g\u00f6r\u00fcnt\u00fc olu\u015fturabilir ve t\u00fcm mutfak aletlerinizi elinizin alt\u0131nda bulunmas\u0131n\u0131 sa\u011flayabilirsiniz. G\u00fc\u00e7l\u00fc manyetik \u00e7ekimi sayesinde t\u00fcm mutfak gere\u00e7lerinizi \u00fczerine yerle\u015ftirebilirsiniz. Mutfakta, b\u0131\u00e7aklar\u0131m\u0131z hep elimizin alt\u0131nda olsun istiyoruz ama bir taraftan da tehlikeli oldu\u011fu i\u00e7in saklamak istiyoruz. hele evde \u00e7ocuk varsa saklamak i\u00e7in farkl\u0131 farkl\u0131 yerler ar\u0131yoruz. I\u015fte bu duruma bu \u00fcr\u00fcn s\u00fcper kurtar\u0131c\u0131n\u0131z oluyor. Bu m\u0131knat\u0131sl\u0131 b\u0131\u00e7ak tutucu sayesinde b\u0131\u00e7aklar hem istedi\u011fimiz zaman elimizin alt\u0131nda oluyor hem de g\u00fcvenli oluyor. \u00dcr\u00fcn \u00f6l\u00e7\u00fcs\u00fc: Boy: 55 cm Paket i\u00e7eri\u011fi: 1 adet m\u0131knat\u0131sl\u0131 b\u0131\u00e7ak tutucu 2 adet vida","og_url":"https:\/\/www.peraavm.com\/index.php\/urun\/miknatisli-paslanmaz-duvar-bicak-askisi-standi-55-cm-aparat\/","article_modified_time":"2023-12-22T14:15:19+00:00","og_image":[{"width":300,"height":300,"url":"https:\/\/www.peraavm.com\/wp-content\/uploads\/2021\/12\/werewrewr-copy.jpg","type":"image\/jpeg"}],"twitter_card":"summary_large_image","twitter_misc":{"Tahmini okuma s\u00fcresi":"1 dakika"},"schema":{"@context":"https:\/\/schema.org","@graph":[{"@type":"WebPage","@id":"https:\/\/www.peraavm.com\/index.php\/urun\/miknatisli-paslanmaz-duvar-bicak-askisi-standi-55-cm-aparat\/","url":"https:\/\/www.peraavm.com\/index.php\/urun\/miknatisli-paslanmaz-duvar-bicak-askisi-standi-55-cm-aparat\/","name":"M\u0131knat\u0131sl\u0131 Paslanmaz Duvar B\u0131\u00e7ak Ask\u0131s\u0131 Stand\u0131 55 Cm Aparat |","isPartOf":{"@id":"https:\/\/www.peraavm.com\/#website"},"primaryImageOfPage":{"@id":"https:\/\/www.peraavm.com\/index.php\/urun\/miknatisli-paslanmaz-duvar-bicak-askisi-standi-55-cm-aparat\/#primaryimage"},"image":{"@id":"https:\/\/www.peraavm.com\/index.php\/urun\/miknatisli-paslanmaz-duvar-bicak-askisi-standi-55-cm-aparat\/#primaryimage"},"thumbnailUrl":"https:\/\/www.peraavm.com\/wp-content\/uploads\/2021\/12\/werewrewr-copy.jpg","datePublished":"2021-12-13T08:47:45+00:00","dateModified":"2023-12-22T14:15:19+00:00","description":"M\u0131knat\u0131sl\u0131 Paslanmaz Duvar B\u0131\u00e7ak Ask\u0131s\u0131 Stand\u0131 55 cm Aparat M\u0131knat\u0131sl\u0131 b\u0131\u00e7ak tutucu M\u0131knat\u0131sl\u0131 b\u0131\u00e7ak tutucu ile b\u0131\u00e7aklar\u0131n\u0131z\u0131 duvara asabilir ve mutfa\u011f\u0131n\u0131zda kullan\u0131\u015fl\u0131l\u0131\u011f\u0131 artt\u0131rabilirsiniz. Paket i\u00e7inden \u00e7\u0131kan vidalarla \u00fcr\u00fcn\u00fc kolayca mutfa\u011f\u0131n\u0131z\u0131n istedi\u011finiz k\u00f6\u015fesine monte edebilirsiniz. Ard\u0131ndan \u00fczerine istedi\u011finiz d\u00fczende b\u0131\u00e7aklar\u0131n\u0131z\u0131 ve di\u011fer metal mutfak e\u015fyalar\u0131n\u0131z\u0131 yap\u0131\u015ft\u0131rabilirsiniz. Duvarda olduk\u00e7a \u015f\u0131k bir g\u00f6r\u00fcnt\u00fc olu\u015fturabilir ve t\u00fcm mutfak aletlerinizi elinizin alt\u0131nda bulunmas\u0131n\u0131 sa\u011flayabilirsiniz. G\u00fc\u00e7l\u00fc manyetik \u00e7ekimi sayesinde t\u00fcm mutfak gere\u00e7lerinizi \u00fczerine yerle\u015ftirebilirsiniz. Mutfakta, b\u0131\u00e7aklar\u0131m\u0131z hep elimizin alt\u0131nda olsun istiyoruz ama bir taraftan da tehlikeli oldu\u011fu i\u00e7in saklamak istiyoruz. hele evde \u00e7ocuk varsa saklamak i\u00e7in farkl\u0131 farkl\u0131 yerler ar\u0131yoruz. I\u015fte bu duruma bu \u00fcr\u00fcn s\u00fcper kurtar\u0131c\u0131n\u0131z oluyor. Bu m\u0131knat\u0131sl\u0131 b\u0131\u00e7ak tutucu sayesinde b\u0131\u00e7aklar hem istedi\u011fimiz zaman elimizin alt\u0131nda oluyor hem de g\u00fcvenli oluyor. \u00dcr\u00fcn \u00f6l\u00e7\u00fcs\u00fc: Boy: 55 cm Paket i\u00e7eri\u011fi: 1 adet m\u0131knat\u0131sl\u0131 b\u0131\u00e7ak tutucu 2 adet vida","breadcrumb":{"@id":"https:\/\/www.peraavm.com\/index.php\/urun\/miknatisli-paslanmaz-duvar-bicak-askisi-standi-55-cm-aparat\/#breadcrumb"},"inLanguage":"tr","potentialAction":[{"@type":"ReadAction","target":["https:\/\/www.peraavm.com\/index.php\/urun\/miknatisli-paslanmaz-duvar-bicak-askisi-standi-55-cm-aparat\/"]}]},{"@type":"ImageObject","inLanguage":"tr","@id":"https:\/\/www.peraavm.com\/index.php\/urun\/miknatisli-paslanmaz-duvar-bicak-askisi-standi-55-cm-aparat\/#primaryimage","url":"https:\/\/www.peraavm.com\/wp-content\/uploads\/2021\/12\/werewrewr-copy.jpg","contentUrl":"https:\/\/www.peraavm.com\/wp-content\/uploads\/2021\/12\/werewrewr-copy.jpg","width":300,"height":300},{"@type":"BreadcrumbList","@id":"https:\/\/www.peraavm.com\/index.php\/urun\/miknatisli-paslanmaz-duvar-bicak-askisi-standi-55-cm-aparat\/#breadcrumb","itemListElement":[{"@type":"ListItem","position":1,"name":"Anasayfa","item":"https:\/\/www.peraavm.com\/"},{"@type":"ListItem","position":2,"name":"Magaza","item":"https:\/\/www.peraavm.com\/index.php\/magaza\/"},{"@type":"ListItem","position":3,"name":"M\u0131knat\u0131sl\u0131 Paslanmaz Duvar B\u0131\u00e7ak Ask\u0131s\u0131 Stand\u0131 55 Cm Aparat"}]},{"@type":"WebSite","@id":"https:\/\/www.peraavm.com\/#website","url":"https:\/\/www.peraavm.com\/","name":"Pratikmagazam.com","description":"","publisher":{"@id":"https:\/\/www.peraavm.com\/#organization"},"potentialAction":[{"@type":"SearchAction","target":{"@type":"EntryPoint","urlTemplate":"https:\/\/www.peraavm.com\/?s={search_term_string}"},"query-input":{"@type":"PropertyValueSpecification","valueRequired":true,"valueName":"search_term_string"}}],"inLanguage":"tr"},{"@type":"Organization","@id":"https:\/\/www.peraavm.com\/#organization","name":"pratikmagazam.com","url":"https:\/\/www.peraavm.com\/","logo":{"@type":"ImageObject","inLanguage":"tr","@id":"https:\/\/www.peraavm.com\/#\/schema\/logo\/image\/","url":"https:\/\/www.pratikmagazam.com\/wp-content\/uploads\/2021\/11\/Ekran-Resmi-2021-11-17-08.16.13.png","contentUrl":"https:\/\/www.pratikmagazam.com\/wp-content\/uploads\/2021\/11\/Ekran-Resmi-2021-11-17-08.16.13.png","width":477,"height":135,"caption":"pratikmagazam.com"},"image":{"@id":"https:\/\/www.peraavm.com\/#\/schema\/logo\/image\/"},"sameAs":["https:\/\/instagram.com\/pratikmagazam?utm_medium=copy_link"]}]}},"_links":{"self":[{"href":"https:\/\/www.peraavm.com\/index.php\/wp-json\/wp\/v2\/product\/1720","targetHints":{"allow":["GET"]}}],"collection":[{"href":"https:\/\/www.peraavm.com\/index.php\/wp-json\/wp\/v2\/product"}],"about":[{"href":"https:\/\/www.peraavm.com\/index.php\/wp-json\/wp\/v2\/types\/product"}],"replies":[{"embeddable":true,"href":"https:\/\/www.peraavm.com\/index.php\/wp-json\/wp\/v2\/comments?post=1720"}],"wp:featuredmedia":[{"embeddable":true,"href":"https:\/\/www.peraavm.com\/index.php\/wp-json\/wp\/v2\/media\/1721"}],"wp:attachment":[{"href":"https:\/\/www.peraavm.com\/index.php\/wp-json\/wp\/v2\/media?parent=1720"}],"wp:term":[{"taxonomy":"product_brand","embeddable":true,"href":"https:\/\/www.peraavm.com\/index.php\/wp-json\/wp\/v2\/product_brand?post=1720"},{"taxonomy":"product_cat","embeddable":true,"href":"https:\/\/www.peraavm.com\/index.php\/wp-json\/wp\/v2\/product_cat?post=1720"},{"taxonomy":"product_tag","embeddable":true,"href":"https:\/\/www.peraavm.com\/index.php\/wp-json\/wp\/v2\/product_tag?post=1720"}],"curies":[{"name":"wp","href":"https:\/\/api.w.org\/{rel}","templated":true}]}}