{"id":1819,"date":"2021-12-14T11:49:10","date_gmt":"2021-12-14T11:49:10","guid":{"rendered":"https:\/\/www.pratikmagazam.com\/?post_type=product&#038;p=1819"},"modified":"2026-01-17T11:53:18","modified_gmt":"2026-01-17T11:53:18","slug":"plastik-ayarlanabilir-kagit-havluluk","status":"publish","type":"product","link":"https:\/\/www.peraavm.com\/index.php\/urun\/plastik-ayarlanabilir-kagit-havluluk\/","title":{"rendered":"Plastik Ayarlanabilir Ka\u011f\u0131t Havluluk"},"content":{"rendered":"<ul class=\"detail-desc-list\">\n<li class=\"detail-desc-item\">\u00dc r\u00fcnlerimizin Tamam\u0131 S\u0131f\u0131rd\u0131r. \u00dcr\u00fcnlerimiz Faturan\u0131z ile Birlikte G\u00f6nderilecektir. Ka\u011f\u0131t Aparat\u0131 Ayarlanabilir. T\u00fcm Havlu Ka\u011f\u0131tlara Uyumlu Yap\u0131\u015fkanl\u0131 ve Monte Edilebilir. \u00dcr\u00fcn\u00fcm\u00fcz 1. Kalite Hammaddeden \u00dcretilmi\u015ftir. Kullan\u0131\u015fl\u0131 Yap\u0131s\u0131yla Size Kolayl\u0131k Sa\u011flar. Kaliteli Dayan\u0131kl\u0131 Plastikten \u00dcretilmi\u015ftir. \u00d6NEML\u0130 NOT: Baz\u0131 \u00fcr\u00fcnlerimiz stoklar\u0131m\u0131zda asorti dedi\u011fimiz farkl\u0131 renklerden olu\u015fmaktad\u0131r. Bu gibi durumlarda stoklar\u0131m\u0131zda mevcut olan \u00fcr\u00fcn rengi g\u00f6nderilmektedir. Baz\u0131 \u00fcr\u00fcnlerimizde ise \u00fcr\u00fcn foto\u011fraflarda belirtilmi\u015ftir fakat varyant eklenmedi\u011finden dolay\u0131, \u00dcr\u00fcn\u00fc Sipari\u015f Vermeden \u00d6nce \u00dcr\u00fcn Rengini Platform \u00dczerinden Mesaj Yazman\u0131z\u0131 Ve Ma\u011fazam\u0131z\u0131n Sat\u0131\u015f Sorumlusundan Teyit Alman\u0131z\u0131 Rica Ederiz. \u00dcr\u00fcnlerin Renk Stoklar\u0131 Farkl\u0131l\u0131k G\u00f6stermekte Oldu\u011fundan Elimizde Kalmamas\u0131 Durumunda Stoklar\u0131m\u0131zda Olan Mevcut Rengini G\u00f6ndermekteyiz. Bunun Bilgisini Siz DE\u011eERL\u0130 M\u00dc\u015eTER\u0130LER\u0130M\u0130ZE Bildirmek \u0130steriz. \u0130yi Al\u0131\u015fveri\u015fler Dileriz. \u00d6nemli Not: Siz De\u011ferli M\u00fc\u015fterilerimize al\u0131\u015fveri\u015flerinizden \u00f6t\u00fcr\u00fc te\u015fekk\u00fcr ederiz. Elimizden geldi\u011fince iyi paketleyerek zaman\u0131nda g\u00f6nderim yapmay\u0131 kendimize prensip edindik. Hep daha iyisini yapmak i\u00e7in u\u011fra\u015f\u0131yor oldu\u011fumuzu bilmenizi isteriz. Firmam\u0131zdan ald\u0131\u011f\u0131n\u0131z \u00fcr\u00fcn\u00fc iade ederken size g\u00f6nderirken, paketlemede g\u00f6stermi\u015f oldu\u011fumuz \u00f6z veriyi \u00fcr\u00fcn\u00fc geri yollarkende g\u00f6stermenizdir. Sizin taraf\u0131ndan g\u00f6nderilecek \u00fcr\u00fcn\u00fcn kargoda zarar g\u00f6rmesi durumunda g\u00f6nderim \u015fekli ve paketleme dikkate al\u0131narak iade s\u00fcreci ger\u00e7ekle\u015fecektir. \u00dcr\u00fcnlerimizin baz\u0131lar\u0131 k\u0131r\u0131labilecek \u00fcr\u00fcnler oldu\u011fu i\u00e7in bu duruma hassasiyet g\u00f6stermenizi isteriz.<\/li>\n<\/ul>\n","protected":false},"excerpt":{"rendered":"<ul class=\"detail-desc-list\">\n<li class=\"detail-desc-item\">\u00a0T\u00fcm Havlu Ka\u011f\u0131tlara Uyumlu Yap\u0131\u015fkanl\u0131 ve Monte Edilebilir. \u00dcr\u00fcn\u00fcm\u00fcz 1. Kalite Hammaddeden \u00dcretilmi\u015ftir. Kullan\u0131\u015fl\u0131 Yap\u0131s\u0131yla Size Kolayl\u0131k Sa\u011flar.<\/li>\n<\/ul>\n","protected":false},"featured_media":1820,"comment_status":"open","ping_status":"closed","template":"","meta":[],"product_brand":[],"product_cat":[37,32,15],"product_tag":[],"class_list":{"0":"post-1819","1":"product","2":"type-product","3":"status-publish","4":"has-post-thumbnail","6":"product_cat-ev-gerecleri","7":"product_cat-hirdavat","8":"product_cat-tum-urunler","10":"first","11":"instock","12":"sale","13":"taxable","14":"shipping-taxable","15":"purchasable","16":"product-type-simple"},"yoast_head":"<!-- This site is optimized with the Yoast SEO plugin v27.2 - https:\/\/yoast.com\/product\/yoast-seo-wordpress\/ -->\n<title>Plastik Ayarlanabilir Ka\u011f\u0131t Havluluk |<\/title>\n<meta name=\"robots\" content=\"index, follow, max-snippet:-1, max-image-preview:large, max-video-preview:-1\" \/>\n<link rel=\"canonical\" href=\"https:\/\/www.peraavm.com\/index.php\/urun\/plastik-ayarlanabilir-kagit-havluluk\/\" \/>\n<meta property=\"og:locale\" content=\"tr_TR\" \/>\n<meta property=\"og:type\" content=\"article\" \/>\n<meta property=\"og:title\" content=\"Plastik Ayarlanabilir Ka\u011f\u0131t Havluluk |\" \/>\n<meta property=\"og:description\" content=\"\u00a0T\u00fcm Havlu Ka\u011f\u0131tlara Uyumlu Yap\u0131\u015fkanl\u0131 ve Monte Edilebilir. \u00dcr\u00fcn\u00fcm\u00fcz 1. Kalite Hammaddeden \u00dcretilmi\u015ftir. Kullan\u0131\u015fl\u0131 Yap\u0131s\u0131yla Size Kolayl\u0131k Sa\u011flar.\" \/>\n<meta property=\"og:url\" content=\"https:\/\/www.peraavm.com\/index.php\/urun\/plastik-ayarlanabilir-kagit-havluluk\/\" \/>\n<meta property=\"article:modified_time\" content=\"2026-01-17T11:53:18+00:00\" \/>\n<meta property=\"og:image\" content=\"https:\/\/www.peraavm.com\/wp-content\/uploads\/2021\/12\/345345345-22.jpg\" \/>\n\t<meta property=\"og:image:width\" content=\"300\" \/>\n\t<meta property=\"og:image:height\" content=\"300\" \/>\n\t<meta property=\"og:image:type\" content=\"image\/jpeg\" \/>\n<meta name=\"twitter:card\" content=\"summary_large_image\" \/>\n<meta name=\"twitter:label1\" content=\"Tahmini okuma s\u00fcresi\" \/>\n\t<meta name=\"twitter:data1\" content=\"1 dakika\" \/>\n<script type=\"application\/ld+json\" class=\"yoast-schema-graph\">{\"@context\":\"https:\/\/schema.org\",\"@graph\":[{\"@type\":\"WebPage\",\"@id\":\"https:\/\/www.peraavm.com\/index.php\/urun\/plastik-ayarlanabilir-kagit-havluluk\/\",\"url\":\"https:\/\/www.peraavm.com\/index.php\/urun\/plastik-ayarlanabilir-kagit-havluluk\/\",\"name\":\"Plastik Ayarlanabilir Ka\u011f\u0131t Havluluk |\",\"isPartOf\":{\"@id\":\"https:\/\/www.peraavm.com\/#website\"},\"primaryImageOfPage\":{\"@id\":\"https:\/\/www.peraavm.com\/index.php\/urun\/plastik-ayarlanabilir-kagit-havluluk\/#primaryimage\"},\"image\":{\"@id\":\"https:\/\/www.peraavm.com\/index.php\/urun\/plastik-ayarlanabilir-kagit-havluluk\/#primaryimage\"},\"thumbnailUrl\":\"https:\/\/www.peraavm.com\/wp-content\/uploads\/2021\/12\/345345345-22.jpg\",\"datePublished\":\"2021-12-14T11:49:10+00:00\",\"dateModified\":\"2026-01-17T11:53:18+00:00\",\"breadcrumb\":{\"@id\":\"https:\/\/www.peraavm.com\/index.php\/urun\/plastik-ayarlanabilir-kagit-havluluk\/#breadcrumb\"},\"inLanguage\":\"tr\",\"potentialAction\":[{\"@type\":\"ReadAction\",\"target\":[\"https:\/\/www.peraavm.com\/index.php\/urun\/plastik-ayarlanabilir-kagit-havluluk\/\"]}]},{\"@type\":\"ImageObject\",\"inLanguage\":\"tr\",\"@id\":\"https:\/\/www.peraavm.com\/index.php\/urun\/plastik-ayarlanabilir-kagit-havluluk\/#primaryimage\",\"url\":\"https:\/\/www.peraavm.com\/wp-content\/uploads\/2021\/12\/345345345-22.jpg\",\"contentUrl\":\"https:\/\/www.peraavm.com\/wp-content\/uploads\/2021\/12\/345345345-22.jpg\",\"width\":300,\"height\":300},{\"@type\":\"BreadcrumbList\",\"@id\":\"https:\/\/www.peraavm.com\/index.php\/urun\/plastik-ayarlanabilir-kagit-havluluk\/#breadcrumb\",\"itemListElement\":[{\"@type\":\"ListItem\",\"position\":1,\"name\":\"Anasayfa\",\"item\":\"https:\/\/www.peraavm.com\/\"},{\"@type\":\"ListItem\",\"position\":2,\"name\":\"Magaza\",\"item\":\"https:\/\/www.peraavm.com\/index.php\/magaza\/\"},{\"@type\":\"ListItem\",\"position\":3,\"name\":\"Plastik Ayarlanabilir Ka\u011f\u0131t Havluluk\"}]},{\"@type\":\"WebSite\",\"@id\":\"https:\/\/www.peraavm.com\/#website\",\"url\":\"https:\/\/www.peraavm.com\/\",\"name\":\"Pratikmagazam.com\",\"description\":\"\",\"publisher\":{\"@id\":\"https:\/\/www.peraavm.com\/#organization\"},\"potentialAction\":[{\"@type\":\"SearchAction\",\"target\":{\"@type\":\"EntryPoint\",\"urlTemplate\":\"https:\/\/www.peraavm.com\/?s={search_term_string}\"},\"query-input\":{\"@type\":\"PropertyValueSpecification\",\"valueRequired\":true,\"valueName\":\"search_term_string\"}}],\"inLanguage\":\"tr\"},{\"@type\":\"Organization\",\"@id\":\"https:\/\/www.peraavm.com\/#organization\",\"name\":\"pratikmagazam.com\",\"url\":\"https:\/\/www.peraavm.com\/\",\"logo\":{\"@type\":\"ImageObject\",\"inLanguage\":\"tr\",\"@id\":\"https:\/\/www.peraavm.com\/#\/schema\/logo\/image\/\",\"url\":\"https:\/\/www.pratikmagazam.com\/wp-content\/uploads\/2021\/11\/Ekran-Resmi-2021-11-17-08.16.13.png\",\"contentUrl\":\"https:\/\/www.pratikmagazam.com\/wp-content\/uploads\/2021\/11\/Ekran-Resmi-2021-11-17-08.16.13.png\",\"width\":477,\"height\":135,\"caption\":\"pratikmagazam.com\"},\"image\":{\"@id\":\"https:\/\/www.peraavm.com\/#\/schema\/logo\/image\/\"},\"sameAs\":[\"https:\/\/instagram.com\/pratikmagazam?utm_medium=copy_link\"]}]}<\/script>\n<!-- \/ Yoast SEO plugin. -->","yoast_head_json":{"title":"Plastik Ayarlanabilir Ka\u011f\u0131t Havluluk |","robots":{"index":"index","follow":"follow","max-snippet":"max-snippet:-1","max-image-preview":"max-image-preview:large","max-video-preview":"max-video-preview:-1"},"canonical":"https:\/\/www.peraavm.com\/index.php\/urun\/plastik-ayarlanabilir-kagit-havluluk\/","og_locale":"tr_TR","og_type":"article","og_title":"Plastik Ayarlanabilir Ka\u011f\u0131t Havluluk |","og_description":"\u00a0T\u00fcm Havlu Ka\u011f\u0131tlara Uyumlu Yap\u0131\u015fkanl\u0131 ve Monte Edilebilir. \u00dcr\u00fcn\u00fcm\u00fcz 1. Kalite Hammaddeden \u00dcretilmi\u015ftir. Kullan\u0131\u015fl\u0131 Yap\u0131s\u0131yla Size Kolayl\u0131k Sa\u011flar.","og_url":"https:\/\/www.peraavm.com\/index.php\/urun\/plastik-ayarlanabilir-kagit-havluluk\/","article_modified_time":"2026-01-17T11:53:18+00:00","og_image":[{"width":300,"height":300,"url":"https:\/\/www.peraavm.com\/wp-content\/uploads\/2021\/12\/345345345-22.jpg","type":"image\/jpeg"}],"twitter_card":"summary_large_image","twitter_misc":{"Tahmini okuma s\u00fcresi":"1 dakika"},"schema":{"@context":"https:\/\/schema.org","@graph":[{"@type":"WebPage","@id":"https:\/\/www.peraavm.com\/index.php\/urun\/plastik-ayarlanabilir-kagit-havluluk\/","url":"https:\/\/www.peraavm.com\/index.php\/urun\/plastik-ayarlanabilir-kagit-havluluk\/","name":"Plastik Ayarlanabilir Ka\u011f\u0131t Havluluk |","isPartOf":{"@id":"https:\/\/www.peraavm.com\/#website"},"primaryImageOfPage":{"@id":"https:\/\/www.peraavm.com\/index.php\/urun\/plastik-ayarlanabilir-kagit-havluluk\/#primaryimage"},"image":{"@id":"https:\/\/www.peraavm.com\/index.php\/urun\/plastik-ayarlanabilir-kagit-havluluk\/#primaryimage"},"thumbnailUrl":"https:\/\/www.peraavm.com\/wp-content\/uploads\/2021\/12\/345345345-22.jpg","datePublished":"2021-12-14T11:49:10+00:00","dateModified":"2026-01-17T11:53:18+00:00","breadcrumb":{"@id":"https:\/\/www.peraavm.com\/index.php\/urun\/plastik-ayarlanabilir-kagit-havluluk\/#breadcrumb"},"inLanguage":"tr","potentialAction":[{"@type":"ReadAction","target":["https:\/\/www.peraavm.com\/index.php\/urun\/plastik-ayarlanabilir-kagit-havluluk\/"]}]},{"@type":"ImageObject","inLanguage":"tr","@id":"https:\/\/www.peraavm.com\/index.php\/urun\/plastik-ayarlanabilir-kagit-havluluk\/#primaryimage","url":"https:\/\/www.peraavm.com\/wp-content\/uploads\/2021\/12\/345345345-22.jpg","contentUrl":"https:\/\/www.peraavm.com\/wp-content\/uploads\/2021\/12\/345345345-22.jpg","width":300,"height":300},{"@type":"BreadcrumbList","@id":"https:\/\/www.peraavm.com\/index.php\/urun\/plastik-ayarlanabilir-kagit-havluluk\/#breadcrumb","itemListElement":[{"@type":"ListItem","position":1,"name":"Anasayfa","item":"https:\/\/www.peraavm.com\/"},{"@type":"ListItem","position":2,"name":"Magaza","item":"https:\/\/www.peraavm.com\/index.php\/magaza\/"},{"@type":"ListItem","position":3,"name":"Plastik Ayarlanabilir Ka\u011f\u0131t Havluluk"}]},{"@type":"WebSite","@id":"https:\/\/www.peraavm.com\/#website","url":"https:\/\/www.peraavm.com\/","name":"Pratikmagazam.com","description":"","publisher":{"@id":"https:\/\/www.peraavm.com\/#organization"},"potentialAction":[{"@type":"SearchAction","target":{"@type":"EntryPoint","urlTemplate":"https:\/\/www.peraavm.com\/?s={search_term_string}"},"query-input":{"@type":"PropertyValueSpecification","valueRequired":true,"valueName":"search_term_string"}}],"inLanguage":"tr"},{"@type":"Organization","@id":"https:\/\/www.peraavm.com\/#organization","name":"pratikmagazam.com","url":"https:\/\/www.peraavm.com\/","logo":{"@type":"ImageObject","inLanguage":"tr","@id":"https:\/\/www.peraavm.com\/#\/schema\/logo\/image\/","url":"https:\/\/www.pratikmagazam.com\/wp-content\/uploads\/2021\/11\/Ekran-Resmi-2021-11-17-08.16.13.png","contentUrl":"https:\/\/www.pratikmagazam.com\/wp-content\/uploads\/2021\/11\/Ekran-Resmi-2021-11-17-08.16.13.png","width":477,"height":135,"caption":"pratikmagazam.com"},"image":{"@id":"https:\/\/www.peraavm.com\/#\/schema\/logo\/image\/"},"sameAs":["https:\/\/instagram.com\/pratikmagazam?utm_medium=copy_link"]}]}},"_links":{"self":[{"href":"https:\/\/www.peraavm.com\/index.php\/wp-json\/wp\/v2\/product\/1819","targetHints":{"allow":["GET"]}}],"collection":[{"href":"https:\/\/www.peraavm.com\/index.php\/wp-json\/wp\/v2\/product"}],"about":[{"href":"https:\/\/www.peraavm.com\/index.php\/wp-json\/wp\/v2\/types\/product"}],"replies":[{"embeddable":true,"href":"https:\/\/www.peraavm.com\/index.php\/wp-json\/wp\/v2\/comments?post=1819"}],"wp:featuredmedia":[{"embeddable":true,"href":"https:\/\/www.peraavm.com\/index.php\/wp-json\/wp\/v2\/media\/1820"}],"wp:attachment":[{"href":"https:\/\/www.peraavm.com\/index.php\/wp-json\/wp\/v2\/media?parent=1819"}],"wp:term":[{"taxonomy":"product_brand","embeddable":true,"href":"https:\/\/www.peraavm.com\/index.php\/wp-json\/wp\/v2\/product_brand?post=1819"},{"taxonomy":"product_cat","embeddable":true,"href":"https:\/\/www.peraavm.com\/index.php\/wp-json\/wp\/v2\/product_cat?post=1819"},{"taxonomy":"product_tag","embeddable":true,"href":"https:\/\/www.peraavm.com\/index.php\/wp-json\/wp\/v2\/product_tag?post=1819"}],"curies":[{"name":"wp","href":"https:\/\/api.w.org\/{rel}","templated":true}]}}