{"id":2110,"date":"2022-01-04T07:32:58","date_gmt":"2022-01-04T07:32:58","guid":{"rendered":"https:\/\/www.pratikmagazam.com\/?post_type=product&#038;p=2110"},"modified":"2026-01-17T11:28:49","modified_gmt":"2026-01-17T11:28:49","slug":"sarimsak-ezici-paslanmaz-celik-sarimsak-dovucu","status":"publish","type":"product","link":"https:\/\/www.peraavm.com\/index.php\/urun\/sarimsak-ezici-paslanmaz-celik-sarimsak-dovucu\/","title":{"rendered":"Sar\u0131msak Ezici Paslanmaz \u00c7elik Sar\u0131msak D\u00f6v\u00fcc\u00fc"},"content":{"rendered":"<ul class=\"detail-desc-list\">\n<li class=\"detail-desc-item\">Garl\u0131c press masterchef sar\u0131msak ezici paslanmaz \u00e7elik sar\u0131msak d\u00f6v\u00fcc\u00fc Yemeklere e\u015fsiz lezzet katan tatlardan bir tanesi de dozu iyi ayarlanm\u015f sar\u0131msakt\u0131r \u015f\u00fcphesiz. Bu durumda mutlaka mutfa\u011f\u0131m\u0131zda bulunmas\u0131 gereken ara\u00e7 ta iyi bir sar\u0131msak ezici oluyor haliye. Paslanmaz \u00e7elik sar\u0131msak ezici kullan\u0131m\u0131 olduk\u00e7a rahat ve pratik bir \u00fcr\u00fcnd\u00fcr. Sar\u0131msaklar\u0131n\u0131z\u0131 soyup ezilmeye haz\u0131r hale getirdikten sonra gondol sar\u0131msak ezici ile \u00fczerlerinden bir ka\u00e7 kez ge\u00e7tikten sonra kullan\u0131ma haz\u0131r forma gelirler. Paslanmaz \u00e7elik malzemeden \u00fcretilmi\u015f olmas\u0131 sebebiyle uzun y\u0131llar dayan\u0131kl\u0131l\u0131\u011f\u0131n\u0131 korur. \u00dcr\u00fcn boyutlar\u0131: 10.5 x 7 x 6 cm Paket boyutlar\u0131: A\u011f\u0131rl\u0131k: 100 gr.<\/li>\n<\/ul>\n","protected":false},"excerpt":{"rendered":"<ul>\n<li>Garl\u0131c press masterchef sar\u0131msak ezici paslanmaz \u00e7elik sar\u0131msak d\u00f6v\u00fcc\u00fc<\/li>\n<\/ul>\n","protected":false},"featured_media":2111,"comment_status":"open","ping_status":"closed","template":"","meta":[],"product_brand":[],"product_cat":[37,29,15],"product_tag":[],"class_list":{"0":"post-2110","1":"product","2":"type-product","3":"status-publish","4":"has-post-thumbnail","6":"product_cat-ev-gerecleri","7":"product_cat-mutfak-gerecleri","8":"product_cat-tum-urunler","10":"first","11":"instock","12":"sale","13":"taxable","14":"shipping-taxable","15":"purchasable","16":"product-type-simple"},"yoast_head":"<!-- This site is optimized with the Yoast SEO plugin v27.2 - https:\/\/yoast.com\/product\/yoast-seo-wordpress\/ -->\n<title>Sar\u0131msak Ezici Paslanmaz \u00c7elik Sar\u0131msak D\u00f6v\u00fcc\u00fc |<\/title>\n<meta name=\"description\" content=\"Garl\u0131c press masterchef sar\u0131msak ezici paslanmaz \u00e7elik sar\u0131msak d\u00f6v\u00fcc\u00fc Yemeklere e\u015fsiz lezzet katan tatlardan bir tanesi de dozu iyi ayarlanm\u015f sar\u0131msakt\u0131r \u015f\u00fcphesiz. Bu durumda mutlaka mutfa\u011f\u0131m\u0131zda bulunmas\u0131 gereken ara\u00e7 ta iyi bir sar\u0131msak ezici oluyor haliye. Paslanmaz \u00e7elik sar\u0131msak ezici kullan\u0131m\u0131 olduk\u00e7a rahat ve pratik bir \u00fcr\u00fcnd\u00fcr. Sar\u0131msaklar\u0131n\u0131z\u0131 soyup ezilmeye haz\u0131r hale getirdikten sonra gondol sar\u0131msak ezici ile \u00fczerlerinden bir ka\u00e7 kez ge\u00e7tikten sonra kullan\u0131ma haz\u0131r forma gelirler. Paslanmaz \u00e7elik malzemeden \u00fcretilmi\u015f olmas\u0131 sebebiyle uzun y\u0131llar dayan\u0131kl\u0131l\u0131\u011f\u0131n\u0131 korur. \u00dcr\u00fcn boyutlar\u0131: 10.5 x 7 x 6 cm Paket boyutlar\u0131: A\u011f\u0131rl\u0131k: 100 gr.\" \/>\n<meta name=\"robots\" content=\"index, follow, max-snippet:-1, max-image-preview:large, max-video-preview:-1\" \/>\n<link rel=\"canonical\" href=\"https:\/\/www.peraavm.com\/index.php\/urun\/sarimsak-ezici-paslanmaz-celik-sarimsak-dovucu\/\" \/>\n<meta property=\"og:locale\" content=\"tr_TR\" \/>\n<meta property=\"og:type\" content=\"article\" \/>\n<meta property=\"og:title\" content=\"Sar\u0131msak Ezici Paslanmaz \u00c7elik Sar\u0131msak D\u00f6v\u00fcc\u00fc |\" \/>\n<meta property=\"og:description\" content=\"Garl\u0131c press masterchef sar\u0131msak ezici paslanmaz \u00e7elik sar\u0131msak d\u00f6v\u00fcc\u00fc Yemeklere e\u015fsiz lezzet katan tatlardan bir tanesi de dozu iyi ayarlanm\u015f sar\u0131msakt\u0131r \u015f\u00fcphesiz. Bu durumda mutlaka mutfa\u011f\u0131m\u0131zda bulunmas\u0131 gereken ara\u00e7 ta iyi bir sar\u0131msak ezici oluyor haliye. Paslanmaz \u00e7elik sar\u0131msak ezici kullan\u0131m\u0131 olduk\u00e7a rahat ve pratik bir \u00fcr\u00fcnd\u00fcr. Sar\u0131msaklar\u0131n\u0131z\u0131 soyup ezilmeye haz\u0131r hale getirdikten sonra gondol sar\u0131msak ezici ile \u00fczerlerinden bir ka\u00e7 kez ge\u00e7tikten sonra kullan\u0131ma haz\u0131r forma gelirler. Paslanmaz \u00e7elik malzemeden \u00fcretilmi\u015f olmas\u0131 sebebiyle uzun y\u0131llar dayan\u0131kl\u0131l\u0131\u011f\u0131n\u0131 korur. \u00dcr\u00fcn boyutlar\u0131: 10.5 x 7 x 6 cm Paket boyutlar\u0131: A\u011f\u0131rl\u0131k: 100 gr.\" \/>\n<meta property=\"og:url\" content=\"https:\/\/www.peraavm.com\/index.php\/urun\/sarimsak-ezici-paslanmaz-celik-sarimsak-dovucu\/\" \/>\n<meta property=\"article:modified_time\" content=\"2026-01-17T11:28:49+00:00\" \/>\n<meta property=\"og:image\" content=\"https:\/\/www.peraavm.com\/wp-content\/uploads\/2022\/01\/234234.jpg\" \/>\n\t<meta property=\"og:image:width\" content=\"300\" \/>\n\t<meta property=\"og:image:height\" content=\"300\" \/>\n\t<meta property=\"og:image:type\" content=\"image\/jpeg\" \/>\n<meta name=\"twitter:card\" content=\"summary_large_image\" \/>\n<meta name=\"twitter:label1\" content=\"Tahmini okuma s\u00fcresi\" \/>\n\t<meta name=\"twitter:data1\" content=\"1 dakika\" \/>\n<script type=\"application\/ld+json\" class=\"yoast-schema-graph\">{\"@context\":\"https:\/\/schema.org\",\"@graph\":[{\"@type\":\"WebPage\",\"@id\":\"https:\/\/www.peraavm.com\/index.php\/urun\/sarimsak-ezici-paslanmaz-celik-sarimsak-dovucu\/\",\"url\":\"https:\/\/www.peraavm.com\/index.php\/urun\/sarimsak-ezici-paslanmaz-celik-sarimsak-dovucu\/\",\"name\":\"Sar\u0131msak Ezici Paslanmaz \u00c7elik Sar\u0131msak D\u00f6v\u00fcc\u00fc |\",\"isPartOf\":{\"@id\":\"https:\/\/www.peraavm.com\/#website\"},\"primaryImageOfPage\":{\"@id\":\"https:\/\/www.peraavm.com\/index.php\/urun\/sarimsak-ezici-paslanmaz-celik-sarimsak-dovucu\/#primaryimage\"},\"image\":{\"@id\":\"https:\/\/www.peraavm.com\/index.php\/urun\/sarimsak-ezici-paslanmaz-celik-sarimsak-dovucu\/#primaryimage\"},\"thumbnailUrl\":\"https:\/\/www.peraavm.com\/wp-content\/uploads\/2022\/01\/234234.jpg\",\"datePublished\":\"2022-01-04T07:32:58+00:00\",\"dateModified\":\"2026-01-17T11:28:49+00:00\",\"description\":\"Garl\u0131c press masterchef sar\u0131msak ezici paslanmaz \u00e7elik sar\u0131msak d\u00f6v\u00fcc\u00fc Yemeklere e\u015fsiz lezzet katan tatlardan bir tanesi de dozu iyi ayarlanm\u015f sar\u0131msakt\u0131r \u015f\u00fcphesiz. Bu durumda mutlaka mutfa\u011f\u0131m\u0131zda bulunmas\u0131 gereken ara\u00e7 ta iyi bir sar\u0131msak ezici oluyor haliye. Paslanmaz \u00e7elik sar\u0131msak ezici kullan\u0131m\u0131 olduk\u00e7a rahat ve pratik bir \u00fcr\u00fcnd\u00fcr. Sar\u0131msaklar\u0131n\u0131z\u0131 soyup ezilmeye haz\u0131r hale getirdikten sonra gondol sar\u0131msak ezici ile \u00fczerlerinden bir ka\u00e7 kez ge\u00e7tikten sonra kullan\u0131ma haz\u0131r forma gelirler. Paslanmaz \u00e7elik malzemeden \u00fcretilmi\u015f olmas\u0131 sebebiyle uzun y\u0131llar dayan\u0131kl\u0131l\u0131\u011f\u0131n\u0131 korur. \u00dcr\u00fcn boyutlar\u0131: 10.5 x 7 x 6 cm Paket boyutlar\u0131: A\u011f\u0131rl\u0131k: 100 gr.\",\"breadcrumb\":{\"@id\":\"https:\/\/www.peraavm.com\/index.php\/urun\/sarimsak-ezici-paslanmaz-celik-sarimsak-dovucu\/#breadcrumb\"},\"inLanguage\":\"tr\",\"potentialAction\":[{\"@type\":\"ReadAction\",\"target\":[\"https:\/\/www.peraavm.com\/index.php\/urun\/sarimsak-ezici-paslanmaz-celik-sarimsak-dovucu\/\"]}]},{\"@type\":\"ImageObject\",\"inLanguage\":\"tr\",\"@id\":\"https:\/\/www.peraavm.com\/index.php\/urun\/sarimsak-ezici-paslanmaz-celik-sarimsak-dovucu\/#primaryimage\",\"url\":\"https:\/\/www.peraavm.com\/wp-content\/uploads\/2022\/01\/234234.jpg\",\"contentUrl\":\"https:\/\/www.peraavm.com\/wp-content\/uploads\/2022\/01\/234234.jpg\",\"width\":300,\"height\":300},{\"@type\":\"BreadcrumbList\",\"@id\":\"https:\/\/www.peraavm.com\/index.php\/urun\/sarimsak-ezici-paslanmaz-celik-sarimsak-dovucu\/#breadcrumb\",\"itemListElement\":[{\"@type\":\"ListItem\",\"position\":1,\"name\":\"Anasayfa\",\"item\":\"https:\/\/www.peraavm.com\/\"},{\"@type\":\"ListItem\",\"position\":2,\"name\":\"Magaza\",\"item\":\"https:\/\/www.peraavm.com\/index.php\/magaza\/\"},{\"@type\":\"ListItem\",\"position\":3,\"name\":\"Sar\u0131msak Ezici Paslanmaz \u00c7elik Sar\u0131msak D\u00f6v\u00fcc\u00fc\"}]},{\"@type\":\"WebSite\",\"@id\":\"https:\/\/www.peraavm.com\/#website\",\"url\":\"https:\/\/www.peraavm.com\/\",\"name\":\"Pratikmagazam.com\",\"description\":\"\",\"publisher\":{\"@id\":\"https:\/\/www.peraavm.com\/#organization\"},\"potentialAction\":[{\"@type\":\"SearchAction\",\"target\":{\"@type\":\"EntryPoint\",\"urlTemplate\":\"https:\/\/www.peraavm.com\/?s={search_term_string}\"},\"query-input\":{\"@type\":\"PropertyValueSpecification\",\"valueRequired\":true,\"valueName\":\"search_term_string\"}}],\"inLanguage\":\"tr\"},{\"@type\":\"Organization\",\"@id\":\"https:\/\/www.peraavm.com\/#organization\",\"name\":\"pratikmagazam.com\",\"url\":\"https:\/\/www.peraavm.com\/\",\"logo\":{\"@type\":\"ImageObject\",\"inLanguage\":\"tr\",\"@id\":\"https:\/\/www.peraavm.com\/#\/schema\/logo\/image\/\",\"url\":\"https:\/\/www.pratikmagazam.com\/wp-content\/uploads\/2021\/11\/Ekran-Resmi-2021-11-17-08.16.13.png\",\"contentUrl\":\"https:\/\/www.pratikmagazam.com\/wp-content\/uploads\/2021\/11\/Ekran-Resmi-2021-11-17-08.16.13.png\",\"width\":477,\"height\":135,\"caption\":\"pratikmagazam.com\"},\"image\":{\"@id\":\"https:\/\/www.peraavm.com\/#\/schema\/logo\/image\/\"},\"sameAs\":[\"https:\/\/instagram.com\/pratikmagazam?utm_medium=copy_link\"]}]}<\/script>\n<!-- \/ Yoast SEO plugin. -->","yoast_head_json":{"title":"Sar\u0131msak Ezici Paslanmaz \u00c7elik Sar\u0131msak D\u00f6v\u00fcc\u00fc |","description":"Garl\u0131c press masterchef sar\u0131msak ezici paslanmaz \u00e7elik sar\u0131msak d\u00f6v\u00fcc\u00fc Yemeklere e\u015fsiz lezzet katan tatlardan bir tanesi de dozu iyi ayarlanm\u015f sar\u0131msakt\u0131r \u015f\u00fcphesiz. Bu durumda mutlaka mutfa\u011f\u0131m\u0131zda bulunmas\u0131 gereken ara\u00e7 ta iyi bir sar\u0131msak ezici oluyor haliye. Paslanmaz \u00e7elik sar\u0131msak ezici kullan\u0131m\u0131 olduk\u00e7a rahat ve pratik bir \u00fcr\u00fcnd\u00fcr. Sar\u0131msaklar\u0131n\u0131z\u0131 soyup ezilmeye haz\u0131r hale getirdikten sonra gondol sar\u0131msak ezici ile \u00fczerlerinden bir ka\u00e7 kez ge\u00e7tikten sonra kullan\u0131ma haz\u0131r forma gelirler. Paslanmaz \u00e7elik malzemeden \u00fcretilmi\u015f olmas\u0131 sebebiyle uzun y\u0131llar dayan\u0131kl\u0131l\u0131\u011f\u0131n\u0131 korur. \u00dcr\u00fcn boyutlar\u0131: 10.5 x 7 x 6 cm Paket boyutlar\u0131: A\u011f\u0131rl\u0131k: 100 gr.","robots":{"index":"index","follow":"follow","max-snippet":"max-snippet:-1","max-image-preview":"max-image-preview:large","max-video-preview":"max-video-preview:-1"},"canonical":"https:\/\/www.peraavm.com\/index.php\/urun\/sarimsak-ezici-paslanmaz-celik-sarimsak-dovucu\/","og_locale":"tr_TR","og_type":"article","og_title":"Sar\u0131msak Ezici Paslanmaz \u00c7elik Sar\u0131msak D\u00f6v\u00fcc\u00fc |","og_description":"Garl\u0131c press masterchef sar\u0131msak ezici paslanmaz \u00e7elik sar\u0131msak d\u00f6v\u00fcc\u00fc Yemeklere e\u015fsiz lezzet katan tatlardan bir tanesi de dozu iyi ayarlanm\u015f sar\u0131msakt\u0131r \u015f\u00fcphesiz. Bu durumda mutlaka mutfa\u011f\u0131m\u0131zda bulunmas\u0131 gereken ara\u00e7 ta iyi bir sar\u0131msak ezici oluyor haliye. Paslanmaz \u00e7elik sar\u0131msak ezici kullan\u0131m\u0131 olduk\u00e7a rahat ve pratik bir \u00fcr\u00fcnd\u00fcr. Sar\u0131msaklar\u0131n\u0131z\u0131 soyup ezilmeye haz\u0131r hale getirdikten sonra gondol sar\u0131msak ezici ile \u00fczerlerinden bir ka\u00e7 kez ge\u00e7tikten sonra kullan\u0131ma haz\u0131r forma gelirler. Paslanmaz \u00e7elik malzemeden \u00fcretilmi\u015f olmas\u0131 sebebiyle uzun y\u0131llar dayan\u0131kl\u0131l\u0131\u011f\u0131n\u0131 korur. \u00dcr\u00fcn boyutlar\u0131: 10.5 x 7 x 6 cm Paket boyutlar\u0131: A\u011f\u0131rl\u0131k: 100 gr.","og_url":"https:\/\/www.peraavm.com\/index.php\/urun\/sarimsak-ezici-paslanmaz-celik-sarimsak-dovucu\/","article_modified_time":"2026-01-17T11:28:49+00:00","og_image":[{"width":300,"height":300,"url":"https:\/\/www.peraavm.com\/wp-content\/uploads\/2022\/01\/234234.jpg","type":"image\/jpeg"}],"twitter_card":"summary_large_image","twitter_misc":{"Tahmini okuma s\u00fcresi":"1 dakika"},"schema":{"@context":"https:\/\/schema.org","@graph":[{"@type":"WebPage","@id":"https:\/\/www.peraavm.com\/index.php\/urun\/sarimsak-ezici-paslanmaz-celik-sarimsak-dovucu\/","url":"https:\/\/www.peraavm.com\/index.php\/urun\/sarimsak-ezici-paslanmaz-celik-sarimsak-dovucu\/","name":"Sar\u0131msak Ezici Paslanmaz \u00c7elik Sar\u0131msak D\u00f6v\u00fcc\u00fc |","isPartOf":{"@id":"https:\/\/www.peraavm.com\/#website"},"primaryImageOfPage":{"@id":"https:\/\/www.peraavm.com\/index.php\/urun\/sarimsak-ezici-paslanmaz-celik-sarimsak-dovucu\/#primaryimage"},"image":{"@id":"https:\/\/www.peraavm.com\/index.php\/urun\/sarimsak-ezici-paslanmaz-celik-sarimsak-dovucu\/#primaryimage"},"thumbnailUrl":"https:\/\/www.peraavm.com\/wp-content\/uploads\/2022\/01\/234234.jpg","datePublished":"2022-01-04T07:32:58+00:00","dateModified":"2026-01-17T11:28:49+00:00","description":"Garl\u0131c press masterchef sar\u0131msak ezici paslanmaz \u00e7elik sar\u0131msak d\u00f6v\u00fcc\u00fc Yemeklere e\u015fsiz lezzet katan tatlardan bir tanesi de dozu iyi ayarlanm\u015f sar\u0131msakt\u0131r \u015f\u00fcphesiz. Bu durumda mutlaka mutfa\u011f\u0131m\u0131zda bulunmas\u0131 gereken ara\u00e7 ta iyi bir sar\u0131msak ezici oluyor haliye. Paslanmaz \u00e7elik sar\u0131msak ezici kullan\u0131m\u0131 olduk\u00e7a rahat ve pratik bir \u00fcr\u00fcnd\u00fcr. Sar\u0131msaklar\u0131n\u0131z\u0131 soyup ezilmeye haz\u0131r hale getirdikten sonra gondol sar\u0131msak ezici ile \u00fczerlerinden bir ka\u00e7 kez ge\u00e7tikten sonra kullan\u0131ma haz\u0131r forma gelirler. Paslanmaz \u00e7elik malzemeden \u00fcretilmi\u015f olmas\u0131 sebebiyle uzun y\u0131llar dayan\u0131kl\u0131l\u0131\u011f\u0131n\u0131 korur. \u00dcr\u00fcn boyutlar\u0131: 10.5 x 7 x 6 cm Paket boyutlar\u0131: A\u011f\u0131rl\u0131k: 100 gr.","breadcrumb":{"@id":"https:\/\/www.peraavm.com\/index.php\/urun\/sarimsak-ezici-paslanmaz-celik-sarimsak-dovucu\/#breadcrumb"},"inLanguage":"tr","potentialAction":[{"@type":"ReadAction","target":["https:\/\/www.peraavm.com\/index.php\/urun\/sarimsak-ezici-paslanmaz-celik-sarimsak-dovucu\/"]}]},{"@type":"ImageObject","inLanguage":"tr","@id":"https:\/\/www.peraavm.com\/index.php\/urun\/sarimsak-ezici-paslanmaz-celik-sarimsak-dovucu\/#primaryimage","url":"https:\/\/www.peraavm.com\/wp-content\/uploads\/2022\/01\/234234.jpg","contentUrl":"https:\/\/www.peraavm.com\/wp-content\/uploads\/2022\/01\/234234.jpg","width":300,"height":300},{"@type":"BreadcrumbList","@id":"https:\/\/www.peraavm.com\/index.php\/urun\/sarimsak-ezici-paslanmaz-celik-sarimsak-dovucu\/#breadcrumb","itemListElement":[{"@type":"ListItem","position":1,"name":"Anasayfa","item":"https:\/\/www.peraavm.com\/"},{"@type":"ListItem","position":2,"name":"Magaza","item":"https:\/\/www.peraavm.com\/index.php\/magaza\/"},{"@type":"ListItem","position":3,"name":"Sar\u0131msak Ezici Paslanmaz \u00c7elik Sar\u0131msak D\u00f6v\u00fcc\u00fc"}]},{"@type":"WebSite","@id":"https:\/\/www.peraavm.com\/#website","url":"https:\/\/www.peraavm.com\/","name":"Pratikmagazam.com","description":"","publisher":{"@id":"https:\/\/www.peraavm.com\/#organization"},"potentialAction":[{"@type":"SearchAction","target":{"@type":"EntryPoint","urlTemplate":"https:\/\/www.peraavm.com\/?s={search_term_string}"},"query-input":{"@type":"PropertyValueSpecification","valueRequired":true,"valueName":"search_term_string"}}],"inLanguage":"tr"},{"@type":"Organization","@id":"https:\/\/www.peraavm.com\/#organization","name":"pratikmagazam.com","url":"https:\/\/www.peraavm.com\/","logo":{"@type":"ImageObject","inLanguage":"tr","@id":"https:\/\/www.peraavm.com\/#\/schema\/logo\/image\/","url":"https:\/\/www.pratikmagazam.com\/wp-content\/uploads\/2021\/11\/Ekran-Resmi-2021-11-17-08.16.13.png","contentUrl":"https:\/\/www.pratikmagazam.com\/wp-content\/uploads\/2021\/11\/Ekran-Resmi-2021-11-17-08.16.13.png","width":477,"height":135,"caption":"pratikmagazam.com"},"image":{"@id":"https:\/\/www.peraavm.com\/#\/schema\/logo\/image\/"},"sameAs":["https:\/\/instagram.com\/pratikmagazam?utm_medium=copy_link"]}]}},"_links":{"self":[{"href":"https:\/\/www.peraavm.com\/index.php\/wp-json\/wp\/v2\/product\/2110","targetHints":{"allow":["GET"]}}],"collection":[{"href":"https:\/\/www.peraavm.com\/index.php\/wp-json\/wp\/v2\/product"}],"about":[{"href":"https:\/\/www.peraavm.com\/index.php\/wp-json\/wp\/v2\/types\/product"}],"replies":[{"embeddable":true,"href":"https:\/\/www.peraavm.com\/index.php\/wp-json\/wp\/v2\/comments?post=2110"}],"wp:featuredmedia":[{"embeddable":true,"href":"https:\/\/www.peraavm.com\/index.php\/wp-json\/wp\/v2\/media\/2111"}],"wp:attachment":[{"href":"https:\/\/www.peraavm.com\/index.php\/wp-json\/wp\/v2\/media?parent=2110"}],"wp:term":[{"taxonomy":"product_brand","embeddable":true,"href":"https:\/\/www.peraavm.com\/index.php\/wp-json\/wp\/v2\/product_brand?post=2110"},{"taxonomy":"product_cat","embeddable":true,"href":"https:\/\/www.peraavm.com\/index.php\/wp-json\/wp\/v2\/product_cat?post=2110"},{"taxonomy":"product_tag","embeddable":true,"href":"https:\/\/www.peraavm.com\/index.php\/wp-json\/wp\/v2\/product_tag?post=2110"}],"curies":[{"name":"wp","href":"https:\/\/api.w.org\/{rel}","templated":true}]}}