{"id":2598,"date":"2023-05-19T09:20:36","date_gmt":"2023-05-19T09:20:36","guid":{"rendered":"https:\/\/www.pratikmagazam.com\/?post_type=product&#038;p=2598"},"modified":"2023-12-22T14:15:54","modified_gmt":"2023-12-22T14:15:54","slug":"kizartma-kevgiri-15-cm-x-35-cm","status":"publish","type":"product","link":"https:\/\/www.peraavm.com\/index.php\/urun\/kizartma-kevgiri-15-cm-x-35-cm\/","title":{"rendered":"K\u0131zartma Kevgiri 15 Cm X 35 Cm"},"content":{"rendered":"<div>\n<ul>\n<li><strong>Metal Sapl\u0131 Kevgir K\u0131zartma yaparken, sebzelerin \u015fok ha\u015flanmas\u0131nda, mant\u0131 servisinde ve mutfa\u011f\u0131n\u0131zda akla gelecek daha pek \u00e7ok i\u015f i\u00e7in gerekli. <\/strong><\/li>\n<li><strong>Uzun sap\u0131 ve geni\u015f tel sepetiyle \u00e7ok kullan\u0131\u015fl\u0131. <\/strong><\/li>\n<li><strong>Sepetin \u00f6zel yap\u0131s\u0131 sayesinde tencerenin en alt\u0131na kadar ula\u015f\u0131r. <\/strong><\/li>\n<li><strong>Paslanmaz \u00e7elikten yap\u0131ld\u0131\u011f\u0131ndan sa\u011fl\u0131kl\u0131 ve dayan\u0131kl\u0131d\u0131r. <\/strong><\/li>\n<li><strong>Bula\u015f\u0131k makinesinde y\u0131kanabilir. <\/strong><\/li>\n<li><strong>Ergonomik Tasar\u0131m\u0131yla Kullan\u0131m\u0131 \u00c7ok Kolayd\u0131r. <\/strong><\/li>\n<li><strong>Teknik \u00d6zellikler: Kevgir \u00c7ap\u0131: 15 Cm <\/strong><\/li>\n<li><strong>Uzunlu\u011fu: 35 Cm <\/strong><\/li>\n<li><strong>Malzeme: Paslanmaz \u00c7elik <\/strong><\/li>\n<li><strong>Adet: 1<\/strong><\/li>\n<\/ul>\n<\/div>\n","protected":false},"excerpt":{"rendered":"<div>\n<ul>\n<li>Metal Sapl\u0131 Kevgir K\u0131zartma yaparken, sebzelerin \u015fok ha\u015flanmas\u0131nda, mant\u0131 servisinde ve mutfa\u011f\u0131n\u0131zda akla gelecek daha pek \u00e7ok i\u015f i\u00e7in gerekli.<\/li>\n<li>Uzun sap\u0131 ve geni\u015f tel sepetiyle \u00e7ok kullan\u0131\u015fl\u0131.<\/li>\n<li>Sepetin \u00f6zel yap\u0131s\u0131 sayesinde tencerenin en alt\u0131na kadar ula\u015f\u0131r.<\/li>\n<li>Paslanmaz \u00e7elikten yap\u0131ld\u0131\u011f\u0131ndan sa\u011fl\u0131kl\u0131 ve dayan\u0131kl\u0131d\u0131r.<\/li>\n<li>Bula\u015f\u0131k makinesinde y\u0131kanabilir.<\/li>\n<li>Ergonomik Tasar\u0131m\u0131yla Kullan\u0131m\u0131 \u00c7ok Kolayd\u0131r.<\/li>\n<li>Teknik \u00d6zellikler: Kevgir \u00c7ap\u0131: 15 Cm<\/li>\n<li>Uzunlu\u011fu: 35 Cm<\/li>\n<li>Malzeme: Paslanmaz \u00c7elik<\/li>\n<li>Adet: 1<\/li>\n<\/ul>\n<\/div>\n","protected":false},"featured_media":2599,"comment_status":"open","ping_status":"closed","template":"","meta":[],"product_brand":[],"product_cat":[37,29,15],"product_tag":[],"class_list":{"0":"post-2598","1":"product","2":"type-product","3":"status-publish","4":"has-post-thumbnail","6":"product_cat-ev-gerecleri","7":"product_cat-mutfak-gerecleri","8":"product_cat-tum-urunler","10":"first","11":"instock","12":"sale","13":"taxable","14":"shipping-taxable","15":"purchasable","16":"product-type-simple"},"yoast_head":"<!-- This site is optimized with the Yoast SEO plugin v27.2 - https:\/\/yoast.com\/product\/yoast-seo-wordpress\/ -->\n<title>K\u0131zartma Kevgiri 15 Cm X 35 Cm |<\/title>\n<meta name=\"description\" content=\"Metal Sapl\u0131 Kevgir K\u0131zartma yaparken, sebzelerin \u015fok ha\u015flanmas\u0131nda, mant\u0131 servisinde ve mutfa\u011f\u0131n\u0131zda akla gelecek daha pek \u00e7ok i\u015f i\u00e7in gerekli.Uzun sap\u0131 ve geni\u015f tel sepetiyle \u00e7ok kullan\u0131\u015fl\u0131.Sepetin \u00f6zel yap\u0131s\u0131 sayesinde tencerenin en alt\u0131na kadar ula\u015f\u0131r.Paslanmaz \u00e7elikten yap\u0131ld\u0131\u011f\u0131ndan sa\u011fl\u0131kl\u0131 ve dayan\u0131kl\u0131d\u0131r.Bula\u015f\u0131k makinesinde y\u0131kanabilir.Ergonomik Tasar\u0131m\u0131yla Kullan\u0131m\u0131 \u00c7ok Kolayd\u0131r.Teknik \u00d6zellikler: Kevgir \u00c7ap\u0131: 15 CmUzunlu\u011fu: 35 CmMalzeme: Paslanmaz \u00c7elikAdet: 1\" \/>\n<meta name=\"robots\" content=\"index, follow, max-snippet:-1, max-image-preview:large, max-video-preview:-1\" \/>\n<link rel=\"canonical\" href=\"https:\/\/www.peraavm.com\/index.php\/urun\/kizartma-kevgiri-15-cm-x-35-cm\/\" \/>\n<meta property=\"og:locale\" content=\"tr_TR\" \/>\n<meta property=\"og:type\" content=\"article\" \/>\n<meta property=\"og:title\" content=\"K\u0131zartma Kevgiri 15 Cm X 35 Cm |\" \/>\n<meta property=\"og:description\" content=\"Metal Sapl\u0131 Kevgir K\u0131zartma yaparken, sebzelerin \u015fok ha\u015flanmas\u0131nda, mant\u0131 servisinde ve mutfa\u011f\u0131n\u0131zda akla gelecek daha pek \u00e7ok i\u015f i\u00e7in gerekli.Uzun sap\u0131 ve geni\u015f tel sepetiyle \u00e7ok kullan\u0131\u015fl\u0131.Sepetin \u00f6zel yap\u0131s\u0131 sayesinde tencerenin en alt\u0131na kadar ula\u015f\u0131r.Paslanmaz \u00e7elikten yap\u0131ld\u0131\u011f\u0131ndan sa\u011fl\u0131kl\u0131 ve dayan\u0131kl\u0131d\u0131r.Bula\u015f\u0131k makinesinde y\u0131kanabilir.Ergonomik Tasar\u0131m\u0131yla Kullan\u0131m\u0131 \u00c7ok Kolayd\u0131r.Teknik \u00d6zellikler: Kevgir \u00c7ap\u0131: 15 CmUzunlu\u011fu: 35 CmMalzeme: Paslanmaz \u00c7elikAdet: 1\" \/>\n<meta property=\"og:url\" content=\"https:\/\/www.peraavm.com\/index.php\/urun\/kizartma-kevgiri-15-cm-x-35-cm\/\" \/>\n<meta property=\"article:modified_time\" content=\"2023-12-22T14:15:54+00:00\" \/>\n<meta property=\"og:image\" content=\"https:\/\/www.peraavm.com\/wp-content\/uploads\/2023\/05\/23423432243-1.jpg\" \/>\n\t<meta property=\"og:image:width\" content=\"300\" \/>\n\t<meta property=\"og:image:height\" content=\"300\" \/>\n\t<meta property=\"og:image:type\" content=\"image\/jpeg\" \/>\n<meta name=\"twitter:card\" content=\"summary_large_image\" \/>\n<meta name=\"twitter:label1\" content=\"Tahmini okuma s\u00fcresi\" \/>\n\t<meta name=\"twitter:data1\" content=\"1 dakika\" \/>\n<script type=\"application\/ld+json\" class=\"yoast-schema-graph\">{\"@context\":\"https:\/\/schema.org\",\"@graph\":[{\"@type\":\"WebPage\",\"@id\":\"https:\/\/www.peraavm.com\/index.php\/urun\/kizartma-kevgiri-15-cm-x-35-cm\/\",\"url\":\"https:\/\/www.peraavm.com\/index.php\/urun\/kizartma-kevgiri-15-cm-x-35-cm\/\",\"name\":\"K\u0131zartma Kevgiri 15 Cm X 35 Cm |\",\"isPartOf\":{\"@id\":\"https:\/\/www.peraavm.com\/#website\"},\"primaryImageOfPage\":{\"@id\":\"https:\/\/www.peraavm.com\/index.php\/urun\/kizartma-kevgiri-15-cm-x-35-cm\/#primaryimage\"},\"image\":{\"@id\":\"https:\/\/www.peraavm.com\/index.php\/urun\/kizartma-kevgiri-15-cm-x-35-cm\/#primaryimage\"},\"thumbnailUrl\":\"https:\/\/www.peraavm.com\/wp-content\/uploads\/2023\/05\/23423432243-1.jpg\",\"datePublished\":\"2023-05-19T09:20:36+00:00\",\"dateModified\":\"2023-12-22T14:15:54+00:00\",\"description\":\"Metal Sapl\u0131 Kevgir K\u0131zartma yaparken, sebzelerin \u015fok ha\u015flanmas\u0131nda, mant\u0131 servisinde ve mutfa\u011f\u0131n\u0131zda akla gelecek daha pek \u00e7ok i\u015f i\u00e7in gerekli.Uzun sap\u0131 ve geni\u015f tel sepetiyle \u00e7ok kullan\u0131\u015fl\u0131.Sepetin \u00f6zel yap\u0131s\u0131 sayesinde tencerenin en alt\u0131na kadar ula\u015f\u0131r.Paslanmaz \u00e7elikten yap\u0131ld\u0131\u011f\u0131ndan sa\u011fl\u0131kl\u0131 ve dayan\u0131kl\u0131d\u0131r.Bula\u015f\u0131k makinesinde y\u0131kanabilir.Ergonomik Tasar\u0131m\u0131yla Kullan\u0131m\u0131 \u00c7ok Kolayd\u0131r.Teknik \u00d6zellikler: Kevgir \u00c7ap\u0131: 15 CmUzunlu\u011fu: 35 CmMalzeme: Paslanmaz \u00c7elikAdet: 1\",\"breadcrumb\":{\"@id\":\"https:\/\/www.peraavm.com\/index.php\/urun\/kizartma-kevgiri-15-cm-x-35-cm\/#breadcrumb\"},\"inLanguage\":\"tr\",\"potentialAction\":[{\"@type\":\"ReadAction\",\"target\":[\"https:\/\/www.peraavm.com\/index.php\/urun\/kizartma-kevgiri-15-cm-x-35-cm\/\"]}]},{\"@type\":\"ImageObject\",\"inLanguage\":\"tr\",\"@id\":\"https:\/\/www.peraavm.com\/index.php\/urun\/kizartma-kevgiri-15-cm-x-35-cm\/#primaryimage\",\"url\":\"https:\/\/www.peraavm.com\/wp-content\/uploads\/2023\/05\/23423432243-1.jpg\",\"contentUrl\":\"https:\/\/www.peraavm.com\/wp-content\/uploads\/2023\/05\/23423432243-1.jpg\",\"width\":300,\"height\":300},{\"@type\":\"BreadcrumbList\",\"@id\":\"https:\/\/www.peraavm.com\/index.php\/urun\/kizartma-kevgiri-15-cm-x-35-cm\/#breadcrumb\",\"itemListElement\":[{\"@type\":\"ListItem\",\"position\":1,\"name\":\"Anasayfa\",\"item\":\"https:\/\/www.peraavm.com\/\"},{\"@type\":\"ListItem\",\"position\":2,\"name\":\"Magaza\",\"item\":\"https:\/\/www.peraavm.com\/index.php\/magaza\/\"},{\"@type\":\"ListItem\",\"position\":3,\"name\":\"K\u0131zartma Kevgiri 15 Cm X 35 Cm\"}]},{\"@type\":\"WebSite\",\"@id\":\"https:\/\/www.peraavm.com\/#website\",\"url\":\"https:\/\/www.peraavm.com\/\",\"name\":\"Pratikmagazam.com\",\"description\":\"\",\"publisher\":{\"@id\":\"https:\/\/www.peraavm.com\/#organization\"},\"potentialAction\":[{\"@type\":\"SearchAction\",\"target\":{\"@type\":\"EntryPoint\",\"urlTemplate\":\"https:\/\/www.peraavm.com\/?s={search_term_string}\"},\"query-input\":{\"@type\":\"PropertyValueSpecification\",\"valueRequired\":true,\"valueName\":\"search_term_string\"}}],\"inLanguage\":\"tr\"},{\"@type\":\"Organization\",\"@id\":\"https:\/\/www.peraavm.com\/#organization\",\"name\":\"pratikmagazam.com\",\"url\":\"https:\/\/www.peraavm.com\/\",\"logo\":{\"@type\":\"ImageObject\",\"inLanguage\":\"tr\",\"@id\":\"https:\/\/www.peraavm.com\/#\/schema\/logo\/image\/\",\"url\":\"https:\/\/www.pratikmagazam.com\/wp-content\/uploads\/2021\/11\/Ekran-Resmi-2021-11-17-08.16.13.png\",\"contentUrl\":\"https:\/\/www.pratikmagazam.com\/wp-content\/uploads\/2021\/11\/Ekran-Resmi-2021-11-17-08.16.13.png\",\"width\":477,\"height\":135,\"caption\":\"pratikmagazam.com\"},\"image\":{\"@id\":\"https:\/\/www.peraavm.com\/#\/schema\/logo\/image\/\"},\"sameAs\":[\"https:\/\/instagram.com\/pratikmagazam?utm_medium=copy_link\"]}]}<\/script>\n<!-- \/ Yoast SEO plugin. -->","yoast_head_json":{"title":"K\u0131zartma Kevgiri 15 Cm X 35 Cm |","description":"Metal Sapl\u0131 Kevgir K\u0131zartma yaparken, sebzelerin \u015fok ha\u015flanmas\u0131nda, mant\u0131 servisinde ve mutfa\u011f\u0131n\u0131zda akla gelecek daha pek \u00e7ok i\u015f i\u00e7in gerekli.Uzun sap\u0131 ve geni\u015f tel sepetiyle \u00e7ok kullan\u0131\u015fl\u0131.Sepetin \u00f6zel yap\u0131s\u0131 sayesinde tencerenin en alt\u0131na kadar ula\u015f\u0131r.Paslanmaz \u00e7elikten yap\u0131ld\u0131\u011f\u0131ndan sa\u011fl\u0131kl\u0131 ve dayan\u0131kl\u0131d\u0131r.Bula\u015f\u0131k makinesinde y\u0131kanabilir.Ergonomik Tasar\u0131m\u0131yla Kullan\u0131m\u0131 \u00c7ok Kolayd\u0131r.Teknik \u00d6zellikler: Kevgir \u00c7ap\u0131: 15 CmUzunlu\u011fu: 35 CmMalzeme: Paslanmaz \u00c7elikAdet: 1","robots":{"index":"index","follow":"follow","max-snippet":"max-snippet:-1","max-image-preview":"max-image-preview:large","max-video-preview":"max-video-preview:-1"},"canonical":"https:\/\/www.peraavm.com\/index.php\/urun\/kizartma-kevgiri-15-cm-x-35-cm\/","og_locale":"tr_TR","og_type":"article","og_title":"K\u0131zartma Kevgiri 15 Cm X 35 Cm |","og_description":"Metal Sapl\u0131 Kevgir K\u0131zartma yaparken, sebzelerin \u015fok ha\u015flanmas\u0131nda, mant\u0131 servisinde ve mutfa\u011f\u0131n\u0131zda akla gelecek daha pek \u00e7ok i\u015f i\u00e7in gerekli.Uzun sap\u0131 ve geni\u015f tel sepetiyle \u00e7ok kullan\u0131\u015fl\u0131.Sepetin \u00f6zel yap\u0131s\u0131 sayesinde tencerenin en alt\u0131na kadar ula\u015f\u0131r.Paslanmaz \u00e7elikten yap\u0131ld\u0131\u011f\u0131ndan sa\u011fl\u0131kl\u0131 ve dayan\u0131kl\u0131d\u0131r.Bula\u015f\u0131k makinesinde y\u0131kanabilir.Ergonomik Tasar\u0131m\u0131yla Kullan\u0131m\u0131 \u00c7ok Kolayd\u0131r.Teknik \u00d6zellikler: Kevgir \u00c7ap\u0131: 15 CmUzunlu\u011fu: 35 CmMalzeme: Paslanmaz \u00c7elikAdet: 1","og_url":"https:\/\/www.peraavm.com\/index.php\/urun\/kizartma-kevgiri-15-cm-x-35-cm\/","article_modified_time":"2023-12-22T14:15:54+00:00","og_image":[{"width":300,"height":300,"url":"https:\/\/www.peraavm.com\/wp-content\/uploads\/2023\/05\/23423432243-1.jpg","type":"image\/jpeg"}],"twitter_card":"summary_large_image","twitter_misc":{"Tahmini okuma s\u00fcresi":"1 dakika"},"schema":{"@context":"https:\/\/schema.org","@graph":[{"@type":"WebPage","@id":"https:\/\/www.peraavm.com\/index.php\/urun\/kizartma-kevgiri-15-cm-x-35-cm\/","url":"https:\/\/www.peraavm.com\/index.php\/urun\/kizartma-kevgiri-15-cm-x-35-cm\/","name":"K\u0131zartma Kevgiri 15 Cm X 35 Cm |","isPartOf":{"@id":"https:\/\/www.peraavm.com\/#website"},"primaryImageOfPage":{"@id":"https:\/\/www.peraavm.com\/index.php\/urun\/kizartma-kevgiri-15-cm-x-35-cm\/#primaryimage"},"image":{"@id":"https:\/\/www.peraavm.com\/index.php\/urun\/kizartma-kevgiri-15-cm-x-35-cm\/#primaryimage"},"thumbnailUrl":"https:\/\/www.peraavm.com\/wp-content\/uploads\/2023\/05\/23423432243-1.jpg","datePublished":"2023-05-19T09:20:36+00:00","dateModified":"2023-12-22T14:15:54+00:00","description":"Metal Sapl\u0131 Kevgir K\u0131zartma yaparken, sebzelerin \u015fok ha\u015flanmas\u0131nda, mant\u0131 servisinde ve mutfa\u011f\u0131n\u0131zda akla gelecek daha pek \u00e7ok i\u015f i\u00e7in gerekli.Uzun sap\u0131 ve geni\u015f tel sepetiyle \u00e7ok kullan\u0131\u015fl\u0131.Sepetin \u00f6zel yap\u0131s\u0131 sayesinde tencerenin en alt\u0131na kadar ula\u015f\u0131r.Paslanmaz \u00e7elikten yap\u0131ld\u0131\u011f\u0131ndan sa\u011fl\u0131kl\u0131 ve dayan\u0131kl\u0131d\u0131r.Bula\u015f\u0131k makinesinde y\u0131kanabilir.Ergonomik Tasar\u0131m\u0131yla Kullan\u0131m\u0131 \u00c7ok Kolayd\u0131r.Teknik \u00d6zellikler: Kevgir \u00c7ap\u0131: 15 CmUzunlu\u011fu: 35 CmMalzeme: Paslanmaz \u00c7elikAdet: 1","breadcrumb":{"@id":"https:\/\/www.peraavm.com\/index.php\/urun\/kizartma-kevgiri-15-cm-x-35-cm\/#breadcrumb"},"inLanguage":"tr","potentialAction":[{"@type":"ReadAction","target":["https:\/\/www.peraavm.com\/index.php\/urun\/kizartma-kevgiri-15-cm-x-35-cm\/"]}]},{"@type":"ImageObject","inLanguage":"tr","@id":"https:\/\/www.peraavm.com\/index.php\/urun\/kizartma-kevgiri-15-cm-x-35-cm\/#primaryimage","url":"https:\/\/www.peraavm.com\/wp-content\/uploads\/2023\/05\/23423432243-1.jpg","contentUrl":"https:\/\/www.peraavm.com\/wp-content\/uploads\/2023\/05\/23423432243-1.jpg","width":300,"height":300},{"@type":"BreadcrumbList","@id":"https:\/\/www.peraavm.com\/index.php\/urun\/kizartma-kevgiri-15-cm-x-35-cm\/#breadcrumb","itemListElement":[{"@type":"ListItem","position":1,"name":"Anasayfa","item":"https:\/\/www.peraavm.com\/"},{"@type":"ListItem","position":2,"name":"Magaza","item":"https:\/\/www.peraavm.com\/index.php\/magaza\/"},{"@type":"ListItem","position":3,"name":"K\u0131zartma Kevgiri 15 Cm X 35 Cm"}]},{"@type":"WebSite","@id":"https:\/\/www.peraavm.com\/#website","url":"https:\/\/www.peraavm.com\/","name":"Pratikmagazam.com","description":"","publisher":{"@id":"https:\/\/www.peraavm.com\/#organization"},"potentialAction":[{"@type":"SearchAction","target":{"@type":"EntryPoint","urlTemplate":"https:\/\/www.peraavm.com\/?s={search_term_string}"},"query-input":{"@type":"PropertyValueSpecification","valueRequired":true,"valueName":"search_term_string"}}],"inLanguage":"tr"},{"@type":"Organization","@id":"https:\/\/www.peraavm.com\/#organization","name":"pratikmagazam.com","url":"https:\/\/www.peraavm.com\/","logo":{"@type":"ImageObject","inLanguage":"tr","@id":"https:\/\/www.peraavm.com\/#\/schema\/logo\/image\/","url":"https:\/\/www.pratikmagazam.com\/wp-content\/uploads\/2021\/11\/Ekran-Resmi-2021-11-17-08.16.13.png","contentUrl":"https:\/\/www.pratikmagazam.com\/wp-content\/uploads\/2021\/11\/Ekran-Resmi-2021-11-17-08.16.13.png","width":477,"height":135,"caption":"pratikmagazam.com"},"image":{"@id":"https:\/\/www.peraavm.com\/#\/schema\/logo\/image\/"},"sameAs":["https:\/\/instagram.com\/pratikmagazam?utm_medium=copy_link"]}]}},"_links":{"self":[{"href":"https:\/\/www.peraavm.com\/index.php\/wp-json\/wp\/v2\/product\/2598","targetHints":{"allow":["GET"]}}],"collection":[{"href":"https:\/\/www.peraavm.com\/index.php\/wp-json\/wp\/v2\/product"}],"about":[{"href":"https:\/\/www.peraavm.com\/index.php\/wp-json\/wp\/v2\/types\/product"}],"replies":[{"embeddable":true,"href":"https:\/\/www.peraavm.com\/index.php\/wp-json\/wp\/v2\/comments?post=2598"}],"wp:featuredmedia":[{"embeddable":true,"href":"https:\/\/www.peraavm.com\/index.php\/wp-json\/wp\/v2\/media\/2599"}],"wp:attachment":[{"href":"https:\/\/www.peraavm.com\/index.php\/wp-json\/wp\/v2\/media?parent=2598"}],"wp:term":[{"taxonomy":"product_brand","embeddable":true,"href":"https:\/\/www.peraavm.com\/index.php\/wp-json\/wp\/v2\/product_brand?post=2598"},{"taxonomy":"product_cat","embeddable":true,"href":"https:\/\/www.peraavm.com\/index.php\/wp-json\/wp\/v2\/product_cat?post=2598"},{"taxonomy":"product_tag","embeddable":true,"href":"https:\/\/www.peraavm.com\/index.php\/wp-json\/wp\/v2\/product_tag?post=2598"}],"curies":[{"name":"wp","href":"https:\/\/api.w.org\/{rel}","templated":true}]}}