{"id":2749,"date":"2023-05-25T14:29:33","date_gmt":"2023-05-25T14:29:33","guid":{"rendered":"https:\/\/www.pratikmagazam.com\/?post_type=product&#038;p=2749"},"modified":"2023-12-22T14:15:59","modified_gmt":"2023-12-22T14:15:59","slug":"tek-parca-kendinden-yapiskanli-5-kancali-aski","status":"publish","type":"product","link":"https:\/\/www.peraavm.com\/index.php\/urun\/tek-parca-kendinden-yapiskanli-5-kancali-aski\/","title":{"rendered":"Tek Par\u00e7a Kendinden Yap\u0131\u015fkanl\u0131 5 Kancal\u0131 Ask\u0131"},"content":{"rendered":"<p>Mutfak, banyo, dolap veya kap\u0131n\u0131n arkas\u0131nda \u00e7e\u015fitli yerlerde kurulum i\u00e7in uygundur. Nas\u0131l kurulur 1. Yap\u0131\u015fkan kanca kurmadan \u00f6nce, y\u00fczeyin temiz, kuru, toz ve ya\u011fdan ar\u0131nd\u0131r\u0131lm\u0131\u015f oldu\u011fundan emin olun ve \u00f6nce kurulay\u0131n. 2. Koruyucu film &#8216;in arkas\u0131n\u0131 y\u0131rt\u0131n ve parmaklar\u0131n\u0131z yap\u0131\u015ft\u0131r\u0131c\u0131ya dokunmay\u0131n. 3. Herhangi bir p\u00fcr\u00fczs\u00fcz y\u00fczeye yap\u0131\u015ft\u0131r\u0131n ve herhangi bir kabarc\u0131klar\u0131 \u00e7\u0131karmak i\u00e7in s\u0131k\u0131ca bast\u0131r\u0131n. 4. \u00dcr\u00fcn\u00fcn sa\u011flam ve sabit olmas\u0131n\u0131 sa\u011flamak i\u00e7in herhangi bir \u00fcr\u00fcn\u00fc asmadan \u00f6nce 12 saat b\u0131rakman\u0131z tavsiye edilir. Boyut: 35 x 6,5 cm<\/p>\n","protected":false},"excerpt":{"rendered":"<p>&nbsp;<\/p>\n<p>Mutfak, banyo, dolap veya kap\u0131n\u0131n arkas\u0131nda \u00e7e\u015fitli yerlerde kurulum i\u00e7in uygundur. Nas\u0131l kurulur 1. Yap\u0131\u015fkan kanca kurmadan \u00f6nce, y\u00fczeyin temiz, kuru, toz ve ya\u011fdan ar\u0131nd\u0131r\u0131lm\u0131\u015f oldu\u011fundan emin olun ve \u00f6nce kurulay\u0131n. 2. Koruyucu film &#8216;in arkas\u0131n\u0131 y\u0131rt\u0131n ve parmaklar\u0131n\u0131z yap\u0131\u015ft\u0131r\u0131c\u0131ya dokunmay\u0131n. 3. Herhangi bir p\u00fcr\u00fczs\u00fcz y\u00fczeye yap\u0131\u015ft\u0131r\u0131n ve herhangi bir kabarc\u0131klar\u0131 \u00e7\u0131karmak i\u00e7in s\u0131k\u0131ca bast\u0131r\u0131n. 4. \u00dcr\u00fcn\u00fcn sa\u011flam ve sabit olmas\u0131n\u0131 sa\u011flamak i\u00e7in herhangi bir \u00fcr\u00fcn\u00fc asmadan \u00f6nce 12 saat b\u0131rakman\u0131z tavsiye edilir. Boyut: 35 x 6,5 cm<\/p>\n","protected":false},"featured_media":2764,"comment_status":"open","ping_status":"closed","template":"","meta":[],"product_brand":[],"product_cat":[37,38,15],"product_tag":[],"class_list":{"0":"post-2749","1":"product","2":"type-product","3":"status-publish","4":"has-post-thumbnail","6":"product_cat-ev-gerecleri","7":"product_cat-her-eve-lazim-urunler","8":"product_cat-tum-urunler","10":"first","11":"instock","12":"sale","13":"taxable","14":"shipping-taxable","15":"purchasable","16":"product-type-simple"},"yoast_head":"<!-- This site is optimized with the Yoast SEO plugin v27.2 - https:\/\/yoast.com\/product\/yoast-seo-wordpress\/ -->\n<title>Tek Par\u00e7a Kendinden Yap\u0131\u015fkanl\u0131 5 Kancal\u0131 Ask\u0131 |<\/title>\n<meta name=\"description\" content=\"Mutfak, banyo, dolap veya kap\u0131n\u0131n arkas\u0131nda \u00e7e\u015fitli yerlerde kurulum i\u00e7in uygundur. Nas\u0131l kurulur 1. Yap\u0131\u015fkan kanca kurmadan \u00f6nce, y\u00fczeyin temiz, kuru, toz ve ya\u011fdan ar\u0131nd\u0131r\u0131lm\u0131\u015f oldu\u011fundan emin olun ve \u00f6nce kurulay\u0131n. 2. Koruyucu film &#039;in arkas\u0131n\u0131 y\u0131rt\u0131n ve parmaklar\u0131n\u0131z yap\u0131\u015ft\u0131r\u0131c\u0131ya dokunmay\u0131n. 3. Herhangi bir p\u00fcr\u00fczs\u00fcz y\u00fczeye yap\u0131\u015ft\u0131r\u0131n ve herhangi bir kabarc\u0131klar\u0131 \u00e7\u0131karmak i\u00e7in s\u0131k\u0131ca bast\u0131r\u0131n. 4. \u00dcr\u00fcn\u00fcn sa\u011flam ve sabit olmas\u0131n\u0131 sa\u011flamak i\u00e7in herhangi bir \u00fcr\u00fcn\u00fc asmadan \u00f6nce 12 saat b\u0131rakman\u0131z tavsiye edilir. Boyut: 35 x 6,5 cm\" \/>\n<meta name=\"robots\" content=\"index, follow, max-snippet:-1, max-image-preview:large, max-video-preview:-1\" \/>\n<link rel=\"canonical\" href=\"https:\/\/www.peraavm.com\/index.php\/urun\/tek-parca-kendinden-yapiskanli-5-kancali-aski\/\" \/>\n<meta property=\"og:locale\" content=\"tr_TR\" \/>\n<meta property=\"og:type\" content=\"article\" \/>\n<meta property=\"og:title\" content=\"Tek Par\u00e7a Kendinden Yap\u0131\u015fkanl\u0131 5 Kancal\u0131 Ask\u0131 |\" \/>\n<meta property=\"og:description\" content=\"Mutfak, banyo, dolap veya kap\u0131n\u0131n arkas\u0131nda \u00e7e\u015fitli yerlerde kurulum i\u00e7in uygundur. Nas\u0131l kurulur 1. Yap\u0131\u015fkan kanca kurmadan \u00f6nce, y\u00fczeyin temiz, kuru, toz ve ya\u011fdan ar\u0131nd\u0131r\u0131lm\u0131\u015f oldu\u011fundan emin olun ve \u00f6nce kurulay\u0131n. 2. Koruyucu film &#039;in arkas\u0131n\u0131 y\u0131rt\u0131n ve parmaklar\u0131n\u0131z yap\u0131\u015ft\u0131r\u0131c\u0131ya dokunmay\u0131n. 3. Herhangi bir p\u00fcr\u00fczs\u00fcz y\u00fczeye yap\u0131\u015ft\u0131r\u0131n ve herhangi bir kabarc\u0131klar\u0131 \u00e7\u0131karmak i\u00e7in s\u0131k\u0131ca bast\u0131r\u0131n. 4. \u00dcr\u00fcn\u00fcn sa\u011flam ve sabit olmas\u0131n\u0131 sa\u011flamak i\u00e7in herhangi bir \u00fcr\u00fcn\u00fc asmadan \u00f6nce 12 saat b\u0131rakman\u0131z tavsiye edilir. Boyut: 35 x 6,5 cm\" \/>\n<meta property=\"og:url\" content=\"https:\/\/www.peraavm.com\/index.php\/urun\/tek-parca-kendinden-yapiskanli-5-kancali-aski\/\" \/>\n<meta property=\"article:modified_time\" content=\"2023-12-22T14:15:59+00:00\" \/>\n<meta property=\"og:image\" content=\"https:\/\/www.peraavm.com\/wp-content\/uploads\/2023\/05\/askiyennnnnn.jpg\" \/>\n\t<meta property=\"og:image:width\" content=\"300\" \/>\n\t<meta property=\"og:image:height\" content=\"300\" \/>\n\t<meta property=\"og:image:type\" content=\"image\/jpeg\" \/>\n<meta name=\"twitter:card\" content=\"summary_large_image\" \/>\n<meta name=\"twitter:label1\" content=\"Tahmini okuma s\u00fcresi\" \/>\n\t<meta name=\"twitter:data1\" content=\"1 dakika\" \/>\n<script type=\"application\/ld+json\" class=\"yoast-schema-graph\">{\"@context\":\"https:\/\/schema.org\",\"@graph\":[{\"@type\":\"WebPage\",\"@id\":\"https:\/\/www.peraavm.com\/index.php\/urun\/tek-parca-kendinden-yapiskanli-5-kancali-aski\/\",\"url\":\"https:\/\/www.peraavm.com\/index.php\/urun\/tek-parca-kendinden-yapiskanli-5-kancali-aski\/\",\"name\":\"Tek Par\u00e7a Kendinden Yap\u0131\u015fkanl\u0131 5 Kancal\u0131 Ask\u0131 |\",\"isPartOf\":{\"@id\":\"https:\/\/www.peraavm.com\/#website\"},\"primaryImageOfPage\":{\"@id\":\"https:\/\/www.peraavm.com\/index.php\/urun\/tek-parca-kendinden-yapiskanli-5-kancali-aski\/#primaryimage\"},\"image\":{\"@id\":\"https:\/\/www.peraavm.com\/index.php\/urun\/tek-parca-kendinden-yapiskanli-5-kancali-aski\/#primaryimage\"},\"thumbnailUrl\":\"https:\/\/www.peraavm.com\/wp-content\/uploads\/2023\/05\/askiyennnnnn.jpg\",\"datePublished\":\"2023-05-25T14:29:33+00:00\",\"dateModified\":\"2023-12-22T14:15:59+00:00\",\"description\":\"Mutfak, banyo, dolap veya kap\u0131n\u0131n arkas\u0131nda \u00e7e\u015fitli yerlerde kurulum i\u00e7in uygundur. Nas\u0131l kurulur 1. Yap\u0131\u015fkan kanca kurmadan \u00f6nce, y\u00fczeyin temiz, kuru, toz ve ya\u011fdan ar\u0131nd\u0131r\u0131lm\u0131\u015f oldu\u011fundan emin olun ve \u00f6nce kurulay\u0131n. 2. Koruyucu film 'in arkas\u0131n\u0131 y\u0131rt\u0131n ve parmaklar\u0131n\u0131z yap\u0131\u015ft\u0131r\u0131c\u0131ya dokunmay\u0131n. 3. Herhangi bir p\u00fcr\u00fczs\u00fcz y\u00fczeye yap\u0131\u015ft\u0131r\u0131n ve herhangi bir kabarc\u0131klar\u0131 \u00e7\u0131karmak i\u00e7in s\u0131k\u0131ca bast\u0131r\u0131n. 4. \u00dcr\u00fcn\u00fcn sa\u011flam ve sabit olmas\u0131n\u0131 sa\u011flamak i\u00e7in herhangi bir \u00fcr\u00fcn\u00fc asmadan \u00f6nce 12 saat b\u0131rakman\u0131z tavsiye edilir. Boyut: 35 x 6,5 cm\",\"breadcrumb\":{\"@id\":\"https:\/\/www.peraavm.com\/index.php\/urun\/tek-parca-kendinden-yapiskanli-5-kancali-aski\/#breadcrumb\"},\"inLanguage\":\"tr\",\"potentialAction\":[{\"@type\":\"ReadAction\",\"target\":[\"https:\/\/www.peraavm.com\/index.php\/urun\/tek-parca-kendinden-yapiskanli-5-kancali-aski\/\"]}]},{\"@type\":\"ImageObject\",\"inLanguage\":\"tr\",\"@id\":\"https:\/\/www.peraavm.com\/index.php\/urun\/tek-parca-kendinden-yapiskanli-5-kancali-aski\/#primaryimage\",\"url\":\"https:\/\/www.peraavm.com\/wp-content\/uploads\/2023\/05\/askiyennnnnn.jpg\",\"contentUrl\":\"https:\/\/www.peraavm.com\/wp-content\/uploads\/2023\/05\/askiyennnnnn.jpg\",\"width\":300,\"height\":300},{\"@type\":\"BreadcrumbList\",\"@id\":\"https:\/\/www.peraavm.com\/index.php\/urun\/tek-parca-kendinden-yapiskanli-5-kancali-aski\/#breadcrumb\",\"itemListElement\":[{\"@type\":\"ListItem\",\"position\":1,\"name\":\"Anasayfa\",\"item\":\"https:\/\/www.peraavm.com\/\"},{\"@type\":\"ListItem\",\"position\":2,\"name\":\"Magaza\",\"item\":\"https:\/\/www.peraavm.com\/index.php\/magaza\/\"},{\"@type\":\"ListItem\",\"position\":3,\"name\":\"Tek Par\u00e7a Kendinden Yap\u0131\u015fkanl\u0131 5 Kancal\u0131 Ask\u0131\"}]},{\"@type\":\"WebSite\",\"@id\":\"https:\/\/www.peraavm.com\/#website\",\"url\":\"https:\/\/www.peraavm.com\/\",\"name\":\"Pratikmagazam.com\",\"description\":\"\",\"publisher\":{\"@id\":\"https:\/\/www.peraavm.com\/#organization\"},\"potentialAction\":[{\"@type\":\"SearchAction\",\"target\":{\"@type\":\"EntryPoint\",\"urlTemplate\":\"https:\/\/www.peraavm.com\/?s={search_term_string}\"},\"query-input\":{\"@type\":\"PropertyValueSpecification\",\"valueRequired\":true,\"valueName\":\"search_term_string\"}}],\"inLanguage\":\"tr\"},{\"@type\":\"Organization\",\"@id\":\"https:\/\/www.peraavm.com\/#organization\",\"name\":\"pratikmagazam.com\",\"url\":\"https:\/\/www.peraavm.com\/\",\"logo\":{\"@type\":\"ImageObject\",\"inLanguage\":\"tr\",\"@id\":\"https:\/\/www.peraavm.com\/#\/schema\/logo\/image\/\",\"url\":\"https:\/\/www.pratikmagazam.com\/wp-content\/uploads\/2021\/11\/Ekran-Resmi-2021-11-17-08.16.13.png\",\"contentUrl\":\"https:\/\/www.pratikmagazam.com\/wp-content\/uploads\/2021\/11\/Ekran-Resmi-2021-11-17-08.16.13.png\",\"width\":477,\"height\":135,\"caption\":\"pratikmagazam.com\"},\"image\":{\"@id\":\"https:\/\/www.peraavm.com\/#\/schema\/logo\/image\/\"},\"sameAs\":[\"https:\/\/instagram.com\/pratikmagazam?utm_medium=copy_link\"]}]}<\/script>\n<!-- \/ Yoast SEO plugin. -->","yoast_head_json":{"title":"Tek Par\u00e7a Kendinden Yap\u0131\u015fkanl\u0131 5 Kancal\u0131 Ask\u0131 |","description":"Mutfak, banyo, dolap veya kap\u0131n\u0131n arkas\u0131nda \u00e7e\u015fitli yerlerde kurulum i\u00e7in uygundur. Nas\u0131l kurulur 1. Yap\u0131\u015fkan kanca kurmadan \u00f6nce, y\u00fczeyin temiz, kuru, toz ve ya\u011fdan ar\u0131nd\u0131r\u0131lm\u0131\u015f oldu\u011fundan emin olun ve \u00f6nce kurulay\u0131n. 2. Koruyucu film 'in arkas\u0131n\u0131 y\u0131rt\u0131n ve parmaklar\u0131n\u0131z yap\u0131\u015ft\u0131r\u0131c\u0131ya dokunmay\u0131n. 3. Herhangi bir p\u00fcr\u00fczs\u00fcz y\u00fczeye yap\u0131\u015ft\u0131r\u0131n ve herhangi bir kabarc\u0131klar\u0131 \u00e7\u0131karmak i\u00e7in s\u0131k\u0131ca bast\u0131r\u0131n. 4. \u00dcr\u00fcn\u00fcn sa\u011flam ve sabit olmas\u0131n\u0131 sa\u011flamak i\u00e7in herhangi bir \u00fcr\u00fcn\u00fc asmadan \u00f6nce 12 saat b\u0131rakman\u0131z tavsiye edilir. Boyut: 35 x 6,5 cm","robots":{"index":"index","follow":"follow","max-snippet":"max-snippet:-1","max-image-preview":"max-image-preview:large","max-video-preview":"max-video-preview:-1"},"canonical":"https:\/\/www.peraavm.com\/index.php\/urun\/tek-parca-kendinden-yapiskanli-5-kancali-aski\/","og_locale":"tr_TR","og_type":"article","og_title":"Tek Par\u00e7a Kendinden Yap\u0131\u015fkanl\u0131 5 Kancal\u0131 Ask\u0131 |","og_description":"Mutfak, banyo, dolap veya kap\u0131n\u0131n arkas\u0131nda \u00e7e\u015fitli yerlerde kurulum i\u00e7in uygundur. Nas\u0131l kurulur 1. Yap\u0131\u015fkan kanca kurmadan \u00f6nce, y\u00fczeyin temiz, kuru, toz ve ya\u011fdan ar\u0131nd\u0131r\u0131lm\u0131\u015f oldu\u011fundan emin olun ve \u00f6nce kurulay\u0131n. 2. Koruyucu film 'in arkas\u0131n\u0131 y\u0131rt\u0131n ve parmaklar\u0131n\u0131z yap\u0131\u015ft\u0131r\u0131c\u0131ya dokunmay\u0131n. 3. Herhangi bir p\u00fcr\u00fczs\u00fcz y\u00fczeye yap\u0131\u015ft\u0131r\u0131n ve herhangi bir kabarc\u0131klar\u0131 \u00e7\u0131karmak i\u00e7in s\u0131k\u0131ca bast\u0131r\u0131n. 4. \u00dcr\u00fcn\u00fcn sa\u011flam ve sabit olmas\u0131n\u0131 sa\u011flamak i\u00e7in herhangi bir \u00fcr\u00fcn\u00fc asmadan \u00f6nce 12 saat b\u0131rakman\u0131z tavsiye edilir. Boyut: 35 x 6,5 cm","og_url":"https:\/\/www.peraavm.com\/index.php\/urun\/tek-parca-kendinden-yapiskanli-5-kancali-aski\/","article_modified_time":"2023-12-22T14:15:59+00:00","og_image":[{"width":300,"height":300,"url":"https:\/\/www.peraavm.com\/wp-content\/uploads\/2023\/05\/askiyennnnnn.jpg","type":"image\/jpeg"}],"twitter_card":"summary_large_image","twitter_misc":{"Tahmini okuma s\u00fcresi":"1 dakika"},"schema":{"@context":"https:\/\/schema.org","@graph":[{"@type":"WebPage","@id":"https:\/\/www.peraavm.com\/index.php\/urun\/tek-parca-kendinden-yapiskanli-5-kancali-aski\/","url":"https:\/\/www.peraavm.com\/index.php\/urun\/tek-parca-kendinden-yapiskanli-5-kancali-aski\/","name":"Tek Par\u00e7a Kendinden Yap\u0131\u015fkanl\u0131 5 Kancal\u0131 Ask\u0131 |","isPartOf":{"@id":"https:\/\/www.peraavm.com\/#website"},"primaryImageOfPage":{"@id":"https:\/\/www.peraavm.com\/index.php\/urun\/tek-parca-kendinden-yapiskanli-5-kancali-aski\/#primaryimage"},"image":{"@id":"https:\/\/www.peraavm.com\/index.php\/urun\/tek-parca-kendinden-yapiskanli-5-kancali-aski\/#primaryimage"},"thumbnailUrl":"https:\/\/www.peraavm.com\/wp-content\/uploads\/2023\/05\/askiyennnnnn.jpg","datePublished":"2023-05-25T14:29:33+00:00","dateModified":"2023-12-22T14:15:59+00:00","description":"Mutfak, banyo, dolap veya kap\u0131n\u0131n arkas\u0131nda \u00e7e\u015fitli yerlerde kurulum i\u00e7in uygundur. Nas\u0131l kurulur 1. Yap\u0131\u015fkan kanca kurmadan \u00f6nce, y\u00fczeyin temiz, kuru, toz ve ya\u011fdan ar\u0131nd\u0131r\u0131lm\u0131\u015f oldu\u011fundan emin olun ve \u00f6nce kurulay\u0131n. 2. Koruyucu film 'in arkas\u0131n\u0131 y\u0131rt\u0131n ve parmaklar\u0131n\u0131z yap\u0131\u015ft\u0131r\u0131c\u0131ya dokunmay\u0131n. 3. Herhangi bir p\u00fcr\u00fczs\u00fcz y\u00fczeye yap\u0131\u015ft\u0131r\u0131n ve herhangi bir kabarc\u0131klar\u0131 \u00e7\u0131karmak i\u00e7in s\u0131k\u0131ca bast\u0131r\u0131n. 4. \u00dcr\u00fcn\u00fcn sa\u011flam ve sabit olmas\u0131n\u0131 sa\u011flamak i\u00e7in herhangi bir \u00fcr\u00fcn\u00fc asmadan \u00f6nce 12 saat b\u0131rakman\u0131z tavsiye edilir. Boyut: 35 x 6,5 cm","breadcrumb":{"@id":"https:\/\/www.peraavm.com\/index.php\/urun\/tek-parca-kendinden-yapiskanli-5-kancali-aski\/#breadcrumb"},"inLanguage":"tr","potentialAction":[{"@type":"ReadAction","target":["https:\/\/www.peraavm.com\/index.php\/urun\/tek-parca-kendinden-yapiskanli-5-kancali-aski\/"]}]},{"@type":"ImageObject","inLanguage":"tr","@id":"https:\/\/www.peraavm.com\/index.php\/urun\/tek-parca-kendinden-yapiskanli-5-kancali-aski\/#primaryimage","url":"https:\/\/www.peraavm.com\/wp-content\/uploads\/2023\/05\/askiyennnnnn.jpg","contentUrl":"https:\/\/www.peraavm.com\/wp-content\/uploads\/2023\/05\/askiyennnnnn.jpg","width":300,"height":300},{"@type":"BreadcrumbList","@id":"https:\/\/www.peraavm.com\/index.php\/urun\/tek-parca-kendinden-yapiskanli-5-kancali-aski\/#breadcrumb","itemListElement":[{"@type":"ListItem","position":1,"name":"Anasayfa","item":"https:\/\/www.peraavm.com\/"},{"@type":"ListItem","position":2,"name":"Magaza","item":"https:\/\/www.peraavm.com\/index.php\/magaza\/"},{"@type":"ListItem","position":3,"name":"Tek Par\u00e7a Kendinden Yap\u0131\u015fkanl\u0131 5 Kancal\u0131 Ask\u0131"}]},{"@type":"WebSite","@id":"https:\/\/www.peraavm.com\/#website","url":"https:\/\/www.peraavm.com\/","name":"Pratikmagazam.com","description":"","publisher":{"@id":"https:\/\/www.peraavm.com\/#organization"},"potentialAction":[{"@type":"SearchAction","target":{"@type":"EntryPoint","urlTemplate":"https:\/\/www.peraavm.com\/?s={search_term_string}"},"query-input":{"@type":"PropertyValueSpecification","valueRequired":true,"valueName":"search_term_string"}}],"inLanguage":"tr"},{"@type":"Organization","@id":"https:\/\/www.peraavm.com\/#organization","name":"pratikmagazam.com","url":"https:\/\/www.peraavm.com\/","logo":{"@type":"ImageObject","inLanguage":"tr","@id":"https:\/\/www.peraavm.com\/#\/schema\/logo\/image\/","url":"https:\/\/www.pratikmagazam.com\/wp-content\/uploads\/2021\/11\/Ekran-Resmi-2021-11-17-08.16.13.png","contentUrl":"https:\/\/www.pratikmagazam.com\/wp-content\/uploads\/2021\/11\/Ekran-Resmi-2021-11-17-08.16.13.png","width":477,"height":135,"caption":"pratikmagazam.com"},"image":{"@id":"https:\/\/www.peraavm.com\/#\/schema\/logo\/image\/"},"sameAs":["https:\/\/instagram.com\/pratikmagazam?utm_medium=copy_link"]}]}},"_links":{"self":[{"href":"https:\/\/www.peraavm.com\/index.php\/wp-json\/wp\/v2\/product\/2749","targetHints":{"allow":["GET"]}}],"collection":[{"href":"https:\/\/www.peraavm.com\/index.php\/wp-json\/wp\/v2\/product"}],"about":[{"href":"https:\/\/www.peraavm.com\/index.php\/wp-json\/wp\/v2\/types\/product"}],"replies":[{"embeddable":true,"href":"https:\/\/www.peraavm.com\/index.php\/wp-json\/wp\/v2\/comments?post=2749"}],"wp:featuredmedia":[{"embeddable":true,"href":"https:\/\/www.peraavm.com\/index.php\/wp-json\/wp\/v2\/media\/2764"}],"wp:attachment":[{"href":"https:\/\/www.peraavm.com\/index.php\/wp-json\/wp\/v2\/media?parent=2749"}],"wp:term":[{"taxonomy":"product_brand","embeddable":true,"href":"https:\/\/www.peraavm.com\/index.php\/wp-json\/wp\/v2\/product_brand?post=2749"},{"taxonomy":"product_cat","embeddable":true,"href":"https:\/\/www.peraavm.com\/index.php\/wp-json\/wp\/v2\/product_cat?post=2749"},{"taxonomy":"product_tag","embeddable":true,"href":"https:\/\/www.peraavm.com\/index.php\/wp-json\/wp\/v2\/product_tag?post=2749"}],"curies":[{"name":"wp","href":"https:\/\/api.w.org\/{rel}","templated":true}]}}