{"id":3060,"date":"2026-01-17T10:21:28","date_gmt":"2026-01-17T10:21:28","guid":{"rendered":"https:\/\/www.peraavm.com\/?post_type=product&#038;p=3060"},"modified":"2026-01-19T13:19:38","modified_gmt":"2026-01-19T13:19:38","slug":"koku-onleyici-stoplu-paslanmaz-celik-suzgecli-lavabo-gider-hortumu-1-kalite-krom-mantarli","status":"publish","type":"product","link":"https:\/\/www.peraavm.com\/index.php\/urun\/koku-onleyici-stoplu-paslanmaz-celik-suzgecli-lavabo-gider-hortumu-1-kalite-krom-mantarli\/","title":{"rendered":"Koku \u00d6nleyici Stoplu Paslanmaz \u00c7elik S\u00fczge\u00e7li Lavabo Gider Hortumu \/ 1. Kalite Krom Mantarl\u0131"},"content":{"rendered":"<p class=\"product-description-content\">Dayan\u0131kl\u0131 plastik malzemeden \u00fcretilmi\u015ftir, uzun \u00f6m\u00fcrl\u00fc ve sa\u011flamd\u0131r.<\/p>\n<p class=\"product-description-content\">Uzay\u0131p k\u0131salabilen k\u00f6r\u00fckl\u00fc yap\u0131s\u0131 sayesinde dar alanlarda kolayca \u015fekil verebilirsiniz gibi markalar\u0131n lavabo \u00e7\u0131k\u0131\u015flar\u0131 i\u00e7in uygundur.<\/p>\n<p class=\"product-description-content\">\u00dcr\u00fcn\u00fcm\u00fcz\u00fcn arkas\u0131nday\u0131z! \u00dcretim hatalar\u0131na kar\u015f\u0131 ko\u015fulsuz \u00dcretim Koku \u00d6nleyici Stoplu Paslanmaz \u00c7elik S\u00fczge\u00e7li Lavabo Gider Hortumu \/ 1. Kalite K\u00f6r\u00fckl\u00fc Lavabo Sifonu\/Eviye Gider Borusu (75 cm)<\/p>\n","protected":false},"excerpt":{"rendered":"<p><strong>Koku \u00d6nleyici Stoplu Paslanmaz \u00c7elik S\u00fczge\u00e7li Lavabo Gider Hortumu \/ 1. Kalite Krom Mantarl\u0131<\/strong><\/p>\n","protected":false},"featured_media":3077,"comment_status":"open","ping_status":"closed","template":"","meta":[],"product_brand":[],"product_cat":[32,15],"product_tag":[70,72,71,69],"class_list":{"0":"post-3060","1":"product","2":"type-product","3":"status-publish","4":"has-post-thumbnail","6":"product_cat-hirdavat","7":"product_cat-tum-urunler","8":"product_tag-giderborusu","9":"product_tag-kokugidericitapa","10":"product_tag-lavabogidergirtlakhortumumantarli","11":"product_tag-lavabohortumu","13":"first","14":"instock","15":"taxable","16":"shipping-taxable","17":"purchasable","18":"product-type-simple"},"yoast_head":"<!-- This site is optimized with the Yoast SEO plugin v27.2 - https:\/\/yoast.com\/product\/yoast-seo-wordpress\/ -->\n<title>Koku \u00d6nleyici Stoplu Paslanmaz \u00c7elik S\u00fczge\u00e7li Lavabo Gider Hortumu \/ 1. Kalite Krom Mantarl\u0131 |<\/title>\n<meta name=\"description\" content=\"Dayan\u0131kl\u0131 plastik malzemeden \u00fcretilmi\u015ftir, uzun \u00f6m\u00fcrl\u00fc ve sa\u011flamd\u0131r.Uzay\u0131p k\u0131salabilen k\u00f6r\u00fckl\u00fc yap\u0131s\u0131 sayesinde dar alanlarda kolayca \u015fekil verebilirsiniz gibi markalar\u0131n lavabo \u00e7\u0131k\u0131\u015flar\u0131 i\u00e7in uygundur.\u00dcr\u00fcn\u00fcm\u00fcz\u00fcn arkas\u0131nday\u0131z! \u00dcretim hatalar\u0131na kar\u015f\u0131 ko\u015fulsuz \u00dcretim Koku \u00d6nleyici Stoplu Paslanmaz \u00c7elik S\u00fczge\u00e7li Lavabo Gider Hortumu \/ 1. Kalite K\u00f6r\u00fckl\u00fc Lavabo Sifonu\/Eviye Gider Borusu (75 cm)\" \/>\n<meta name=\"robots\" content=\"index, follow, max-snippet:-1, max-image-preview:large, max-video-preview:-1\" \/>\n<link rel=\"canonical\" href=\"https:\/\/www.peraavm.com\/index.php\/urun\/koku-onleyici-stoplu-paslanmaz-celik-suzgecli-lavabo-gider-hortumu-1-kalite-krom-mantarli\/\" \/>\n<meta property=\"og:locale\" content=\"tr_TR\" \/>\n<meta property=\"og:type\" content=\"article\" \/>\n<meta property=\"og:title\" content=\"Koku \u00d6nleyici Stoplu Paslanmaz \u00c7elik S\u00fczge\u00e7li Lavabo Gider Hortumu \/ 1. Kalite Krom Mantarl\u0131 |\" \/>\n<meta property=\"og:description\" content=\"Dayan\u0131kl\u0131 plastik malzemeden \u00fcretilmi\u015ftir, uzun \u00f6m\u00fcrl\u00fc ve sa\u011flamd\u0131r.Uzay\u0131p k\u0131salabilen k\u00f6r\u00fckl\u00fc yap\u0131s\u0131 sayesinde dar alanlarda kolayca \u015fekil verebilirsiniz gibi markalar\u0131n lavabo \u00e7\u0131k\u0131\u015flar\u0131 i\u00e7in uygundur.\u00dcr\u00fcn\u00fcm\u00fcz\u00fcn arkas\u0131nday\u0131z! \u00dcretim hatalar\u0131na kar\u015f\u0131 ko\u015fulsuz \u00dcretim Koku \u00d6nleyici Stoplu Paslanmaz \u00c7elik S\u00fczge\u00e7li Lavabo Gider Hortumu \/ 1. Kalite K\u00f6r\u00fckl\u00fc Lavabo Sifonu\/Eviye Gider Borusu (75 cm)\" \/>\n<meta property=\"og:url\" content=\"https:\/\/www.peraavm.com\/index.php\/urun\/koku-onleyici-stoplu-paslanmaz-celik-suzgecli-lavabo-gider-hortumu-1-kalite-krom-mantarli\/\" \/>\n<meta property=\"article:modified_time\" content=\"2026-01-19T13:19:38+00:00\" \/>\n<meta property=\"og:image\" content=\"https:\/\/www.peraavm.com\/wp-content\/uploads\/2026\/01\/33333333.png\" \/>\n\t<meta property=\"og:image:width\" content=\"886\" \/>\n\t<meta property=\"og:image:height\" content=\"1049\" \/>\n\t<meta property=\"og:image:type\" content=\"image\/png\" \/>\n<meta name=\"twitter:card\" content=\"summary_large_image\" \/>\n<meta name=\"twitter:label1\" content=\"Tahmini okuma s\u00fcresi\" \/>\n\t<meta name=\"twitter:data1\" content=\"1 dakika\" \/>\n<script type=\"application\/ld+json\" class=\"yoast-schema-graph\">{\"@context\":\"https:\/\/schema.org\",\"@graph\":[{\"@type\":\"WebPage\",\"@id\":\"https:\/\/www.peraavm.com\/index.php\/urun\/koku-onleyici-stoplu-paslanmaz-celik-suzgecli-lavabo-gider-hortumu-1-kalite-krom-mantarli\/\",\"url\":\"https:\/\/www.peraavm.com\/index.php\/urun\/koku-onleyici-stoplu-paslanmaz-celik-suzgecli-lavabo-gider-hortumu-1-kalite-krom-mantarli\/\",\"name\":\"Koku \u00d6nleyici Stoplu Paslanmaz \u00c7elik S\u00fczge\u00e7li Lavabo Gider Hortumu \/ 1. Kalite Krom Mantarl\u0131 |\",\"isPartOf\":{\"@id\":\"https:\/\/www.peraavm.com\/#website\"},\"primaryImageOfPage\":{\"@id\":\"https:\/\/www.peraavm.com\/index.php\/urun\/koku-onleyici-stoplu-paslanmaz-celik-suzgecli-lavabo-gider-hortumu-1-kalite-krom-mantarli\/#primaryimage\"},\"image\":{\"@id\":\"https:\/\/www.peraavm.com\/index.php\/urun\/koku-onleyici-stoplu-paslanmaz-celik-suzgecli-lavabo-gider-hortumu-1-kalite-krom-mantarli\/#primaryimage\"},\"thumbnailUrl\":\"https:\/\/www.peraavm.com\/wp-content\/uploads\/2026\/01\/33333333.png\",\"datePublished\":\"2026-01-17T10:21:28+00:00\",\"dateModified\":\"2026-01-19T13:19:38+00:00\",\"description\":\"Dayan\u0131kl\u0131 plastik malzemeden \u00fcretilmi\u015ftir, uzun \u00f6m\u00fcrl\u00fc ve sa\u011flamd\u0131r.Uzay\u0131p k\u0131salabilen k\u00f6r\u00fckl\u00fc yap\u0131s\u0131 sayesinde dar alanlarda kolayca \u015fekil verebilirsiniz gibi markalar\u0131n lavabo \u00e7\u0131k\u0131\u015flar\u0131 i\u00e7in uygundur.\u00dcr\u00fcn\u00fcm\u00fcz\u00fcn arkas\u0131nday\u0131z! \u00dcretim hatalar\u0131na kar\u015f\u0131 ko\u015fulsuz \u00dcretim Koku \u00d6nleyici Stoplu Paslanmaz \u00c7elik S\u00fczge\u00e7li Lavabo Gider Hortumu \/ 1. Kalite K\u00f6r\u00fckl\u00fc Lavabo Sifonu\/Eviye Gider Borusu (75 cm)\",\"breadcrumb\":{\"@id\":\"https:\/\/www.peraavm.com\/index.php\/urun\/koku-onleyici-stoplu-paslanmaz-celik-suzgecli-lavabo-gider-hortumu-1-kalite-krom-mantarli\/#breadcrumb\"},\"inLanguage\":\"tr\",\"potentialAction\":[{\"@type\":\"ReadAction\",\"target\":[\"https:\/\/www.peraavm.com\/index.php\/urun\/koku-onleyici-stoplu-paslanmaz-celik-suzgecli-lavabo-gider-hortumu-1-kalite-krom-mantarli\/\"]}]},{\"@type\":\"ImageObject\",\"inLanguage\":\"tr\",\"@id\":\"https:\/\/www.peraavm.com\/index.php\/urun\/koku-onleyici-stoplu-paslanmaz-celik-suzgecli-lavabo-gider-hortumu-1-kalite-krom-mantarli\/#primaryimage\",\"url\":\"https:\/\/www.peraavm.com\/wp-content\/uploads\/2026\/01\/33333333.png\",\"contentUrl\":\"https:\/\/www.peraavm.com\/wp-content\/uploads\/2026\/01\/33333333.png\",\"width\":886,\"height\":1049},{\"@type\":\"BreadcrumbList\",\"@id\":\"https:\/\/www.peraavm.com\/index.php\/urun\/koku-onleyici-stoplu-paslanmaz-celik-suzgecli-lavabo-gider-hortumu-1-kalite-krom-mantarli\/#breadcrumb\",\"itemListElement\":[{\"@type\":\"ListItem\",\"position\":1,\"name\":\"Anasayfa\",\"item\":\"https:\/\/www.peraavm.com\/\"},{\"@type\":\"ListItem\",\"position\":2,\"name\":\"Magaza\",\"item\":\"https:\/\/www.peraavm.com\/index.php\/magaza\/\"},{\"@type\":\"ListItem\",\"position\":3,\"name\":\"Koku \u00d6nleyici Stoplu Paslanmaz \u00c7elik S\u00fczge\u00e7li Lavabo Gider Hortumu \/ 1. Kalite Krom Mantarl\u0131\"}]},{\"@type\":\"WebSite\",\"@id\":\"https:\/\/www.peraavm.com\/#website\",\"url\":\"https:\/\/www.peraavm.com\/\",\"name\":\"Pratikmagazam.com\",\"description\":\"\",\"publisher\":{\"@id\":\"https:\/\/www.peraavm.com\/#organization\"},\"potentialAction\":[{\"@type\":\"SearchAction\",\"target\":{\"@type\":\"EntryPoint\",\"urlTemplate\":\"https:\/\/www.peraavm.com\/?s={search_term_string}\"},\"query-input\":{\"@type\":\"PropertyValueSpecification\",\"valueRequired\":true,\"valueName\":\"search_term_string\"}}],\"inLanguage\":\"tr\"},{\"@type\":\"Organization\",\"@id\":\"https:\/\/www.peraavm.com\/#organization\",\"name\":\"pratikmagazam.com\",\"url\":\"https:\/\/www.peraavm.com\/\",\"logo\":{\"@type\":\"ImageObject\",\"inLanguage\":\"tr\",\"@id\":\"https:\/\/www.peraavm.com\/#\/schema\/logo\/image\/\",\"url\":\"https:\/\/www.pratikmagazam.com\/wp-content\/uploads\/2021\/11\/Ekran-Resmi-2021-11-17-08.16.13.png\",\"contentUrl\":\"https:\/\/www.pratikmagazam.com\/wp-content\/uploads\/2021\/11\/Ekran-Resmi-2021-11-17-08.16.13.png\",\"width\":477,\"height\":135,\"caption\":\"pratikmagazam.com\"},\"image\":{\"@id\":\"https:\/\/www.peraavm.com\/#\/schema\/logo\/image\/\"},\"sameAs\":[\"https:\/\/instagram.com\/pratikmagazam?utm_medium=copy_link\"]}]}<\/script>\n<!-- \/ Yoast SEO plugin. -->","yoast_head_json":{"title":"Koku \u00d6nleyici Stoplu Paslanmaz \u00c7elik S\u00fczge\u00e7li Lavabo Gider Hortumu \/ 1. Kalite Krom Mantarl\u0131 |","description":"Dayan\u0131kl\u0131 plastik malzemeden \u00fcretilmi\u015ftir, uzun \u00f6m\u00fcrl\u00fc ve sa\u011flamd\u0131r.Uzay\u0131p k\u0131salabilen k\u00f6r\u00fckl\u00fc yap\u0131s\u0131 sayesinde dar alanlarda kolayca \u015fekil verebilirsiniz gibi markalar\u0131n lavabo \u00e7\u0131k\u0131\u015flar\u0131 i\u00e7in uygundur.\u00dcr\u00fcn\u00fcm\u00fcz\u00fcn arkas\u0131nday\u0131z! \u00dcretim hatalar\u0131na kar\u015f\u0131 ko\u015fulsuz \u00dcretim Koku \u00d6nleyici Stoplu Paslanmaz \u00c7elik S\u00fczge\u00e7li Lavabo Gider Hortumu \/ 1. Kalite K\u00f6r\u00fckl\u00fc Lavabo Sifonu\/Eviye Gider Borusu (75 cm)","robots":{"index":"index","follow":"follow","max-snippet":"max-snippet:-1","max-image-preview":"max-image-preview:large","max-video-preview":"max-video-preview:-1"},"canonical":"https:\/\/www.peraavm.com\/index.php\/urun\/koku-onleyici-stoplu-paslanmaz-celik-suzgecli-lavabo-gider-hortumu-1-kalite-krom-mantarli\/","og_locale":"tr_TR","og_type":"article","og_title":"Koku \u00d6nleyici Stoplu Paslanmaz \u00c7elik S\u00fczge\u00e7li Lavabo Gider Hortumu \/ 1. Kalite Krom Mantarl\u0131 |","og_description":"Dayan\u0131kl\u0131 plastik malzemeden \u00fcretilmi\u015ftir, uzun \u00f6m\u00fcrl\u00fc ve sa\u011flamd\u0131r.Uzay\u0131p k\u0131salabilen k\u00f6r\u00fckl\u00fc yap\u0131s\u0131 sayesinde dar alanlarda kolayca \u015fekil verebilirsiniz gibi markalar\u0131n lavabo \u00e7\u0131k\u0131\u015flar\u0131 i\u00e7in uygundur.\u00dcr\u00fcn\u00fcm\u00fcz\u00fcn arkas\u0131nday\u0131z! \u00dcretim hatalar\u0131na kar\u015f\u0131 ko\u015fulsuz \u00dcretim Koku \u00d6nleyici Stoplu Paslanmaz \u00c7elik S\u00fczge\u00e7li Lavabo Gider Hortumu \/ 1. Kalite K\u00f6r\u00fckl\u00fc Lavabo Sifonu\/Eviye Gider Borusu (75 cm)","og_url":"https:\/\/www.peraavm.com\/index.php\/urun\/koku-onleyici-stoplu-paslanmaz-celik-suzgecli-lavabo-gider-hortumu-1-kalite-krom-mantarli\/","article_modified_time":"2026-01-19T13:19:38+00:00","og_image":[{"width":886,"height":1049,"url":"https:\/\/www.peraavm.com\/wp-content\/uploads\/2026\/01\/33333333.png","type":"image\/png"}],"twitter_card":"summary_large_image","twitter_misc":{"Tahmini okuma s\u00fcresi":"1 dakika"},"schema":{"@context":"https:\/\/schema.org","@graph":[{"@type":"WebPage","@id":"https:\/\/www.peraavm.com\/index.php\/urun\/koku-onleyici-stoplu-paslanmaz-celik-suzgecli-lavabo-gider-hortumu-1-kalite-krom-mantarli\/","url":"https:\/\/www.peraavm.com\/index.php\/urun\/koku-onleyici-stoplu-paslanmaz-celik-suzgecli-lavabo-gider-hortumu-1-kalite-krom-mantarli\/","name":"Koku \u00d6nleyici Stoplu Paslanmaz \u00c7elik S\u00fczge\u00e7li Lavabo Gider Hortumu \/ 1. Kalite Krom Mantarl\u0131 |","isPartOf":{"@id":"https:\/\/www.peraavm.com\/#website"},"primaryImageOfPage":{"@id":"https:\/\/www.peraavm.com\/index.php\/urun\/koku-onleyici-stoplu-paslanmaz-celik-suzgecli-lavabo-gider-hortumu-1-kalite-krom-mantarli\/#primaryimage"},"image":{"@id":"https:\/\/www.peraavm.com\/index.php\/urun\/koku-onleyici-stoplu-paslanmaz-celik-suzgecli-lavabo-gider-hortumu-1-kalite-krom-mantarli\/#primaryimage"},"thumbnailUrl":"https:\/\/www.peraavm.com\/wp-content\/uploads\/2026\/01\/33333333.png","datePublished":"2026-01-17T10:21:28+00:00","dateModified":"2026-01-19T13:19:38+00:00","description":"Dayan\u0131kl\u0131 plastik malzemeden \u00fcretilmi\u015ftir, uzun \u00f6m\u00fcrl\u00fc ve sa\u011flamd\u0131r.Uzay\u0131p k\u0131salabilen k\u00f6r\u00fckl\u00fc yap\u0131s\u0131 sayesinde dar alanlarda kolayca \u015fekil verebilirsiniz gibi markalar\u0131n lavabo \u00e7\u0131k\u0131\u015flar\u0131 i\u00e7in uygundur.\u00dcr\u00fcn\u00fcm\u00fcz\u00fcn arkas\u0131nday\u0131z! \u00dcretim hatalar\u0131na kar\u015f\u0131 ko\u015fulsuz \u00dcretim Koku \u00d6nleyici Stoplu Paslanmaz \u00c7elik S\u00fczge\u00e7li Lavabo Gider Hortumu \/ 1. Kalite K\u00f6r\u00fckl\u00fc Lavabo Sifonu\/Eviye Gider Borusu (75 cm)","breadcrumb":{"@id":"https:\/\/www.peraavm.com\/index.php\/urun\/koku-onleyici-stoplu-paslanmaz-celik-suzgecli-lavabo-gider-hortumu-1-kalite-krom-mantarli\/#breadcrumb"},"inLanguage":"tr","potentialAction":[{"@type":"ReadAction","target":["https:\/\/www.peraavm.com\/index.php\/urun\/koku-onleyici-stoplu-paslanmaz-celik-suzgecli-lavabo-gider-hortumu-1-kalite-krom-mantarli\/"]}]},{"@type":"ImageObject","inLanguage":"tr","@id":"https:\/\/www.peraavm.com\/index.php\/urun\/koku-onleyici-stoplu-paslanmaz-celik-suzgecli-lavabo-gider-hortumu-1-kalite-krom-mantarli\/#primaryimage","url":"https:\/\/www.peraavm.com\/wp-content\/uploads\/2026\/01\/33333333.png","contentUrl":"https:\/\/www.peraavm.com\/wp-content\/uploads\/2026\/01\/33333333.png","width":886,"height":1049},{"@type":"BreadcrumbList","@id":"https:\/\/www.peraavm.com\/index.php\/urun\/koku-onleyici-stoplu-paslanmaz-celik-suzgecli-lavabo-gider-hortumu-1-kalite-krom-mantarli\/#breadcrumb","itemListElement":[{"@type":"ListItem","position":1,"name":"Anasayfa","item":"https:\/\/www.peraavm.com\/"},{"@type":"ListItem","position":2,"name":"Magaza","item":"https:\/\/www.peraavm.com\/index.php\/magaza\/"},{"@type":"ListItem","position":3,"name":"Koku \u00d6nleyici Stoplu Paslanmaz \u00c7elik S\u00fczge\u00e7li Lavabo Gider Hortumu \/ 1. Kalite Krom Mantarl\u0131"}]},{"@type":"WebSite","@id":"https:\/\/www.peraavm.com\/#website","url":"https:\/\/www.peraavm.com\/","name":"Pratikmagazam.com","description":"","publisher":{"@id":"https:\/\/www.peraavm.com\/#organization"},"potentialAction":[{"@type":"SearchAction","target":{"@type":"EntryPoint","urlTemplate":"https:\/\/www.peraavm.com\/?s={search_term_string}"},"query-input":{"@type":"PropertyValueSpecification","valueRequired":true,"valueName":"search_term_string"}}],"inLanguage":"tr"},{"@type":"Organization","@id":"https:\/\/www.peraavm.com\/#organization","name":"pratikmagazam.com","url":"https:\/\/www.peraavm.com\/","logo":{"@type":"ImageObject","inLanguage":"tr","@id":"https:\/\/www.peraavm.com\/#\/schema\/logo\/image\/","url":"https:\/\/www.pratikmagazam.com\/wp-content\/uploads\/2021\/11\/Ekran-Resmi-2021-11-17-08.16.13.png","contentUrl":"https:\/\/www.pratikmagazam.com\/wp-content\/uploads\/2021\/11\/Ekran-Resmi-2021-11-17-08.16.13.png","width":477,"height":135,"caption":"pratikmagazam.com"},"image":{"@id":"https:\/\/www.peraavm.com\/#\/schema\/logo\/image\/"},"sameAs":["https:\/\/instagram.com\/pratikmagazam?utm_medium=copy_link"]}]}},"_links":{"self":[{"href":"https:\/\/www.peraavm.com\/index.php\/wp-json\/wp\/v2\/product\/3060","targetHints":{"allow":["GET"]}}],"collection":[{"href":"https:\/\/www.peraavm.com\/index.php\/wp-json\/wp\/v2\/product"}],"about":[{"href":"https:\/\/www.peraavm.com\/index.php\/wp-json\/wp\/v2\/types\/product"}],"replies":[{"embeddable":true,"href":"https:\/\/www.peraavm.com\/index.php\/wp-json\/wp\/v2\/comments?post=3060"}],"wp:featuredmedia":[{"embeddable":true,"href":"https:\/\/www.peraavm.com\/index.php\/wp-json\/wp\/v2\/media\/3077"}],"wp:attachment":[{"href":"https:\/\/www.peraavm.com\/index.php\/wp-json\/wp\/v2\/media?parent=3060"}],"wp:term":[{"taxonomy":"product_brand","embeddable":true,"href":"https:\/\/www.peraavm.com\/index.php\/wp-json\/wp\/v2\/product_brand?post=3060"},{"taxonomy":"product_cat","embeddable":true,"href":"https:\/\/www.peraavm.com\/index.php\/wp-json\/wp\/v2\/product_cat?post=3060"},{"taxonomy":"product_tag","embeddable":true,"href":"https:\/\/www.peraavm.com\/index.php\/wp-json\/wp\/v2\/product_tag?post=3060"}],"curies":[{"name":"wp","href":"https:\/\/api.w.org\/{rel}","templated":true}]}}