{"id":3080,"date":"2026-01-19T15:52:13","date_gmt":"2026-01-19T15:52:13","guid":{"rendered":"https:\/\/www.peraavm.com\/?post_type=product&#038;p=3080"},"modified":"2026-01-19T15:52:13","modified_gmt":"2026-01-19T15:52:13","slug":"kulak-cubugu-200luk","status":"publish","type":"product","link":"https:\/\/www.peraavm.com\/index.php\/urun\/kulak-cubugu-200luk\/","title":{"rendered":"Kulak \u00c7ubu\u011fu 200&#8217;l\u00fck"},"content":{"rendered":"<p class=\"product-description-content\">T\u00fcrkiye&#8217;de \u00fcretilen kulak \u00e7ubuklar\u0131, yerel \u00fcretim desteklenerek s\u00fcrd\u00fcr\u00fclebilir bir t\u00fcketim al\u0131\u015fkanl\u0131\u011f\u0131 olu\u015fturur.<\/p>\n<p class=\"product-description-content\">&#8211; 200&#8217;l\u00fck paket i\u00e7eri\u011fi sayesinde uzun s\u00fcreli kullan\u0131m imkan\u0131 sunar ve s\u0131k s\u0131k yenileme ihtiyac\u0131n\u0131 ortadan kald\u0131r\u0131r.<\/p>\n<p class=\"product-description-content\">&#8211; Y\u00fcksek kaliteli malzemeden \u00fcretilmi\u015f olup, kulak temizli\u011fi s\u0131ras\u0131nda g\u00fcvenle kullan\u0131labilir.<\/p>\n","protected":false},"excerpt":{"rendered":"<p class=\"product-description-content\"><strong>\u00a0200&#8217;l\u00fck paket i\u00e7eri\u011fi sayesinde uzun s\u00fcreli kullan\u0131m imkan\u0131 sunar ve s\u0131k s\u0131k yenileme ihtiyac\u0131n\u0131 ortadan kald\u0131r\u0131r.<\/strong><\/p>\n<p class=\"product-description-content\">\n","protected":false},"featured_media":3081,"comment_status":"open","ping_status":"closed","template":"","meta":[],"product_brand":[],"product_cat":[31,15],"product_tag":[],"class_list":{"0":"post-3080","1":"product","2":"type-product","3":"status-publish","4":"has-post-thumbnail","6":"product_cat-kisisel-bakim-saglik","7":"product_cat-tum-urunler","9":"first","10":"instock","11":"sale","12":"taxable","13":"shipping-taxable","14":"purchasable","15":"product-type-simple"},"yoast_head":"<!-- This site is optimized with the Yoast SEO plugin v27.2 - https:\/\/yoast.com\/product\/yoast-seo-wordpress\/ -->\n<title>Kulak \u00c7ubu\u011fu 200&#039;l\u00fck |<\/title>\n<meta name=\"description\" content=\"T\u00fcrkiye&#039;de \u00fcretilen kulak \u00e7ubuklar\u0131, yerel \u00fcretim desteklenerek s\u00fcrd\u00fcr\u00fclebilir bir t\u00fcketim al\u0131\u015fkanl\u0131\u011f\u0131 olu\u015fturur.- 200&#039;l\u00fck paket i\u00e7eri\u011fi sayesinde uzun s\u00fcreli kullan\u0131m imkan\u0131 sunar ve s\u0131k s\u0131k yenileme ihtiyac\u0131n\u0131 ortadan kald\u0131r\u0131r.- Y\u00fcksek kaliteli malzemeden \u00fcretilmi\u015f olup, kulak temizli\u011fi s\u0131ras\u0131nda g\u00fcvenle kullan\u0131labilir.\" \/>\n<meta name=\"robots\" content=\"index, follow, max-snippet:-1, max-image-preview:large, max-video-preview:-1\" \/>\n<link rel=\"canonical\" href=\"https:\/\/www.peraavm.com\/index.php\/urun\/kulak-cubugu-200luk\/\" \/>\n<meta property=\"og:locale\" content=\"tr_TR\" \/>\n<meta property=\"og:type\" content=\"article\" \/>\n<meta property=\"og:title\" content=\"Kulak \u00c7ubu\u011fu 200&#039;l\u00fck |\" \/>\n<meta property=\"og:description\" content=\"T\u00fcrkiye&#039;de \u00fcretilen kulak \u00e7ubuklar\u0131, yerel \u00fcretim desteklenerek s\u00fcrd\u00fcr\u00fclebilir bir t\u00fcketim al\u0131\u015fkanl\u0131\u011f\u0131 olu\u015fturur.- 200&#039;l\u00fck paket i\u00e7eri\u011fi sayesinde uzun s\u00fcreli kullan\u0131m imkan\u0131 sunar ve s\u0131k s\u0131k yenileme ihtiyac\u0131n\u0131 ortadan kald\u0131r\u0131r.- Y\u00fcksek kaliteli malzemeden \u00fcretilmi\u015f olup, kulak temizli\u011fi s\u0131ras\u0131nda g\u00fcvenle kullan\u0131labilir.\" \/>\n<meta property=\"og:url\" content=\"https:\/\/www.peraavm.com\/index.php\/urun\/kulak-cubugu-200luk\/\" \/>\n<meta property=\"og:image\" content=\"https:\/\/www.peraavm.com\/wp-content\/uploads\/2026\/01\/324324234234.png\" \/>\n\t<meta property=\"og:image:width\" content=\"886\" \/>\n\t<meta property=\"og:image:height\" content=\"1049\" \/>\n\t<meta property=\"og:image:type\" content=\"image\/png\" \/>\n<meta name=\"twitter:card\" content=\"summary_large_image\" \/>\n<meta name=\"twitter:label1\" content=\"Tahmini okuma s\u00fcresi\" \/>\n\t<meta name=\"twitter:data1\" content=\"1 dakika\" \/>\n<script type=\"application\/ld+json\" class=\"yoast-schema-graph\">{\"@context\":\"https:\/\/schema.org\",\"@graph\":[{\"@type\":\"WebPage\",\"@id\":\"https:\/\/www.peraavm.com\/index.php\/urun\/kulak-cubugu-200luk\/\",\"url\":\"https:\/\/www.peraavm.com\/index.php\/urun\/kulak-cubugu-200luk\/\",\"name\":\"Kulak \u00c7ubu\u011fu 200'l\u00fck |\",\"isPartOf\":{\"@id\":\"https:\/\/www.peraavm.com\/#website\"},\"primaryImageOfPage\":{\"@id\":\"https:\/\/www.peraavm.com\/index.php\/urun\/kulak-cubugu-200luk\/#primaryimage\"},\"image\":{\"@id\":\"https:\/\/www.peraavm.com\/index.php\/urun\/kulak-cubugu-200luk\/#primaryimage\"},\"thumbnailUrl\":\"https:\/\/www.peraavm.com\/wp-content\/uploads\/2026\/01\/324324234234.png\",\"datePublished\":\"2026-01-19T15:52:13+00:00\",\"description\":\"T\u00fcrkiye'de \u00fcretilen kulak \u00e7ubuklar\u0131, yerel \u00fcretim desteklenerek s\u00fcrd\u00fcr\u00fclebilir bir t\u00fcketim al\u0131\u015fkanl\u0131\u011f\u0131 olu\u015fturur.- 200'l\u00fck paket i\u00e7eri\u011fi sayesinde uzun s\u00fcreli kullan\u0131m imkan\u0131 sunar ve s\u0131k s\u0131k yenileme ihtiyac\u0131n\u0131 ortadan kald\u0131r\u0131r.- Y\u00fcksek kaliteli malzemeden \u00fcretilmi\u015f olup, kulak temizli\u011fi s\u0131ras\u0131nda g\u00fcvenle kullan\u0131labilir.\",\"breadcrumb\":{\"@id\":\"https:\/\/www.peraavm.com\/index.php\/urun\/kulak-cubugu-200luk\/#breadcrumb\"},\"inLanguage\":\"tr\",\"potentialAction\":[{\"@type\":\"ReadAction\",\"target\":[\"https:\/\/www.peraavm.com\/index.php\/urun\/kulak-cubugu-200luk\/\"]}]},{\"@type\":\"ImageObject\",\"inLanguage\":\"tr\",\"@id\":\"https:\/\/www.peraavm.com\/index.php\/urun\/kulak-cubugu-200luk\/#primaryimage\",\"url\":\"https:\/\/www.peraavm.com\/wp-content\/uploads\/2026\/01\/324324234234.png\",\"contentUrl\":\"https:\/\/www.peraavm.com\/wp-content\/uploads\/2026\/01\/324324234234.png\",\"width\":886,\"height\":1049},{\"@type\":\"BreadcrumbList\",\"@id\":\"https:\/\/www.peraavm.com\/index.php\/urun\/kulak-cubugu-200luk\/#breadcrumb\",\"itemListElement\":[{\"@type\":\"ListItem\",\"position\":1,\"name\":\"Anasayfa\",\"item\":\"https:\/\/www.peraavm.com\/\"},{\"@type\":\"ListItem\",\"position\":2,\"name\":\"Magaza\",\"item\":\"https:\/\/www.peraavm.com\/index.php\/magaza\/\"},{\"@type\":\"ListItem\",\"position\":3,\"name\":\"Kulak \u00c7ubu\u011fu 200&#8217;l\u00fck\"}]},{\"@type\":\"WebSite\",\"@id\":\"https:\/\/www.peraavm.com\/#website\",\"url\":\"https:\/\/www.peraavm.com\/\",\"name\":\"Pratikmagazam.com\",\"description\":\"\",\"publisher\":{\"@id\":\"https:\/\/www.peraavm.com\/#organization\"},\"potentialAction\":[{\"@type\":\"SearchAction\",\"target\":{\"@type\":\"EntryPoint\",\"urlTemplate\":\"https:\/\/www.peraavm.com\/?s={search_term_string}\"},\"query-input\":{\"@type\":\"PropertyValueSpecification\",\"valueRequired\":true,\"valueName\":\"search_term_string\"}}],\"inLanguage\":\"tr\"},{\"@type\":\"Organization\",\"@id\":\"https:\/\/www.peraavm.com\/#organization\",\"name\":\"pratikmagazam.com\",\"url\":\"https:\/\/www.peraavm.com\/\",\"logo\":{\"@type\":\"ImageObject\",\"inLanguage\":\"tr\",\"@id\":\"https:\/\/www.peraavm.com\/#\/schema\/logo\/image\/\",\"url\":\"https:\/\/www.pratikmagazam.com\/wp-content\/uploads\/2021\/11\/Ekran-Resmi-2021-11-17-08.16.13.png\",\"contentUrl\":\"https:\/\/www.pratikmagazam.com\/wp-content\/uploads\/2021\/11\/Ekran-Resmi-2021-11-17-08.16.13.png\",\"width\":477,\"height\":135,\"caption\":\"pratikmagazam.com\"},\"image\":{\"@id\":\"https:\/\/www.peraavm.com\/#\/schema\/logo\/image\/\"},\"sameAs\":[\"https:\/\/instagram.com\/pratikmagazam?utm_medium=copy_link\"]}]}<\/script>\n<!-- \/ Yoast SEO plugin. -->","yoast_head_json":{"title":"Kulak \u00c7ubu\u011fu 200'l\u00fck |","description":"T\u00fcrkiye'de \u00fcretilen kulak \u00e7ubuklar\u0131, yerel \u00fcretim desteklenerek s\u00fcrd\u00fcr\u00fclebilir bir t\u00fcketim al\u0131\u015fkanl\u0131\u011f\u0131 olu\u015fturur.- 200'l\u00fck paket i\u00e7eri\u011fi sayesinde uzun s\u00fcreli kullan\u0131m imkan\u0131 sunar ve s\u0131k s\u0131k yenileme ihtiyac\u0131n\u0131 ortadan kald\u0131r\u0131r.- Y\u00fcksek kaliteli malzemeden \u00fcretilmi\u015f olup, kulak temizli\u011fi s\u0131ras\u0131nda g\u00fcvenle kullan\u0131labilir.","robots":{"index":"index","follow":"follow","max-snippet":"max-snippet:-1","max-image-preview":"max-image-preview:large","max-video-preview":"max-video-preview:-1"},"canonical":"https:\/\/www.peraavm.com\/index.php\/urun\/kulak-cubugu-200luk\/","og_locale":"tr_TR","og_type":"article","og_title":"Kulak \u00c7ubu\u011fu 200'l\u00fck |","og_description":"T\u00fcrkiye'de \u00fcretilen kulak \u00e7ubuklar\u0131, yerel \u00fcretim desteklenerek s\u00fcrd\u00fcr\u00fclebilir bir t\u00fcketim al\u0131\u015fkanl\u0131\u011f\u0131 olu\u015fturur.- 200'l\u00fck paket i\u00e7eri\u011fi sayesinde uzun s\u00fcreli kullan\u0131m imkan\u0131 sunar ve s\u0131k s\u0131k yenileme ihtiyac\u0131n\u0131 ortadan kald\u0131r\u0131r.- Y\u00fcksek kaliteli malzemeden \u00fcretilmi\u015f olup, kulak temizli\u011fi s\u0131ras\u0131nda g\u00fcvenle kullan\u0131labilir.","og_url":"https:\/\/www.peraavm.com\/index.php\/urun\/kulak-cubugu-200luk\/","og_image":[{"width":886,"height":1049,"url":"https:\/\/www.peraavm.com\/wp-content\/uploads\/2026\/01\/324324234234.png","type":"image\/png"}],"twitter_card":"summary_large_image","twitter_misc":{"Tahmini okuma s\u00fcresi":"1 dakika"},"schema":{"@context":"https:\/\/schema.org","@graph":[{"@type":"WebPage","@id":"https:\/\/www.peraavm.com\/index.php\/urun\/kulak-cubugu-200luk\/","url":"https:\/\/www.peraavm.com\/index.php\/urun\/kulak-cubugu-200luk\/","name":"Kulak \u00c7ubu\u011fu 200'l\u00fck |","isPartOf":{"@id":"https:\/\/www.peraavm.com\/#website"},"primaryImageOfPage":{"@id":"https:\/\/www.peraavm.com\/index.php\/urun\/kulak-cubugu-200luk\/#primaryimage"},"image":{"@id":"https:\/\/www.peraavm.com\/index.php\/urun\/kulak-cubugu-200luk\/#primaryimage"},"thumbnailUrl":"https:\/\/www.peraavm.com\/wp-content\/uploads\/2026\/01\/324324234234.png","datePublished":"2026-01-19T15:52:13+00:00","description":"T\u00fcrkiye'de \u00fcretilen kulak \u00e7ubuklar\u0131, yerel \u00fcretim desteklenerek s\u00fcrd\u00fcr\u00fclebilir bir t\u00fcketim al\u0131\u015fkanl\u0131\u011f\u0131 olu\u015fturur.- 200'l\u00fck paket i\u00e7eri\u011fi sayesinde uzun s\u00fcreli kullan\u0131m imkan\u0131 sunar ve s\u0131k s\u0131k yenileme ihtiyac\u0131n\u0131 ortadan kald\u0131r\u0131r.- Y\u00fcksek kaliteli malzemeden \u00fcretilmi\u015f olup, kulak temizli\u011fi s\u0131ras\u0131nda g\u00fcvenle kullan\u0131labilir.","breadcrumb":{"@id":"https:\/\/www.peraavm.com\/index.php\/urun\/kulak-cubugu-200luk\/#breadcrumb"},"inLanguage":"tr","potentialAction":[{"@type":"ReadAction","target":["https:\/\/www.peraavm.com\/index.php\/urun\/kulak-cubugu-200luk\/"]}]},{"@type":"ImageObject","inLanguage":"tr","@id":"https:\/\/www.peraavm.com\/index.php\/urun\/kulak-cubugu-200luk\/#primaryimage","url":"https:\/\/www.peraavm.com\/wp-content\/uploads\/2026\/01\/324324234234.png","contentUrl":"https:\/\/www.peraavm.com\/wp-content\/uploads\/2026\/01\/324324234234.png","width":886,"height":1049},{"@type":"BreadcrumbList","@id":"https:\/\/www.peraavm.com\/index.php\/urun\/kulak-cubugu-200luk\/#breadcrumb","itemListElement":[{"@type":"ListItem","position":1,"name":"Anasayfa","item":"https:\/\/www.peraavm.com\/"},{"@type":"ListItem","position":2,"name":"Magaza","item":"https:\/\/www.peraavm.com\/index.php\/magaza\/"},{"@type":"ListItem","position":3,"name":"Kulak \u00c7ubu\u011fu 200&#8217;l\u00fck"}]},{"@type":"WebSite","@id":"https:\/\/www.peraavm.com\/#website","url":"https:\/\/www.peraavm.com\/","name":"Pratikmagazam.com","description":"","publisher":{"@id":"https:\/\/www.peraavm.com\/#organization"},"potentialAction":[{"@type":"SearchAction","target":{"@type":"EntryPoint","urlTemplate":"https:\/\/www.peraavm.com\/?s={search_term_string}"},"query-input":{"@type":"PropertyValueSpecification","valueRequired":true,"valueName":"search_term_string"}}],"inLanguage":"tr"},{"@type":"Organization","@id":"https:\/\/www.peraavm.com\/#organization","name":"pratikmagazam.com","url":"https:\/\/www.peraavm.com\/","logo":{"@type":"ImageObject","inLanguage":"tr","@id":"https:\/\/www.peraavm.com\/#\/schema\/logo\/image\/","url":"https:\/\/www.pratikmagazam.com\/wp-content\/uploads\/2021\/11\/Ekran-Resmi-2021-11-17-08.16.13.png","contentUrl":"https:\/\/www.pratikmagazam.com\/wp-content\/uploads\/2021\/11\/Ekran-Resmi-2021-11-17-08.16.13.png","width":477,"height":135,"caption":"pratikmagazam.com"},"image":{"@id":"https:\/\/www.peraavm.com\/#\/schema\/logo\/image\/"},"sameAs":["https:\/\/instagram.com\/pratikmagazam?utm_medium=copy_link"]}]}},"_links":{"self":[{"href":"https:\/\/www.peraavm.com\/index.php\/wp-json\/wp\/v2\/product\/3080","targetHints":{"allow":["GET"]}}],"collection":[{"href":"https:\/\/www.peraavm.com\/index.php\/wp-json\/wp\/v2\/product"}],"about":[{"href":"https:\/\/www.peraavm.com\/index.php\/wp-json\/wp\/v2\/types\/product"}],"replies":[{"embeddable":true,"href":"https:\/\/www.peraavm.com\/index.php\/wp-json\/wp\/v2\/comments?post=3080"}],"wp:featuredmedia":[{"embeddable":true,"href":"https:\/\/www.peraavm.com\/index.php\/wp-json\/wp\/v2\/media\/3081"}],"wp:attachment":[{"href":"https:\/\/www.peraavm.com\/index.php\/wp-json\/wp\/v2\/media?parent=3080"}],"wp:term":[{"taxonomy":"product_brand","embeddable":true,"href":"https:\/\/www.peraavm.com\/index.php\/wp-json\/wp\/v2\/product_brand?post=3080"},{"taxonomy":"product_cat","embeddable":true,"href":"https:\/\/www.peraavm.com\/index.php\/wp-json\/wp\/v2\/product_cat?post=3080"},{"taxonomy":"product_tag","embeddable":true,"href":"https:\/\/www.peraavm.com\/index.php\/wp-json\/wp\/v2\/product_tag?post=3080"}],"curies":[{"name":"wp","href":"https:\/\/api.w.org\/{rel}","templated":true}]}}