{"id":3151,"date":"2026-01-21T12:53:32","date_gmt":"2026-01-21T12:53:32","guid":{"rendered":"https:\/\/www.peraavm.com\/?post_type=product&#038;p=3151"},"modified":"2026-01-21T12:53:32","modified_gmt":"2026-01-21T12:53:32","slug":"buyuk-sapli-beyaz-kesme-panosu-28x22cm","status":"publish","type":"product","link":"https:\/\/www.peraavm.com\/index.php\/urun\/buyuk-sapli-beyaz-kesme-panosu-28x22cm\/","title":{"rendered":"B\u00fcy\u00fck Sapl\u0131 Beyaz Kesme Panosu ( 28X22CM)"},"content":{"rendered":"<div><b>&#8211; T\u00fcrkiye&#8217;de \u00fcretilmi\u015ftir, yerel \u00fcretim kalitesini sofralar\u0131n\u0131za ta\u015f\u0131r. &#8211; Esnek ve dayan\u0131kl\u0131 silikon materyalden \u00fcretilmi\u015ftir, uzun \u00f6m\u00fcrl\u00fc kullan\u0131m sunar. &#8211; B\u00fcy\u00fck boyutu sayesinde geni\u015f kesim alan\u0131na sahiptir, b\u00fcy\u00fck miktarlardaki yiyecekleri kolayca kesmenize olanak tan\u0131r. &#8211; Beyaz renkli tasar\u0131m\u0131yla mutfak dekorasyonunuza \u015f\u0131k bir dokunu\u015f katar. &#8211; Kolay temizlenebilir y\u00fczeyi sayesinde hijyenik bir kullan\u0131m sa\u011flar.<\/b><b><\/b><b><\/b><\/div>\n<p><b>&#8211; Hafif ve dayan\u0131kl\u0131 plastik malzeme kullan\u0131larak \u00fcretilmi\u015f, kolay ta\u015f\u0131nabilir ve uzun \u00f6m\u00fcrl\u00fc bir kesme tahtas\u0131d\u0131r<\/b><b><br \/>\n<\/b><\/p>\n<p><b>&#8211; K\u00fc\u00e7\u00fck boyutu sayesinde mutfakta yer kaplamaz ve saklama kolayl\u0131\u011f\u0131 sa\u011flar<\/b><b><br \/>\n<\/b><\/p>\n<p><b>&#8211; Keskin b\u0131\u00e7aklarla uyumlu yap\u0131s\u0131 ile \u00e7e\u015fitli yiyecekleri rahat\u00e7a dilimleme imkan\u0131 sunar<\/b><b><br \/>\n<\/b><\/p>\n<p><b>&#8211; Bula\u015f\u0131k makinesinde y\u0131kanabilir olmas\u0131, temizli\u011fi pratik ve h\u0131zl\u0131 bir \u015fekilde yapman\u0131z\u0131 sa\u011flar<\/b><b><br \/>\n<\/b><\/p>\n<div>( 28X22CM)<\/div>\n","protected":false},"excerpt":{"rendered":"<p><b>&#8211; Hafif ve dayan\u0131kl\u0131 plastik malzeme kullan\u0131larak \u00fcretilmi\u015f, kolay ta\u015f\u0131nabilir ve uzun \u00f6m\u00fcrl\u00fc bir kesme tahtas\u0131d\u0131r<\/b><b><br \/>\n<\/b><\/p>\n<p><b>&#8211; K\u00fc\u00e7\u00fck boyutu sayesinde mutfakta yer kaplamaz ve saklama kolayl\u0131\u011f\u0131 sa\u011flar<\/b><b><br \/>\n<\/b><\/p>\n<p><b>&#8211; Keskin b\u0131\u00e7aklarla uyumlu yap\u0131s\u0131 ile \u00e7e\u015fitli yiyecekleri rahat\u00e7a dilimleme imkan\u0131 sunar<\/b><b><br \/>\n<\/b><\/p>\n<p><b>&#8211; Bula\u015f\u0131k makinesinde y\u0131kanabilir olmas\u0131, temizli\u011fi pratik ve h\u0131zl\u0131 bir \u015fekilde yapman\u0131z\u0131 sa\u011flar<\/b><b><br \/>\n<\/b><\/p>\n<div>( 28X22CM)<\/div>\n","protected":false},"featured_media":3152,"comment_status":"open","ping_status":"closed","template":"","meta":[],"product_brand":[],"product_cat":[29,15],"product_tag":[],"class_list":{"0":"post-3151","1":"product","2":"type-product","3":"status-publish","4":"has-post-thumbnail","6":"product_cat-mutfak-gerecleri","7":"product_cat-tum-urunler","9":"first","10":"instock","11":"sale","12":"taxable","13":"shipping-taxable","14":"purchasable","15":"product-type-simple"},"yoast_head":"<!-- This site is optimized with the Yoast SEO plugin v27.2 - https:\/\/yoast.com\/product\/yoast-seo-wordpress\/ -->\n<title>B\u00fcy\u00fck Sapl\u0131 Beyaz Kesme Panosu ( 28X22CM) |<\/title>\n<meta name=\"description\" content=\"- Hafif ve dayan\u0131kl\u0131 plastik malzeme kullan\u0131larak \u00fcretilmi\u015f, kolay ta\u015f\u0131nabilir ve uzun \u00f6m\u00fcrl\u00fc bir kesme tahtas\u0131d\u0131r- K\u00fc\u00e7\u00fck boyutu sayesinde mutfakta yer kaplamaz ve saklama kolayl\u0131\u011f\u0131 sa\u011flar- Keskin b\u0131\u00e7aklarla uyumlu yap\u0131s\u0131 ile \u00e7e\u015fitli yiyecekleri rahat\u00e7a dilimleme imkan\u0131 sunar- Bula\u015f\u0131k makinesinde y\u0131kanabilir olmas\u0131, temizli\u011fi pratik ve h\u0131zl\u0131 bir \u015fekilde yapman\u0131z\u0131 sa\u011flar( 28X22CM)\" \/>\n<meta name=\"robots\" content=\"index, follow, max-snippet:-1, max-image-preview:large, max-video-preview:-1\" \/>\n<link rel=\"canonical\" href=\"https:\/\/www.peraavm.com\/index.php\/urun\/buyuk-sapli-beyaz-kesme-panosu-28x22cm\/\" \/>\n<meta property=\"og:locale\" content=\"tr_TR\" \/>\n<meta property=\"og:type\" content=\"article\" \/>\n<meta property=\"og:title\" content=\"B\u00fcy\u00fck Sapl\u0131 Beyaz Kesme Panosu ( 28X22CM) |\" \/>\n<meta property=\"og:description\" content=\"- Hafif ve dayan\u0131kl\u0131 plastik malzeme kullan\u0131larak \u00fcretilmi\u015f, kolay ta\u015f\u0131nabilir ve uzun \u00f6m\u00fcrl\u00fc bir kesme tahtas\u0131d\u0131r- K\u00fc\u00e7\u00fck boyutu sayesinde mutfakta yer kaplamaz ve saklama kolayl\u0131\u011f\u0131 sa\u011flar- Keskin b\u0131\u00e7aklarla uyumlu yap\u0131s\u0131 ile \u00e7e\u015fitli yiyecekleri rahat\u00e7a dilimleme imkan\u0131 sunar- Bula\u015f\u0131k makinesinde y\u0131kanabilir olmas\u0131, temizli\u011fi pratik ve h\u0131zl\u0131 bir \u015fekilde yapman\u0131z\u0131 sa\u011flar( 28X22CM)\" \/>\n<meta property=\"og:url\" content=\"https:\/\/www.peraavm.com\/index.php\/urun\/buyuk-sapli-beyaz-kesme-panosu-28x22cm\/\" \/>\n<meta property=\"og:image\" content=\"https:\/\/www.peraavm.com\/wp-content\/uploads\/2026\/01\/44444444.png\" \/>\n\t<meta property=\"og:image:width\" content=\"398\" \/>\n\t<meta property=\"og:image:height\" content=\"472\" \/>\n\t<meta property=\"og:image:type\" content=\"image\/png\" \/>\n<meta name=\"twitter:card\" content=\"summary_large_image\" \/>\n<meta name=\"twitter:label1\" content=\"Tahmini okuma s\u00fcresi\" \/>\n\t<meta name=\"twitter:data1\" content=\"1 dakika\" \/>\n<script type=\"application\/ld+json\" class=\"yoast-schema-graph\">{\"@context\":\"https:\/\/schema.org\",\"@graph\":[{\"@type\":\"WebPage\",\"@id\":\"https:\/\/www.peraavm.com\/index.php\/urun\/buyuk-sapli-beyaz-kesme-panosu-28x22cm\/\",\"url\":\"https:\/\/www.peraavm.com\/index.php\/urun\/buyuk-sapli-beyaz-kesme-panosu-28x22cm\/\",\"name\":\"B\u00fcy\u00fck Sapl\u0131 Beyaz Kesme Panosu ( 28X22CM) |\",\"isPartOf\":{\"@id\":\"https:\/\/www.peraavm.com\/#website\"},\"primaryImageOfPage\":{\"@id\":\"https:\/\/www.peraavm.com\/index.php\/urun\/buyuk-sapli-beyaz-kesme-panosu-28x22cm\/#primaryimage\"},\"image\":{\"@id\":\"https:\/\/www.peraavm.com\/index.php\/urun\/buyuk-sapli-beyaz-kesme-panosu-28x22cm\/#primaryimage\"},\"thumbnailUrl\":\"https:\/\/www.peraavm.com\/wp-content\/uploads\/2026\/01\/44444444.png\",\"datePublished\":\"2026-01-21T12:53:32+00:00\",\"description\":\"- Hafif ve dayan\u0131kl\u0131 plastik malzeme kullan\u0131larak \u00fcretilmi\u015f, kolay ta\u015f\u0131nabilir ve uzun \u00f6m\u00fcrl\u00fc bir kesme tahtas\u0131d\u0131r- K\u00fc\u00e7\u00fck boyutu sayesinde mutfakta yer kaplamaz ve saklama kolayl\u0131\u011f\u0131 sa\u011flar- Keskin b\u0131\u00e7aklarla uyumlu yap\u0131s\u0131 ile \u00e7e\u015fitli yiyecekleri rahat\u00e7a dilimleme imkan\u0131 sunar- Bula\u015f\u0131k makinesinde y\u0131kanabilir olmas\u0131, temizli\u011fi pratik ve h\u0131zl\u0131 bir \u015fekilde yapman\u0131z\u0131 sa\u011flar( 28X22CM)\",\"breadcrumb\":{\"@id\":\"https:\/\/www.peraavm.com\/index.php\/urun\/buyuk-sapli-beyaz-kesme-panosu-28x22cm\/#breadcrumb\"},\"inLanguage\":\"tr\",\"potentialAction\":[{\"@type\":\"ReadAction\",\"target\":[\"https:\/\/www.peraavm.com\/index.php\/urun\/buyuk-sapli-beyaz-kesme-panosu-28x22cm\/\"]}]},{\"@type\":\"ImageObject\",\"inLanguage\":\"tr\",\"@id\":\"https:\/\/www.peraavm.com\/index.php\/urun\/buyuk-sapli-beyaz-kesme-panosu-28x22cm\/#primaryimage\",\"url\":\"https:\/\/www.peraavm.com\/wp-content\/uploads\/2026\/01\/44444444.png\",\"contentUrl\":\"https:\/\/www.peraavm.com\/wp-content\/uploads\/2026\/01\/44444444.png\",\"width\":398,\"height\":472},{\"@type\":\"BreadcrumbList\",\"@id\":\"https:\/\/www.peraavm.com\/index.php\/urun\/buyuk-sapli-beyaz-kesme-panosu-28x22cm\/#breadcrumb\",\"itemListElement\":[{\"@type\":\"ListItem\",\"position\":1,\"name\":\"Anasayfa\",\"item\":\"https:\/\/www.peraavm.com\/\"},{\"@type\":\"ListItem\",\"position\":2,\"name\":\"Magaza\",\"item\":\"https:\/\/www.peraavm.com\/index.php\/magaza\/\"},{\"@type\":\"ListItem\",\"position\":3,\"name\":\"B\u00fcy\u00fck Sapl\u0131 Beyaz Kesme Panosu ( 28X22CM)\"}]},{\"@type\":\"WebSite\",\"@id\":\"https:\/\/www.peraavm.com\/#website\",\"url\":\"https:\/\/www.peraavm.com\/\",\"name\":\"Pratikmagazam.com\",\"description\":\"\",\"publisher\":{\"@id\":\"https:\/\/www.peraavm.com\/#organization\"},\"potentialAction\":[{\"@type\":\"SearchAction\",\"target\":{\"@type\":\"EntryPoint\",\"urlTemplate\":\"https:\/\/www.peraavm.com\/?s={search_term_string}\"},\"query-input\":{\"@type\":\"PropertyValueSpecification\",\"valueRequired\":true,\"valueName\":\"search_term_string\"}}],\"inLanguage\":\"tr\"},{\"@type\":\"Organization\",\"@id\":\"https:\/\/www.peraavm.com\/#organization\",\"name\":\"pratikmagazam.com\",\"url\":\"https:\/\/www.peraavm.com\/\",\"logo\":{\"@type\":\"ImageObject\",\"inLanguage\":\"tr\",\"@id\":\"https:\/\/www.peraavm.com\/#\/schema\/logo\/image\/\",\"url\":\"https:\/\/www.pratikmagazam.com\/wp-content\/uploads\/2021\/11\/Ekran-Resmi-2021-11-17-08.16.13.png\",\"contentUrl\":\"https:\/\/www.pratikmagazam.com\/wp-content\/uploads\/2021\/11\/Ekran-Resmi-2021-11-17-08.16.13.png\",\"width\":477,\"height\":135,\"caption\":\"pratikmagazam.com\"},\"image\":{\"@id\":\"https:\/\/www.peraavm.com\/#\/schema\/logo\/image\/\"},\"sameAs\":[\"https:\/\/instagram.com\/pratikmagazam?utm_medium=copy_link\"]}]}<\/script>\n<!-- \/ Yoast SEO plugin. -->","yoast_head_json":{"title":"B\u00fcy\u00fck Sapl\u0131 Beyaz Kesme Panosu ( 28X22CM) |","description":"- Hafif ve dayan\u0131kl\u0131 plastik malzeme kullan\u0131larak \u00fcretilmi\u015f, kolay ta\u015f\u0131nabilir ve uzun \u00f6m\u00fcrl\u00fc bir kesme tahtas\u0131d\u0131r- K\u00fc\u00e7\u00fck boyutu sayesinde mutfakta yer kaplamaz ve saklama kolayl\u0131\u011f\u0131 sa\u011flar- Keskin b\u0131\u00e7aklarla uyumlu yap\u0131s\u0131 ile \u00e7e\u015fitli yiyecekleri rahat\u00e7a dilimleme imkan\u0131 sunar- Bula\u015f\u0131k makinesinde y\u0131kanabilir olmas\u0131, temizli\u011fi pratik ve h\u0131zl\u0131 bir \u015fekilde yapman\u0131z\u0131 sa\u011flar( 28X22CM)","robots":{"index":"index","follow":"follow","max-snippet":"max-snippet:-1","max-image-preview":"max-image-preview:large","max-video-preview":"max-video-preview:-1"},"canonical":"https:\/\/www.peraavm.com\/index.php\/urun\/buyuk-sapli-beyaz-kesme-panosu-28x22cm\/","og_locale":"tr_TR","og_type":"article","og_title":"B\u00fcy\u00fck Sapl\u0131 Beyaz Kesme Panosu ( 28X22CM) |","og_description":"- Hafif ve dayan\u0131kl\u0131 plastik malzeme kullan\u0131larak \u00fcretilmi\u015f, kolay ta\u015f\u0131nabilir ve uzun \u00f6m\u00fcrl\u00fc bir kesme tahtas\u0131d\u0131r- K\u00fc\u00e7\u00fck boyutu sayesinde mutfakta yer kaplamaz ve saklama kolayl\u0131\u011f\u0131 sa\u011flar- Keskin b\u0131\u00e7aklarla uyumlu yap\u0131s\u0131 ile \u00e7e\u015fitli yiyecekleri rahat\u00e7a dilimleme imkan\u0131 sunar- Bula\u015f\u0131k makinesinde y\u0131kanabilir olmas\u0131, temizli\u011fi pratik ve h\u0131zl\u0131 bir \u015fekilde yapman\u0131z\u0131 sa\u011flar( 28X22CM)","og_url":"https:\/\/www.peraavm.com\/index.php\/urun\/buyuk-sapli-beyaz-kesme-panosu-28x22cm\/","og_image":[{"width":398,"height":472,"url":"https:\/\/www.peraavm.com\/wp-content\/uploads\/2026\/01\/44444444.png","type":"image\/png"}],"twitter_card":"summary_large_image","twitter_misc":{"Tahmini okuma s\u00fcresi":"1 dakika"},"schema":{"@context":"https:\/\/schema.org","@graph":[{"@type":"WebPage","@id":"https:\/\/www.peraavm.com\/index.php\/urun\/buyuk-sapli-beyaz-kesme-panosu-28x22cm\/","url":"https:\/\/www.peraavm.com\/index.php\/urun\/buyuk-sapli-beyaz-kesme-panosu-28x22cm\/","name":"B\u00fcy\u00fck Sapl\u0131 Beyaz Kesme Panosu ( 28X22CM) |","isPartOf":{"@id":"https:\/\/www.peraavm.com\/#website"},"primaryImageOfPage":{"@id":"https:\/\/www.peraavm.com\/index.php\/urun\/buyuk-sapli-beyaz-kesme-panosu-28x22cm\/#primaryimage"},"image":{"@id":"https:\/\/www.peraavm.com\/index.php\/urun\/buyuk-sapli-beyaz-kesme-panosu-28x22cm\/#primaryimage"},"thumbnailUrl":"https:\/\/www.peraavm.com\/wp-content\/uploads\/2026\/01\/44444444.png","datePublished":"2026-01-21T12:53:32+00:00","description":"- Hafif ve dayan\u0131kl\u0131 plastik malzeme kullan\u0131larak \u00fcretilmi\u015f, kolay ta\u015f\u0131nabilir ve uzun \u00f6m\u00fcrl\u00fc bir kesme tahtas\u0131d\u0131r- K\u00fc\u00e7\u00fck boyutu sayesinde mutfakta yer kaplamaz ve saklama kolayl\u0131\u011f\u0131 sa\u011flar- Keskin b\u0131\u00e7aklarla uyumlu yap\u0131s\u0131 ile \u00e7e\u015fitli yiyecekleri rahat\u00e7a dilimleme imkan\u0131 sunar- Bula\u015f\u0131k makinesinde y\u0131kanabilir olmas\u0131, temizli\u011fi pratik ve h\u0131zl\u0131 bir \u015fekilde yapman\u0131z\u0131 sa\u011flar( 28X22CM)","breadcrumb":{"@id":"https:\/\/www.peraavm.com\/index.php\/urun\/buyuk-sapli-beyaz-kesme-panosu-28x22cm\/#breadcrumb"},"inLanguage":"tr","potentialAction":[{"@type":"ReadAction","target":["https:\/\/www.peraavm.com\/index.php\/urun\/buyuk-sapli-beyaz-kesme-panosu-28x22cm\/"]}]},{"@type":"ImageObject","inLanguage":"tr","@id":"https:\/\/www.peraavm.com\/index.php\/urun\/buyuk-sapli-beyaz-kesme-panosu-28x22cm\/#primaryimage","url":"https:\/\/www.peraavm.com\/wp-content\/uploads\/2026\/01\/44444444.png","contentUrl":"https:\/\/www.peraavm.com\/wp-content\/uploads\/2026\/01\/44444444.png","width":398,"height":472},{"@type":"BreadcrumbList","@id":"https:\/\/www.peraavm.com\/index.php\/urun\/buyuk-sapli-beyaz-kesme-panosu-28x22cm\/#breadcrumb","itemListElement":[{"@type":"ListItem","position":1,"name":"Anasayfa","item":"https:\/\/www.peraavm.com\/"},{"@type":"ListItem","position":2,"name":"Magaza","item":"https:\/\/www.peraavm.com\/index.php\/magaza\/"},{"@type":"ListItem","position":3,"name":"B\u00fcy\u00fck Sapl\u0131 Beyaz Kesme Panosu ( 28X22CM)"}]},{"@type":"WebSite","@id":"https:\/\/www.peraavm.com\/#website","url":"https:\/\/www.peraavm.com\/","name":"Pratikmagazam.com","description":"","publisher":{"@id":"https:\/\/www.peraavm.com\/#organization"},"potentialAction":[{"@type":"SearchAction","target":{"@type":"EntryPoint","urlTemplate":"https:\/\/www.peraavm.com\/?s={search_term_string}"},"query-input":{"@type":"PropertyValueSpecification","valueRequired":true,"valueName":"search_term_string"}}],"inLanguage":"tr"},{"@type":"Organization","@id":"https:\/\/www.peraavm.com\/#organization","name":"pratikmagazam.com","url":"https:\/\/www.peraavm.com\/","logo":{"@type":"ImageObject","inLanguage":"tr","@id":"https:\/\/www.peraavm.com\/#\/schema\/logo\/image\/","url":"https:\/\/www.pratikmagazam.com\/wp-content\/uploads\/2021\/11\/Ekran-Resmi-2021-11-17-08.16.13.png","contentUrl":"https:\/\/www.pratikmagazam.com\/wp-content\/uploads\/2021\/11\/Ekran-Resmi-2021-11-17-08.16.13.png","width":477,"height":135,"caption":"pratikmagazam.com"},"image":{"@id":"https:\/\/www.peraavm.com\/#\/schema\/logo\/image\/"},"sameAs":["https:\/\/instagram.com\/pratikmagazam?utm_medium=copy_link"]}]}},"_links":{"self":[{"href":"https:\/\/www.peraavm.com\/index.php\/wp-json\/wp\/v2\/product\/3151","targetHints":{"allow":["GET"]}}],"collection":[{"href":"https:\/\/www.peraavm.com\/index.php\/wp-json\/wp\/v2\/product"}],"about":[{"href":"https:\/\/www.peraavm.com\/index.php\/wp-json\/wp\/v2\/types\/product"}],"replies":[{"embeddable":true,"href":"https:\/\/www.peraavm.com\/index.php\/wp-json\/wp\/v2\/comments?post=3151"}],"wp:featuredmedia":[{"embeddable":true,"href":"https:\/\/www.peraavm.com\/index.php\/wp-json\/wp\/v2\/media\/3152"}],"wp:attachment":[{"href":"https:\/\/www.peraavm.com\/index.php\/wp-json\/wp\/v2\/media?parent=3151"}],"wp:term":[{"taxonomy":"product_brand","embeddable":true,"href":"https:\/\/www.peraavm.com\/index.php\/wp-json\/wp\/v2\/product_brand?post=3151"},{"taxonomy":"product_cat","embeddable":true,"href":"https:\/\/www.peraavm.com\/index.php\/wp-json\/wp\/v2\/product_cat?post=3151"},{"taxonomy":"product_tag","embeddable":true,"href":"https:\/\/www.peraavm.com\/index.php\/wp-json\/wp\/v2\/product_tag?post=3151"}],"curies":[{"name":"wp","href":"https:\/\/api.w.org\/{rel}","templated":true}]}}