{"id":723,"date":"2021-11-24T11:48:23","date_gmt":"2021-11-24T11:48:23","guid":{"rendered":"https:\/\/www.pratikmagazam.com\/?post_type=product&#038;p=723"},"modified":"2026-01-17T12:07:46","modified_gmt":"2026-01-17T12:07:46","slug":"dijital-hassas-mutfak-tartisi-hassas-olcum-1-gram-10-kg-kapasiteli","status":"publish","type":"product","link":"https:\/\/www.peraavm.com\/index.php\/urun\/dijital-hassas-mutfak-tartisi-hassas-olcum-1-gram-10-kg-kapasiteli\/","title":{"rendered":"Dijital Hassas Mutfak Tart\u0131s\u0131 Hassas \u00d6l\u00e7\u00fcm 1 Gram 10 Kg Kapasiteli"},"content":{"rendered":"<ul class=\"detail-desc-list\">\n<li class=\"detail-desc-item\">Dijital Hassas Mutfak Tart\u0131s\u0131 Mutfak Terazisi 0,1 Gram Hassasiyet 10 K\u011f Kald\u0131rma Kapasiteli 10 k\u011f kald\u0131rma kapasiteli Mutfak Terazisi 2 Adet Kalem pil ile \u00e7al\u0131\u015fmaktad\u0131r \u00dcr\u00fcn \u00d6zellikleri: Y\u00fcksek hassasiyetler donat\u0131lm\u0131\u015f gerilim \u00f6l\u00e7er sens\u00f6r 10.000 Gram \u00d6l\u00e7\u00fcm Kapasitesi 0,6&#8243; LCD Ekran Otomatik S\u0131f\u0131rlama Otomatik Anahtar Kapama D\u00fc\u015f\u00fck Pil G\u00f6stergesi A\u015f\u0131r\u0131 Y\u00fck G\u00f6stergesi Dara alma \u00f6zelli\u011fi ile \u00f6l\u00e7ek ya da kap a\u011f\u0131rl\u0131klar\u0131n\u0131 tart\u0131m sonucundan ay\u0131rma \u00dcr\u00fcn \u00d6l\u00e7\u00fcleri: Boy: 24cm En: 17 cm Y\u00fckseklik: 4cm Tart\u0131 Yar\u0131\u00e7ap\u0131: 7,2cm Orjinal \u00dcr\u00fcn olup ayn\u0131 g\u00fcn g\u00f6nderim imkan\u0131.<\/li>\n<\/ul>\n","protected":false},"excerpt":{"rendered":"<ul>\n<li>Dijital Hassas Mutfak Tart\u0131s\u0131 Mutfak Terazisi 0,1 Gram Hassasiyet 10 K\u011f Kald\u0131rma Kapasiteli 10 k\u011f kald\u0131rma kapasiteli Mutfak Terazisi 2 Adet Kalem pil ile \u00e7al\u0131\u015fmaktad\u0131r \u00dcr\u00fcn \u00d6zellikleri: Y\u00fcksek hassasiyetler donat\u0131lm\u0131\u015f gerilim \u00f6l\u00e7er sens\u00f6r 10.000 Gram \u00d6l\u00e7\u00fcm Kapasitesi 0,6&#8243; LCD Ekran Otomatik S\u0131f\u0131rlama Otomatik Anahtar Kapama D\u00fc\u015f\u00fck Pil G\u00f6stergesi A\u015f\u0131r\u0131 Y\u00fck G\u00f6stergesi Dara alma \u00f6zelli\u011fi ile \u00f6l\u00e7ek ya da kap a\u011f\u0131rl\u0131klar\u0131n\u0131 tart\u0131m sonucundan ay\u0131rma \u00dcr\u00fcn \u00d6l\u00e7\u00fcleri: Boy: 24cm En: 17 cm Y\u00fckseklik: 4cm Tart\u0131 Yar\u0131\u00e7ap\u0131: 7,2cm Orjinal \u00dcr\u00fcn olup ayn\u0131 g\u00fcn g\u00f6nderim imkan\u0131.<\/li>\n<\/ul>\n","protected":false},"featured_media":724,"comment_status":"open","ping_status":"closed","template":"","meta":[],"product_brand":[],"product_cat":[34,37,29,15],"product_tag":[],"class_list":{"0":"post-723","1":"product","2":"type-product","3":"status-publish","4":"has-post-thumbnail","6":"product_cat-elektronik","7":"product_cat-ev-gerecleri","8":"product_cat-mutfak-gerecleri","9":"product_cat-tum-urunler","11":"first","12":"instock","13":"sale","14":"taxable","15":"shipping-taxable","16":"purchasable","17":"product-type-simple"},"yoast_head":"<!-- This site is optimized with the Yoast SEO plugin v27.2 - https:\/\/yoast.com\/product\/yoast-seo-wordpress\/ -->\n<title>Dijital Hassas Mutfak Tart\u0131s\u0131 Hassas \u00d6l\u00e7\u00fcm 1 Gram 10 Kg Kapasiteli |<\/title>\n<meta name=\"description\" content=\"Dijital Hassas Mutfak Tart\u0131s\u0131 Mutfak Terazisi 0,1 Gram Hassasiyet 10 K\u011f Kald\u0131rma Kapasiteli 10 k\u011f kald\u0131rma kapasiteli Mutfak Terazisi 2 Adet Kalem pil ile \u00e7al\u0131\u015fmaktad\u0131r \u00dcr\u00fcn \u00d6zellikleri: Y\u00fcksek hassasiyetler donat\u0131lm\u0131\u015f gerilim \u00f6l\u00e7er sens\u00f6r 10.000 Gram \u00d6l\u00e7\u00fcm Kapasitesi 0,6&quot; LCD Ekran Otomatik S\u0131f\u0131rlama Otomatik Anahtar Kapama D\u00fc\u015f\u00fck Pil G\u00f6stergesi A\u015f\u0131r\u0131 Y\u00fck G\u00f6stergesi Dara alma \u00f6zelli\u011fi ile \u00f6l\u00e7ek ya da kap a\u011f\u0131rl\u0131klar\u0131n\u0131 tart\u0131m sonucundan ay\u0131rma \u00dcr\u00fcn \u00d6l\u00e7\u00fcleri: Boy: 24cm En: 17 cm Y\u00fckseklik: 4cm Tart\u0131 Yar\u0131\u00e7ap\u0131: 7,2cm Orjinal \u00dcr\u00fcn olup ayn\u0131 g\u00fcn g\u00f6nderim imkan\u0131.\" \/>\n<meta name=\"robots\" content=\"index, follow, max-snippet:-1, max-image-preview:large, max-video-preview:-1\" \/>\n<link rel=\"canonical\" href=\"https:\/\/www.peraavm.com\/index.php\/urun\/dijital-hassas-mutfak-tartisi-hassas-olcum-1-gram-10-kg-kapasiteli\/\" \/>\n<meta property=\"og:locale\" content=\"tr_TR\" \/>\n<meta property=\"og:type\" content=\"article\" \/>\n<meta property=\"og:title\" content=\"Dijital Hassas Mutfak Tart\u0131s\u0131 Hassas \u00d6l\u00e7\u00fcm 1 Gram 10 Kg Kapasiteli |\" \/>\n<meta property=\"og:description\" content=\"Dijital Hassas Mutfak Tart\u0131s\u0131 Mutfak Terazisi 0,1 Gram Hassasiyet 10 K\u011f Kald\u0131rma Kapasiteli 10 k\u011f kald\u0131rma kapasiteli Mutfak Terazisi 2 Adet Kalem pil ile \u00e7al\u0131\u015fmaktad\u0131r \u00dcr\u00fcn \u00d6zellikleri: Y\u00fcksek hassasiyetler donat\u0131lm\u0131\u015f gerilim \u00f6l\u00e7er sens\u00f6r 10.000 Gram \u00d6l\u00e7\u00fcm Kapasitesi 0,6&quot; LCD Ekran Otomatik S\u0131f\u0131rlama Otomatik Anahtar Kapama D\u00fc\u015f\u00fck Pil G\u00f6stergesi A\u015f\u0131r\u0131 Y\u00fck G\u00f6stergesi Dara alma \u00f6zelli\u011fi ile \u00f6l\u00e7ek ya da kap a\u011f\u0131rl\u0131klar\u0131n\u0131 tart\u0131m sonucundan ay\u0131rma \u00dcr\u00fcn \u00d6l\u00e7\u00fcleri: Boy: 24cm En: 17 cm Y\u00fckseklik: 4cm Tart\u0131 Yar\u0131\u00e7ap\u0131: 7,2cm Orjinal \u00dcr\u00fcn olup ayn\u0131 g\u00fcn g\u00f6nderim imkan\u0131.\" \/>\n<meta property=\"og:url\" content=\"https:\/\/www.peraavm.com\/index.php\/urun\/dijital-hassas-mutfak-tartisi-hassas-olcum-1-gram-10-kg-kapasiteli\/\" \/>\n<meta property=\"article:modified_time\" content=\"2026-01-17T12:07:46+00:00\" \/>\n<meta property=\"og:image\" content=\"https:\/\/www.peraavm.com\/wp-content\/uploads\/2021\/11\/232434234.jpg\" \/>\n\t<meta property=\"og:image:width\" content=\"300\" \/>\n\t<meta property=\"og:image:height\" content=\"300\" \/>\n\t<meta property=\"og:image:type\" content=\"image\/jpeg\" \/>\n<meta name=\"twitter:card\" content=\"summary_large_image\" \/>\n<meta name=\"twitter:label1\" content=\"Tahmini okuma s\u00fcresi\" \/>\n\t<meta name=\"twitter:data1\" content=\"1 dakika\" \/>\n<script type=\"application\/ld+json\" class=\"yoast-schema-graph\">{\"@context\":\"https:\/\/schema.org\",\"@graph\":[{\"@type\":\"WebPage\",\"@id\":\"https:\/\/www.peraavm.com\/index.php\/urun\/dijital-hassas-mutfak-tartisi-hassas-olcum-1-gram-10-kg-kapasiteli\/\",\"url\":\"https:\/\/www.peraavm.com\/index.php\/urun\/dijital-hassas-mutfak-tartisi-hassas-olcum-1-gram-10-kg-kapasiteli\/\",\"name\":\"Dijital Hassas Mutfak Tart\u0131s\u0131 Hassas \u00d6l\u00e7\u00fcm 1 Gram 10 Kg Kapasiteli |\",\"isPartOf\":{\"@id\":\"https:\/\/www.peraavm.com\/#website\"},\"primaryImageOfPage\":{\"@id\":\"https:\/\/www.peraavm.com\/index.php\/urun\/dijital-hassas-mutfak-tartisi-hassas-olcum-1-gram-10-kg-kapasiteli\/#primaryimage\"},\"image\":{\"@id\":\"https:\/\/www.peraavm.com\/index.php\/urun\/dijital-hassas-mutfak-tartisi-hassas-olcum-1-gram-10-kg-kapasiteli\/#primaryimage\"},\"thumbnailUrl\":\"https:\/\/www.peraavm.com\/wp-content\/uploads\/2021\/11\/232434234.jpg\",\"datePublished\":\"2021-11-24T11:48:23+00:00\",\"dateModified\":\"2026-01-17T12:07:46+00:00\",\"description\":\"Dijital Hassas Mutfak Tart\u0131s\u0131 Mutfak Terazisi 0,1 Gram Hassasiyet 10 K\u011f Kald\u0131rma Kapasiteli 10 k\u011f kald\u0131rma kapasiteli Mutfak Terazisi 2 Adet Kalem pil ile \u00e7al\u0131\u015fmaktad\u0131r \u00dcr\u00fcn \u00d6zellikleri: Y\u00fcksek hassasiyetler donat\u0131lm\u0131\u015f gerilim \u00f6l\u00e7er sens\u00f6r 10.000 Gram \u00d6l\u00e7\u00fcm Kapasitesi 0,6\\\" LCD Ekran Otomatik S\u0131f\u0131rlama Otomatik Anahtar Kapama D\u00fc\u015f\u00fck Pil G\u00f6stergesi A\u015f\u0131r\u0131 Y\u00fck G\u00f6stergesi Dara alma \u00f6zelli\u011fi ile \u00f6l\u00e7ek ya da kap a\u011f\u0131rl\u0131klar\u0131n\u0131 tart\u0131m sonucundan ay\u0131rma \u00dcr\u00fcn \u00d6l\u00e7\u00fcleri: Boy: 24cm En: 17 cm Y\u00fckseklik: 4cm Tart\u0131 Yar\u0131\u00e7ap\u0131: 7,2cm Orjinal \u00dcr\u00fcn olup ayn\u0131 g\u00fcn g\u00f6nderim imkan\u0131.\",\"breadcrumb\":{\"@id\":\"https:\/\/www.peraavm.com\/index.php\/urun\/dijital-hassas-mutfak-tartisi-hassas-olcum-1-gram-10-kg-kapasiteli\/#breadcrumb\"},\"inLanguage\":\"tr\",\"potentialAction\":[{\"@type\":\"ReadAction\",\"target\":[\"https:\/\/www.peraavm.com\/index.php\/urun\/dijital-hassas-mutfak-tartisi-hassas-olcum-1-gram-10-kg-kapasiteli\/\"]}]},{\"@type\":\"ImageObject\",\"inLanguage\":\"tr\",\"@id\":\"https:\/\/www.peraavm.com\/index.php\/urun\/dijital-hassas-mutfak-tartisi-hassas-olcum-1-gram-10-kg-kapasiteli\/#primaryimage\",\"url\":\"https:\/\/www.peraavm.com\/wp-content\/uploads\/2021\/11\/232434234.jpg\",\"contentUrl\":\"https:\/\/www.peraavm.com\/wp-content\/uploads\/2021\/11\/232434234.jpg\",\"width\":300,\"height\":300},{\"@type\":\"BreadcrumbList\",\"@id\":\"https:\/\/www.peraavm.com\/index.php\/urun\/dijital-hassas-mutfak-tartisi-hassas-olcum-1-gram-10-kg-kapasiteli\/#breadcrumb\",\"itemListElement\":[{\"@type\":\"ListItem\",\"position\":1,\"name\":\"Anasayfa\",\"item\":\"https:\/\/www.peraavm.com\/\"},{\"@type\":\"ListItem\",\"position\":2,\"name\":\"Magaza\",\"item\":\"https:\/\/www.peraavm.com\/index.php\/magaza\/\"},{\"@type\":\"ListItem\",\"position\":3,\"name\":\"Dijital Hassas Mutfak Tart\u0131s\u0131 Hassas \u00d6l\u00e7\u00fcm 1 Gram 10 Kg Kapasiteli\"}]},{\"@type\":\"WebSite\",\"@id\":\"https:\/\/www.peraavm.com\/#website\",\"url\":\"https:\/\/www.peraavm.com\/\",\"name\":\"Pratikmagazam.com\",\"description\":\"\",\"publisher\":{\"@id\":\"https:\/\/www.peraavm.com\/#organization\"},\"potentialAction\":[{\"@type\":\"SearchAction\",\"target\":{\"@type\":\"EntryPoint\",\"urlTemplate\":\"https:\/\/www.peraavm.com\/?s={search_term_string}\"},\"query-input\":{\"@type\":\"PropertyValueSpecification\",\"valueRequired\":true,\"valueName\":\"search_term_string\"}}],\"inLanguage\":\"tr\"},{\"@type\":\"Organization\",\"@id\":\"https:\/\/www.peraavm.com\/#organization\",\"name\":\"pratikmagazam.com\",\"url\":\"https:\/\/www.peraavm.com\/\",\"logo\":{\"@type\":\"ImageObject\",\"inLanguage\":\"tr\",\"@id\":\"https:\/\/www.peraavm.com\/#\/schema\/logo\/image\/\",\"url\":\"https:\/\/www.pratikmagazam.com\/wp-content\/uploads\/2021\/11\/Ekran-Resmi-2021-11-17-08.16.13.png\",\"contentUrl\":\"https:\/\/www.pratikmagazam.com\/wp-content\/uploads\/2021\/11\/Ekran-Resmi-2021-11-17-08.16.13.png\",\"width\":477,\"height\":135,\"caption\":\"pratikmagazam.com\"},\"image\":{\"@id\":\"https:\/\/www.peraavm.com\/#\/schema\/logo\/image\/\"},\"sameAs\":[\"https:\/\/instagram.com\/pratikmagazam?utm_medium=copy_link\"]}]}<\/script>\n<!-- \/ Yoast SEO plugin. -->","yoast_head_json":{"title":"Dijital Hassas Mutfak Tart\u0131s\u0131 Hassas \u00d6l\u00e7\u00fcm 1 Gram 10 Kg Kapasiteli |","description":"Dijital Hassas Mutfak Tart\u0131s\u0131 Mutfak Terazisi 0,1 Gram Hassasiyet 10 K\u011f Kald\u0131rma Kapasiteli 10 k\u011f kald\u0131rma kapasiteli Mutfak Terazisi 2 Adet Kalem pil ile \u00e7al\u0131\u015fmaktad\u0131r \u00dcr\u00fcn \u00d6zellikleri: Y\u00fcksek hassasiyetler donat\u0131lm\u0131\u015f gerilim \u00f6l\u00e7er sens\u00f6r 10.000 Gram \u00d6l\u00e7\u00fcm Kapasitesi 0,6\" LCD Ekran Otomatik S\u0131f\u0131rlama Otomatik Anahtar Kapama D\u00fc\u015f\u00fck Pil G\u00f6stergesi A\u015f\u0131r\u0131 Y\u00fck G\u00f6stergesi Dara alma \u00f6zelli\u011fi ile \u00f6l\u00e7ek ya da kap a\u011f\u0131rl\u0131klar\u0131n\u0131 tart\u0131m sonucundan ay\u0131rma \u00dcr\u00fcn \u00d6l\u00e7\u00fcleri: Boy: 24cm En: 17 cm Y\u00fckseklik: 4cm Tart\u0131 Yar\u0131\u00e7ap\u0131: 7,2cm Orjinal \u00dcr\u00fcn olup ayn\u0131 g\u00fcn g\u00f6nderim imkan\u0131.","robots":{"index":"index","follow":"follow","max-snippet":"max-snippet:-1","max-image-preview":"max-image-preview:large","max-video-preview":"max-video-preview:-1"},"canonical":"https:\/\/www.peraavm.com\/index.php\/urun\/dijital-hassas-mutfak-tartisi-hassas-olcum-1-gram-10-kg-kapasiteli\/","og_locale":"tr_TR","og_type":"article","og_title":"Dijital Hassas Mutfak Tart\u0131s\u0131 Hassas \u00d6l\u00e7\u00fcm 1 Gram 10 Kg Kapasiteli |","og_description":"Dijital Hassas Mutfak Tart\u0131s\u0131 Mutfak Terazisi 0,1 Gram Hassasiyet 10 K\u011f Kald\u0131rma Kapasiteli 10 k\u011f kald\u0131rma kapasiteli Mutfak Terazisi 2 Adet Kalem pil ile \u00e7al\u0131\u015fmaktad\u0131r \u00dcr\u00fcn \u00d6zellikleri: Y\u00fcksek hassasiyetler donat\u0131lm\u0131\u015f gerilim \u00f6l\u00e7er sens\u00f6r 10.000 Gram \u00d6l\u00e7\u00fcm Kapasitesi 0,6\" LCD Ekran Otomatik S\u0131f\u0131rlama Otomatik Anahtar Kapama D\u00fc\u015f\u00fck Pil G\u00f6stergesi A\u015f\u0131r\u0131 Y\u00fck G\u00f6stergesi Dara alma \u00f6zelli\u011fi ile \u00f6l\u00e7ek ya da kap a\u011f\u0131rl\u0131klar\u0131n\u0131 tart\u0131m sonucundan ay\u0131rma \u00dcr\u00fcn \u00d6l\u00e7\u00fcleri: Boy: 24cm En: 17 cm Y\u00fckseklik: 4cm Tart\u0131 Yar\u0131\u00e7ap\u0131: 7,2cm Orjinal \u00dcr\u00fcn olup ayn\u0131 g\u00fcn g\u00f6nderim imkan\u0131.","og_url":"https:\/\/www.peraavm.com\/index.php\/urun\/dijital-hassas-mutfak-tartisi-hassas-olcum-1-gram-10-kg-kapasiteli\/","article_modified_time":"2026-01-17T12:07:46+00:00","og_image":[{"width":300,"height":300,"url":"https:\/\/www.peraavm.com\/wp-content\/uploads\/2021\/11\/232434234.jpg","type":"image\/jpeg"}],"twitter_card":"summary_large_image","twitter_misc":{"Tahmini okuma s\u00fcresi":"1 dakika"},"schema":{"@context":"https:\/\/schema.org","@graph":[{"@type":"WebPage","@id":"https:\/\/www.peraavm.com\/index.php\/urun\/dijital-hassas-mutfak-tartisi-hassas-olcum-1-gram-10-kg-kapasiteli\/","url":"https:\/\/www.peraavm.com\/index.php\/urun\/dijital-hassas-mutfak-tartisi-hassas-olcum-1-gram-10-kg-kapasiteli\/","name":"Dijital Hassas Mutfak Tart\u0131s\u0131 Hassas \u00d6l\u00e7\u00fcm 1 Gram 10 Kg Kapasiteli |","isPartOf":{"@id":"https:\/\/www.peraavm.com\/#website"},"primaryImageOfPage":{"@id":"https:\/\/www.peraavm.com\/index.php\/urun\/dijital-hassas-mutfak-tartisi-hassas-olcum-1-gram-10-kg-kapasiteli\/#primaryimage"},"image":{"@id":"https:\/\/www.peraavm.com\/index.php\/urun\/dijital-hassas-mutfak-tartisi-hassas-olcum-1-gram-10-kg-kapasiteli\/#primaryimage"},"thumbnailUrl":"https:\/\/www.peraavm.com\/wp-content\/uploads\/2021\/11\/232434234.jpg","datePublished":"2021-11-24T11:48:23+00:00","dateModified":"2026-01-17T12:07:46+00:00","description":"Dijital Hassas Mutfak Tart\u0131s\u0131 Mutfak Terazisi 0,1 Gram Hassasiyet 10 K\u011f Kald\u0131rma Kapasiteli 10 k\u011f kald\u0131rma kapasiteli Mutfak Terazisi 2 Adet Kalem pil ile \u00e7al\u0131\u015fmaktad\u0131r \u00dcr\u00fcn \u00d6zellikleri: Y\u00fcksek hassasiyetler donat\u0131lm\u0131\u015f gerilim \u00f6l\u00e7er sens\u00f6r 10.000 Gram \u00d6l\u00e7\u00fcm Kapasitesi 0,6\" LCD Ekran Otomatik S\u0131f\u0131rlama Otomatik Anahtar Kapama D\u00fc\u015f\u00fck Pil G\u00f6stergesi A\u015f\u0131r\u0131 Y\u00fck G\u00f6stergesi Dara alma \u00f6zelli\u011fi ile \u00f6l\u00e7ek ya da kap a\u011f\u0131rl\u0131klar\u0131n\u0131 tart\u0131m sonucundan ay\u0131rma \u00dcr\u00fcn \u00d6l\u00e7\u00fcleri: Boy: 24cm En: 17 cm Y\u00fckseklik: 4cm Tart\u0131 Yar\u0131\u00e7ap\u0131: 7,2cm Orjinal \u00dcr\u00fcn olup ayn\u0131 g\u00fcn g\u00f6nderim imkan\u0131.","breadcrumb":{"@id":"https:\/\/www.peraavm.com\/index.php\/urun\/dijital-hassas-mutfak-tartisi-hassas-olcum-1-gram-10-kg-kapasiteli\/#breadcrumb"},"inLanguage":"tr","potentialAction":[{"@type":"ReadAction","target":["https:\/\/www.peraavm.com\/index.php\/urun\/dijital-hassas-mutfak-tartisi-hassas-olcum-1-gram-10-kg-kapasiteli\/"]}]},{"@type":"ImageObject","inLanguage":"tr","@id":"https:\/\/www.peraavm.com\/index.php\/urun\/dijital-hassas-mutfak-tartisi-hassas-olcum-1-gram-10-kg-kapasiteli\/#primaryimage","url":"https:\/\/www.peraavm.com\/wp-content\/uploads\/2021\/11\/232434234.jpg","contentUrl":"https:\/\/www.peraavm.com\/wp-content\/uploads\/2021\/11\/232434234.jpg","width":300,"height":300},{"@type":"BreadcrumbList","@id":"https:\/\/www.peraavm.com\/index.php\/urun\/dijital-hassas-mutfak-tartisi-hassas-olcum-1-gram-10-kg-kapasiteli\/#breadcrumb","itemListElement":[{"@type":"ListItem","position":1,"name":"Anasayfa","item":"https:\/\/www.peraavm.com\/"},{"@type":"ListItem","position":2,"name":"Magaza","item":"https:\/\/www.peraavm.com\/index.php\/magaza\/"},{"@type":"ListItem","position":3,"name":"Dijital Hassas Mutfak Tart\u0131s\u0131 Hassas \u00d6l\u00e7\u00fcm 1 Gram 10 Kg Kapasiteli"}]},{"@type":"WebSite","@id":"https:\/\/www.peraavm.com\/#website","url":"https:\/\/www.peraavm.com\/","name":"Pratikmagazam.com","description":"","publisher":{"@id":"https:\/\/www.peraavm.com\/#organization"},"potentialAction":[{"@type":"SearchAction","target":{"@type":"EntryPoint","urlTemplate":"https:\/\/www.peraavm.com\/?s={search_term_string}"},"query-input":{"@type":"PropertyValueSpecification","valueRequired":true,"valueName":"search_term_string"}}],"inLanguage":"tr"},{"@type":"Organization","@id":"https:\/\/www.peraavm.com\/#organization","name":"pratikmagazam.com","url":"https:\/\/www.peraavm.com\/","logo":{"@type":"ImageObject","inLanguage":"tr","@id":"https:\/\/www.peraavm.com\/#\/schema\/logo\/image\/","url":"https:\/\/www.pratikmagazam.com\/wp-content\/uploads\/2021\/11\/Ekran-Resmi-2021-11-17-08.16.13.png","contentUrl":"https:\/\/www.pratikmagazam.com\/wp-content\/uploads\/2021\/11\/Ekran-Resmi-2021-11-17-08.16.13.png","width":477,"height":135,"caption":"pratikmagazam.com"},"image":{"@id":"https:\/\/www.peraavm.com\/#\/schema\/logo\/image\/"},"sameAs":["https:\/\/instagram.com\/pratikmagazam?utm_medium=copy_link"]}]}},"_links":{"self":[{"href":"https:\/\/www.peraavm.com\/index.php\/wp-json\/wp\/v2\/product\/723","targetHints":{"allow":["GET"]}}],"collection":[{"href":"https:\/\/www.peraavm.com\/index.php\/wp-json\/wp\/v2\/product"}],"about":[{"href":"https:\/\/www.peraavm.com\/index.php\/wp-json\/wp\/v2\/types\/product"}],"replies":[{"embeddable":true,"href":"https:\/\/www.peraavm.com\/index.php\/wp-json\/wp\/v2\/comments?post=723"}],"wp:featuredmedia":[{"embeddable":true,"href":"https:\/\/www.peraavm.com\/index.php\/wp-json\/wp\/v2\/media\/724"}],"wp:attachment":[{"href":"https:\/\/www.peraavm.com\/index.php\/wp-json\/wp\/v2\/media?parent=723"}],"wp:term":[{"taxonomy":"product_brand","embeddable":true,"href":"https:\/\/www.peraavm.com\/index.php\/wp-json\/wp\/v2\/product_brand?post=723"},{"taxonomy":"product_cat","embeddable":true,"href":"https:\/\/www.peraavm.com\/index.php\/wp-json\/wp\/v2\/product_cat?post=723"},{"taxonomy":"product_tag","embeddable":true,"href":"https:\/\/www.peraavm.com\/index.php\/wp-json\/wp\/v2\/product_tag?post=723"}],"curies":[{"name":"wp","href":"https:\/\/api.w.org\/{rel}","templated":true}]}}